{"id":10365,"date":"2025-03-14T10:13:45","date_gmt":"2025-03-14T09:13:45","guid":{"rendered":"https:\/\/topol.org.pl\/?page_id=10365"},"modified":"2025-03-27T06:13:54","modified_gmt":"2025-03-27T05:13:54","slug":"king-of-avalon","status":"publish","type":"page","link":"https:\/\/topol.org.pl\/?page_id=10365","title":{"rendered":"King of Avalon"},"content":{"rendered":"\n<p>14.03.2025 10.15 <a href=\"https:\/\/www.google.com\/search?q=King+of+Avalon&amp;oq=King+of+Avalon&amp;gs_lcrp=EgZjaHJvbWUyBggAEEUYOTIGCAEQRRg9MgYIAhBFGD3SAQkyMTk1ajBqMTWoAgiwAgE&amp;sourceid=chrome&amp;ie=UTF-8\">King of Avalon<\/a><\/p>\n\n\n\n<p>Ciekawe jaka to gra. Nigdy nie gra\u0142em. Wysy\u0142am t\u0105 gr\u0119 do najlepszych tester\u00f3w.<\/p>\n\n\n\n<figure class=\"wp-block-image size-full\"><a href=\"https:\/\/topol.org.pl\/?page_id=10365\"><img loading=\"lazy\" decoding=\"async\" width=\"450\" height=\"450\" src=\"https:\/\/topol.org.pl\/wp-content\/uploads\/2025\/03\/King-of-Avalon-1.png\" alt=\"\" class=\"wp-image-10378\" srcset=\"https:\/\/topol.org.pl\/wp-content\/uploads\/2025\/03\/King-of-Avalon-1.png 450w, https:\/\/topol.org.pl\/wp-content\/uploads\/2025\/03\/King-of-Avalon-1-300x300.png 300w, https:\/\/topol.org.pl\/wp-content\/uploads\/2025\/03\/King-of-Avalon-1-150x150.png 150w\" sizes=\"auto, (max-width: 450px) 100vw, 450px\" \/><\/a><\/figure>\n\n\n\n<p>login: dariuszgoworek has\u0142o: tabaluga007<\/p>\n\n\n\n<p><a href=\"https:\/\/pl.wikipedia.org\/wiki\/Avalon_(mitologia)#Zobacz_te%C5%BC\">Avalon (mitologia)<\/a> \u0179r\u00f3d\u0142o: <a href=\"https:\/\/pl.wikipedia.org\/wiki\/Avalon_(mitologia)#Zobacz_te%C5%BC\">Wikipedia<\/a><\/p>\n\n\n\n<p><strong>Avalon<\/strong>\u00a0\u2013\u00a0<a href=\"https:\/\/pl.wikipedia.org\/wiki\/Celtowie\">celtycki<\/a>\u00a0<a href=\"https:\/\/pl.wikipedia.org\/wiki\/Eden_(raj)\">raj<\/a>\u00a0lub kraina zmar\u0142ych (wyspa na mitycznym Oceanie Zachodnim), zwana inaczej Ziemi\u0105 Kobiet, Wysp\u0105 Jab\u0142ek lub Wysp\u0105 Jab\u0142oni. Trwa tam nieustanna <a href=\"https:\/\/topol.org.pl\/?page_id=10544\">wiosna<\/a>, panuje nienaruszalny pok\u00f3j, choroby nie maj\u0105 dost\u0119pu do jej brzeg\u00f3w, a ziemia jest tak urodzajna, \u017ce szcz\u0119\u015bliwcy, kt\u00f3rzy dotarli do Avalonu, nie musz\u0105 troszczy\u0107 si\u0119 o jej uprawianie, gdy\u017c sama dostarcza wszystkich potrzebnych warzyw i owoc\u00f3w. Ci, kt\u00f3rzy zas\u0142u\u017cyli na po\u015bmiertny \u017cywot wieczny, przebywaj\u0105 tam, za\u017cywaj\u0105c rozkoszy sto\u0142u i \u0142o\u017ca.<\/p>\n\n\n\n<p><a href=\"https:\/\/www.google.com\/search?q=Avalon&amp;oq=A&amp;gs_lcrp=EgZjaHJvbWUqBggAEEUYOzIGCAAQRRg7MgYIARBFGDwyBggCEEUYOTIGCAMQRRg7MgYIBBBFGDsyBggFEEUYPDIGCAYQRRg8MgYIBxBFGD3SAQk0MTcwajBqMTWoAgiwAgE&amp;sourceid=chrome&amp;ie=UTF-8\">Avalon<\/a> \u0179r\u00f3d\u0142o: <a href=\"https:\/\/www.google.com\/search?q=Avalon&amp;oq=A&amp;gs_lcrp=EgZjaHJvbWUqBggAEEUYOzIGCAAQRRg7MgYIARBFGDwyBggCEEUYOTIGCAMQRRg7MgYIBBBFGDsyBggFEEUYPDIGCAYQRRg8MgYIBxBFGD3SAQk0MTcwajBqMTWoAgiwAgE&amp;sourceid=chrome&amp;ie=UTF-8\">Google<\/a><\/p>\n\n\n\n<p>Verte &gt;<a href=\"https:\/\/topol.org.pl\/?page_id=6187\">Fundacja Narodowe Si\u0142y Samoobrony \u201eGrot\u201d<\/a><\/p>\n\n\n\n<p><\/p>\n","protected":false},"excerpt":{"rendered":"<p>14.03.2025 10.15 King of Avalon Ciekawe jaka to gra. Nigdy nie gra\u0142em. Wysy\u0142am t\u0105 gr\u0119 do najlepszych tester\u00f3w. login: dariuszgoworek has\u0142o: tabaluga007 Avalon (mitologia) \u0179r\u00f3d\u0142o: Wikipedia Avalon\u00a0\u2013\u00a0celtycki\u00a0raj\u00a0lub kraina zmar\u0142ych (wyspa na mitycznym Oceanie Zachodnim), zwana inaczej Ziemi\u0105 Kobiet, Wysp\u0105 Jab\u0142ek lub Wysp\u0105 Jab\u0142oni. Trwa tam nieustanna wiosna, panuje nienaruszalny pok\u00f3j, choroby nie maj\u0105 dost\u0119pu do [&hellip;]<\/p>\n","protected":false},"author":1,"featured_media":0,"parent":0,"menu_order":278,"comment_status":"closed","ping_status":"closed","template":"","meta":{"footnotes":""},"class_list":["post-10365","page","type-page","status-publish","hentry"],"_links":{"self":[{"href":"https:\/\/topol.org.pl\/index.php?rest_route=\/wp\/v2\/pages\/10365","targetHints":{"allow":["GET"]}}],"collection":[{"href":"https:\/\/topol.org.pl\/index.php?rest_route=\/wp\/v2\/pages"}],"about":[{"href":"https:\/\/topol.org.pl\/index.php?rest_route=\/wp\/v2\/types\/page"}],"author":[{"embeddable":true,"href":"https:\/\/topol.org.pl\/index.php?rest_route=\/wp\/v2\/users\/1"}],"replies":[{"embeddable":true,"href":"https:\/\/topol.org.pl\/index.php?rest_route=%2Fwp%2Fv2%2Fcomments&post=10365"}],"version-history":[{"count":17,"href":"https:\/\/topol.org.pl\/index.php?rest_route=\/wp\/v2\/pages\/10365\/revisions"}],"predecessor-version":[{"id":10825,"href":"https:\/\/topol.org.pl\/index.php?rest_route=\/wp\/v2\/pages\/10365\/revisions\/10825"}],"wp:attachment":[{"href":"https:\/\/topol.org.pl\/index.php?rest_route=%2Fwp%2Fv2%2Fmedia&parent=10365"}],"curies":[{"name":"wp","href":"https:\/\/api.w.org\/{rel}","templated":true}]}}