{"id":104,"date":"2023-10-16T19:34:21","date_gmt":"2023-10-16T17:34:21","guid":{"rendered":"https:\/\/topol.org.pl\/?page_id=104"},"modified":"2025-02-22T19:22:48","modified_gmt":"2025-02-22T18:22:48","slug":"monarchia-konstytucyjna","status":"publish","type":"page","link":"https:\/\/topol.org.pl\/?page_id=104","title":{"rendered":"Monarchia konstytucyjna"},"content":{"rendered":"\n<p id=\"block-52f4c5fb-9d74-4600-b14d-216cafd9f224\">Monarchia konstytucyjna to ustr\u00f3j pa\u0144stwa, w kt\u00f3rym w\u0142adz\u0119 sprawuje monarcha ograniczony we w\u0142adzy ustawodawczej wymuszonej przez konstytucj\u0119 wsp\u00f3\u0142prac\u0105 z przedstawicielstwem narodu, a we w\u0142adzy wykonawczej ma dowolno\u015b\u0107 w wybieraniu ministr\u00f3w.<br>Od Boga pochodzi idea w\u0142adzy, natomiast konkretne pa\u0144stwa to dzie\u0142o ludzi<br>Teori\u0119 t\u0119 zmodyfikowa\u0142 \u015bw. Tomasz z Akwinu: w\u0142adza pochodzi od Boga, ale wyr\u00f3\u017cni\u0107 mo\u017cna rz\u0105dy dobre i z\u0142e. \u201eJe\u017celi rz\u0105dy nie prowadz\u0105 do dobra wsp\u00f3lnego, ale do prywatnego dobra rz\u0105dz\u0105cego lub partii stoj\u0105cej u w\u0142adzy, s\u0105 to rz\u0105dy niesprawiedliwe i przewrotne\u201d<br>Okoliczno\u015bci poprzedzaj\u0105ce jej wprowadzenie opisano w Ksi\u0119dze Rodzaju. Z kolei w Ksi\u0119dze Wyj\u015bcia znajduje si\u0119 taki opis:<br>Teraz pos\u0142uchaj rady, jak\u0105 ci daj\u0119, a B\u00f3g niechaj b\u0119dzie z tob\u0105: Sam b\u0105d\u017a przedstawicielem swego ludu przed Bogiem i przedstawiaj Bogu jego sprawy. Pouczaj lud dok\u0142adnie o przepisach i prawach, i pouczaj go o drodze, jak\u0105 winien chodzi\u0107, i o uczynkach, jakie winien spe\u0142nia\u0107. A wyszukaj sobie z ca\u0142ego ludu dzielnych, boj\u0105cych si\u0119 Boga i nieprzekupnych m\u0119\u017c\u00f3w, kt\u00f3rzy si\u0119 brzydz\u0105 niesprawiedliwym zyskiem, i ustan\u00f3w ich prze\u0142o\u017conymi ju\u017c to nad tysi\u0105cem, ju\u017c to nad setk\u0105, ju\u017c to nad pi\u0119\u0107dziesi\u0105tk\u0105 i nad dziesi\u0105tk\u0105, aby mogli s\u0105dzi\u0107 lud w ka\u017cdym czasie. Wa\u017cniejsze sprawy winni tobie przedk\u0142ada\u0107, sprawy jednak mniejszej wagi sami winni za\u0142atwia\u0107. Odci\u0105\u017cysz si\u0119 w ten spos\u00f3b, gdy\u017c z tob\u0105 ponios\u0105 ci\u0119\u017car. Je\u015bli tak uczynisz, a B\u00f3g ci\u0119 do tego sk\u0142oni, podo\u0142asz, a tak\u017ce lud ten zadowolony powr\u00f3ci do siebie.<br>Celem w\u0142adzy jest urzeczywistnienie uniwersalnych zasad &#8222;Do Tradycji Ko\u015bcio\u0142a nie chce si\u0119 ani niczego odejmowa\u0107, ani niczego dodawa\u0107&#8221;.<br>Religi\u0105 narodow\u0105 panuj\u0105c\u0105 jest i b\u0119dzie wiara \u015bwi\u0119ta rzymska katolicka ze wszystkiemi jej prawami. Przej\u015bcie od wiary panuj\u0105cej do jakiegokolwiek wyznania jest zabronione pod karami apostazji. \u017be za\u015b ta sama wiara \u015bwi\u0119ta przykazuje nam kocha\u0107 bli\u017anich naszych, przeto wszystkim ludziom, jakiegokolwiek b\u0105d\u017a wyznania, pok\u00f3j w wierze i opiek\u0119 rz\u0105dow\u0105 winni\u015bmy i dlatego wszelkich obrz\u0105dk\u00f3w i religii wolno\u015b\u0107 w krajach polskich, pod\u0142ug ustaw krajowych, warujemy. \u0179r\u00f3d\u0142o: <a href=\"http:\/\/libr.sejm.gov.pl\">Konstytucja 3 maja sejm.gov.pl<\/a> Ko\u015bci\u00f3\u0142 jak za Piusa X. W ko\u015bciele katolickim w Polsce kap\u0142ani sk\u0142adaj\u0105 przysi\u0119g\u0119 antymodernistyczn\u0105, Tekst Mszy \u015bw. na podstawie Msza\u0142u Rzymskiego. Wszystko po to, \u017ceby powstrzyma\u0107 chaos i zmiany w Ko\u015bciele, nowe idee i nowe pogl\u0105dy, uniatyzm. Chcieliby chrze\u015bcija\u0144stwa w kt\u00f3rym prawda jest wzgl\u0119dna, w kt\u00f3rym panuje relatywizm. Prawdziwo\u015b\u0107 dowolnego s\u0105du zale\u017cy od przyj\u0119tych za\u0142o\u017ce\u0144, pogl\u0105d\u00f3w czy podstaw kulturowych. Tak mo\u017cna sterowa\u0107 w marzeniach wirtualnych przez okulary. Ca\u0142kowicie zabra\u0107 autonomiczno\u015b\u0107 postrzeganym obiektom i ludziom. Nada\u0107 awatarom certyfikat to\u017csamo\u015bci. Ko\u015bci\u00f3\u0142 Rzymski si\u0119 zmienia.<br>Rz\u0105d, \u017ceby samodzielnie rz\u0105dzi\u0142 potrzebuje 231 mandat\u00f3w.<br>Za zmian\u0105 konstytucji, musi zag\u0142osowa\u0107 2\/3 pos\u0142\u00f3w w obecno\u015bci co najmniej po\u0142owy ustawowej liczby pos\u0142\u00f3w. Dux Poloniae wyznacza drog\u0119 w Konstytucji z 11.10.2023 roku i jest stra\u017cnikiem tradycyjnych warto\u015bci. Je\u015bli partia ma 307 mandat\u00f3w w Sejmie to samodzielnie mo\u017ce dokona\u0107 zmiany konstytucji niezale\u017cnie ilu pos\u0142\u00f3w znajduje si\u0119 na sali Sejmu S\u0142owia\u0144skiego. To nie jest teokracja, mam woln\u0105 wol\u0119 nie jestem nakr\u0119cony. <a href=\"https:\/\/dorzeczy.pl\/religia\/487911\/plomien-wolnosci-ze-swiatyni-opatrznosci-bozej-zjednoczy-wszystkich-polakow.html\">Iskra&gt; Robi\u0119 tak dla swojej rodziny, te\u017c to zr\u00f3bcie.<\/a><br>Moja Rzeczpospolita Polska W skr\u00f3cie: Topol<\/p>\n\n\n\n<p>Verte ><a href=\"https:\/\/topol.org.pl\/?page_id=6187\">Fundacja Narodowe Si\u0142y Samoobrony \u201eGrot\u201d<\/a><\/p>\n\n\n\n<p><\/p>\n","protected":false},"excerpt":{"rendered":"<p>Monarchia konstytucyjna to ustr\u00f3j pa\u0144stwa, w kt\u00f3rym w\u0142adz\u0119 sprawuje monarcha ograniczony we w\u0142adzy ustawodawczej wymuszonej przez konstytucj\u0119 wsp\u00f3\u0142prac\u0105 z przedstawicielstwem narodu, a we w\u0142adzy wykonawczej ma dowolno\u015b\u0107 w wybieraniu ministr\u00f3w.Od Boga pochodzi idea w\u0142adzy, natomiast konkretne pa\u0144stwa to dzie\u0142o ludziTeori\u0119 t\u0119 zmodyfikowa\u0142 \u015bw. Tomasz z Akwinu: w\u0142adza pochodzi od Boga, ale wyr\u00f3\u017cni\u0107 mo\u017cna rz\u0105dy dobre [&hellip;]<\/p>\n","protected":false},"author":1,"featured_media":0,"parent":0,"menu_order":4,"comment_status":"closed","ping_status":"closed","template":"","meta":{"footnotes":""},"class_list":["post-104","page","type-page","status-publish","hentry"],"_links":{"self":[{"href":"https:\/\/topol.org.pl\/index.php?rest_route=\/wp\/v2\/pages\/104","targetHints":{"allow":["GET"]}}],"collection":[{"href":"https:\/\/topol.org.pl\/index.php?rest_route=\/wp\/v2\/pages"}],"about":[{"href":"https:\/\/topol.org.pl\/index.php?rest_route=\/wp\/v2\/types\/page"}],"author":[{"embeddable":true,"href":"https:\/\/topol.org.pl\/index.php?rest_route=\/wp\/v2\/users\/1"}],"replies":[{"embeddable":true,"href":"https:\/\/topol.org.pl\/index.php?rest_route=%2Fwp%2Fv2%2Fcomments&post=104"}],"version-history":[{"count":7,"href":"https:\/\/topol.org.pl\/index.php?rest_route=\/wp\/v2\/pages\/104\/revisions"}],"predecessor-version":[{"id":6200,"href":"https:\/\/topol.org.pl\/index.php?rest_route=\/wp\/v2\/pages\/104\/revisions\/6200"}],"wp:attachment":[{"href":"https:\/\/topol.org.pl\/index.php?rest_route=%2Fwp%2Fv2%2Fmedia&parent=104"}],"curies":[{"name":"wp","href":"https:\/\/api.w.org\/{rel}","templated":true}]}}