{"id":10863,"date":"2025-03-28T17:07:49","date_gmt":"2025-03-28T16:07:49","guid":{"rendered":"https:\/\/topol.org.pl\/?page_id=10863"},"modified":"2025-05-17T14:55:45","modified_gmt":"2025-05-17T12:55:45","slug":"1000-lecie-krolestwa-polskiego","status":"publish","type":"page","link":"https:\/\/topol.org.pl\/?page_id=10863","title":{"rendered":"1000-LECIE KR\u00d3LESTWA POLSKIEGO. \ud83c\uddf5\ud83c\uddf1"},"content":{"rendered":"\n<p>25.03.2025 21.15&nbsp;<a href=\"https:\/\/www.rp.pl\/polityka\/art42005121-jaroslaw-kaczynski-wzywa-na-marsz-wszystkich-patriotow-jest-wiele-powodow-aby-zademonstrowac\">Jaros\u0142aw Kaczy\u0144ski wzywa na marsz \u201ewszystkich patriot\u00f3w\u201d<\/a><\/p>\n\n\n\n<p>\u201eStowarzyszenie Polskie Dziedzictwo i To\u017csamo\u015b\u0107 organizuje 12 kwietnia w Warszawie \u2013 jak wskazano \u2013 \u201ewielki marsz\u201d z okazji 1000-lecia Kr\u00f3lestwa Polskiego i 500-lecia ho\u0142du pruskiego. Wydarzenie promowane jest w mediach spo\u0142eczno\u015bciowych Jaros\u0142awa Kaczy\u0144skiego\u201d. \u0179r\u00f3d\u0142o: rp.pl<\/p>\n\n\n\n<p>&#8222;Marsz odb\u0119dzie si\u0119 w sobot\u0119 12 kwietnia o godz. 12 w Warszawie. Planowany start jest spod pomnika Kopernika na Krakowskim Przedmie\u015bciu&#8221;                                   \u0179r\u00f3d\u0142o: <a href=\"https:\/\/businessinsider.com.pl\/polityka\/marsz-przejdzie-przez-warszawe-jaroslaw-kaczynski-zaapelowal\/6sptbxx\">businessinsider.com.pl<\/a><\/p>\n\n\n\n<p>28.03.2025 17.06 <a href=\"https:\/\/www.youtube.com\/watch?v=Y03UAddaLfw\">KONFERENCJA DZIE\u0143 1 &#8211; KULTUROWE DZIEDZICTWO EUROPY W \u015aWIETLE 1000-LECIA KR\u00d3LESTWA POLSKIEGO<\/a> \u0179r\u00f3d\u0142o: <a href=\"https:\/\/www.youtube.com\/@PatrykJakiPL\">Patryk Jaki<\/a><\/p>\n\n\n\n<p>30.03.2025 16.20 <a href=\"https:\/\/www.youtube.com\/watch?v=wSXnwRDvlzs\">Interes Polski w 1000-lecie Kr\u00f3lestwa Polskiego: Budzisz, Warzecha, \u017burawski vel Grajewski i Kita<\/a> \u0179r\u00f3d\u0142o: <a href=\"https:\/\/www.youtube.com\/@PatrykJakiPL\">Patryk Jaki<\/a><\/p>\n\n\n\n<p><strong>Perspektywa pokonania Rosji jest niemo\u017cliwa, destabilizacja Rosji jest niekorzystna ze wzgl\u0119du na zaj\u0119cie jej przez Chiny. Jedynym rozwi\u0105zaniem jest zast\u0105pienie elit politycznych i wtedy mo\u017cliwo\u015b\u0107 negocjacji z Rosj\u0105, Bia\u0142orusi\u0105, Ukrain\u0105 i USA. Ukraina z uporem chce do\u0142\u0105czy\u0107 do Unii Europejskiej i NATO.<\/strong> <strong>Wtedy straci niepodleg\u0142o\u015b\u0107 i suwerenno\u015b\u0107 w Unii<strong> Europejskiej<\/strong>. Ta ich walka nie ma sensu.<\/strong> <strong>Wojsko ukrai\u0144skie samo sobie poradzi z obron\u0105. Ka\u017cda pomoc tak zwanych przyjaci\u00f3\u0142 przed\u0142u\u017ca konflikt. M\u00f3wienie o wiecznej wojnie i wpychanie Ukrainy do walki to zbrodnia na narodzie. Z Polskiego punktu nie powinni\u015bmy m\u00f3wi\u0107 o zdolno\u015bci do umierania.<\/strong> <strong>Europejskie elity s\u0105 zainteresowane \u017ceby\u015bmy si\u0119 nawzajem wyniszczyli.<\/strong> <strong>Trzymajmy si\u0119 od <a href=\"https:\/\/youtu.be\/_VbPXzeaqZI?t=960\">\u017bELAZNYCH EUROPEJCZYK\u00d3W<\/a> na dystans.<\/strong> <strong>Przecie\u017c to wszystko jest gr\u0105 mocarstw.<\/strong> <strong>By\u0107 mo\u017ce naszym kosztem.<\/strong><\/p>\n\n\n\n<p>30.03.2025 19.12 <a href=\"https:\/\/www.youtube.com\/watch?v=XkO1tlJ1IRY\">KONFERENCJA DZIE\u0143 2 &#8211; KULTUROWE DZIEDZICTWO EUROPY W \u015aWIETLE 1000-LECIA KR\u00d3LESTWA POLSKIEGO<\/a> \u0179r\u00f3d\u0142o: <a href=\"https:\/\/www.youtube.com\/@PatrykJakiPL\">Patryk Jaki<\/a><\/p>\n\n\n\n<p>31.03.2025 16.19 <a href=\"https:\/\/www.youtube.com\/watch?v=AdSoZ1vITLk\">CHROBRY MIA\u0141 KORON\u0118, A NIE INSTRUKCJE Z NIEMIEC. Prof. Roszkowski: Dlaczego rz\u0105d boi si\u0119 1000lecia?<\/a> \u0179r\u00f3d\u0142o: <a href=\"https:\/\/www.youtube.com\/@WydawnictwoBialyKruk\">Bia\u0142y Kruk<\/a><\/p>\n\n\n\n<p>31.03.2025 16.34 <a href=\"https:\/\/tantis.pl\/pierwsze-krolestwo-mocarstwo-boleslawa-chrobrego-p3598376\">Pierwsze kr\u00f3lestwo. Mocarstwo Boles\u0142awa Chrobrego<\/a>               \u0179r\u00f3d\u0142o: <a href=\"https:\/\/tantis.pl\/autor\/wojciech-polak-a1773253\">Wojciech Polak<\/a><\/p>\n\n\n\n<figure class=\"wp-block-image size-full\"><img loading=\"lazy\" decoding=\"async\" width=\"840\" height=\"753\" src=\"https:\/\/topol.org.pl\/wp-content\/uploads\/2025\/01\/image.png\" alt=\"\" class=\"wp-image-8388\" srcset=\"https:\/\/topol.org.pl\/wp-content\/uploads\/2025\/01\/image.png 840w, https:\/\/topol.org.pl\/wp-content\/uploads\/2025\/01\/image-300x269.png 300w, https:\/\/topol.org.pl\/wp-content\/uploads\/2025\/01\/image-768x688.png 768w\" sizes=\"auto, (max-width: 840px) 100vw, 840px\" \/><\/figure>\n\n\n\n<p><a href=\"https:\/\/topol.org.pl\/?page_id=9960\">Napisa\u0142em 28.03.2025 09.04&nbsp;komentarz do artyku\u0142u.<\/a><\/p>\n\n\n\n<p><a href=\"https:\/\/www.rp.pl\/dyplomacja\/art42022401-macron-i-starmer-przejmuja-sprawe-ukrainy-w-swoje-rece\">Macron i Starmer przejmuj\u0105 spraw\u0119 Ukrainy w swoje r\u0119ce<\/a>&nbsp;\u0179r\u00f3d\u0142o: rp.pl<\/p>\n\n\n\n<p><strong>Jestem przeciwny polityce przed\u0142u\u017cania wojny na Ukrainie i obecno\u015bci Anglii, Francji i Niemiec w czasie negocjacji. Mo\u017ce to doprowadzi\u0107 do rozszerzenia konfliktu przez niesolidnych sojusznik\u00f3w.<\/strong><\/p>\n\n\n\n<p>30.03.2025 09.22 \u201e<a href=\"https:\/\/www.rp.pl\/wojsko\/art42034951-musimy-miec-rozny-arsenal-do-dyspozycji-gen-waldemar-skrzypczak-wskazal-jakiej-broni-potrzebuje-wojsko\">Kilkana\u015bcie dni temu Polska, Litwa, \u0141otwa i Estonia wyda\u0142y wsp\u00f3lne o\u015bwiadczenie dotycz\u0105ce wycofania si\u0119 z konwencji ottawskiej<\/a>, w zwi\u0105zku z agresywn\u0105 polityk\u0105 Rosji. Przyj\u0119t\u0105 w 1997 roku konwencj\u0119 podpisa\u0142o ponad 160 pa\u0144stw, zobowi\u0105zuj\u0105c si\u0119 do zakazu u\u017cywania, produkcji, przechowywania i przekazywania min przeciwpiechotnych, a tak\u017ce do oczyszczenia teren\u00f3w zaminowanych i udzielania pomocy ofiarom min. W\u015br\u00f3d sygnatariuszy konwencji nie ma Rosji, Stan\u00f3w Zjednoczonych, Chin, Izraela, obu Korei czy Indii\u201d. \u0179r\u00f3d\u0142o: rp.pl<\/p>\n\n\n\n<p>M\u00f3wi\u0105 te\u017c o \u201em.in. miotaczach p\u0142omieni\u201d.<\/p>\n\n\n\n<p><strong><a href=\"https:\/\/topol.org.pl\/?page_id=47\">W dniu 11.12.2024 uzupe\u0142ni\u0142em Konstytucj\u0119 z 11.10.2023 r.<\/a><\/strong><\/p>\n\n\n\n<p>&amp; 14. Traktat ottawski. Moja doktryna.<\/p>\n\n\n\n<p><strong>Podpisuj\u0119 si\u0119 pod tym traktatem.<\/strong>&nbsp;<strong>Traktat ottawski.<\/strong>&nbsp;\u0179r\u00f3d\u0142o: Fragment<\/p>\n\n\n\n<p><strong>Jak mamy budowa\u0107 dobre relacje z s\u0105siadami, Kr\u00f3lewcem (Kaliningrad), Litw\u0105, \u0141otw\u0105, Estoni\u0105, Bia\u0142orusi\u0105, Ukrain\u0105 i&nbsp;<a href=\"https:\/\/topol.org.pl\/?page_id=4036\">S\u0142owia\u0144sk\u0105 Scyti\u0105 Kr\u00f3lewsk\u0105 zwan\u0105 \u201eRusi\u0105 Krymsk\u0105\u201d<\/a>&nbsp;jak zaminujemy teren mi\u0119dzy nami strasz\u0105c \u201emiotaczami p\u0142omieni\u201d<\/strong>&nbsp;<strong>?<\/strong><\/p>\n\n\n\n<p><strong>Mam odpowiedz. Nie pozwalajmy, \u017ceby Anglicy, Francuzi i Niemcy (<a href=\"https:\/\/youtu.be\/_VbPXzeaqZI?t=960\">\u017bELAZNI EUROPEJCZYCY<\/a>) niszczyli nasz\u0105 Konfederacj\u0119.<\/strong>&nbsp;<strong><a href=\"https:\/\/topol.org.pl\/?page_id=7594\">Kr\u00f3lestwo S\u0142owia\u0144skie \u201eWielka Lechia\u201d<\/a><\/strong><\/p>\n\n\n\n<p><strong>Przed\u0142u\u017cymy&nbsp;<a href=\"https:\/\/topol.org.pl\/?page_id=4287\">Nowy Jedwabny Szlak<\/a>&nbsp;z Irkucka do&nbsp;<a href=\"https:\/\/www.google.com\/search?q=Cie%C5%9Bniny+Beringa&amp;oq=Cie%C5%9Bniny+Beringa&amp;gs_lcrp=EgZjaHJvbWUyBggAEEUYOdIBCTIzODZqMGoxNagCCLACAQ&amp;sourceid=chrome&amp;ie=UTF-8\">Cie\u015bniny Beringa<\/a>. Tam utworzymy po\u0142\u0105czenie kontenerowe z Alask\u0105<\/strong>,&nbsp;<strong>Kanad\u0105 i USA.<\/strong><\/p>\n\n\n\n<p>30.03.2025 13.15 <strong>Chc\u0119 \u017ceby realizowa\u0107 <a href=\"https:\/\/topol.org.pl\/?page_id=47\">Konstytucj\u0119 z 11.10.2023 r<\/a>. Oczekuj\u0119 poparcia.<\/strong> <strong>Nie jestem zwolennikiem \u017cadnej partii politycznej i nie popieram, \u017cadnego programu.<\/strong> <strong>Popieram tylko <a href=\"https:\/\/topol.org.pl\/?page_id=47\">Konstytucj\u0119 z 11.10.2023 r<\/a>. Odrzucam mow\u0119 nienawi\u015bci <\/strong><a href=\"https:\/\/youtu.be\/_VbPXzeaqZI?t=960\">\u017bELAZNYCH EUROPEJCZYK\u00d3W<\/a>.<\/p>\n\n\n\n<p>Verte &gt;<a href=\"https:\/\/topol.org.pl\/?page_id=6187\">Fundacja Narodowe Si\u0142y Samoobrony \u201eGrot\u201d<\/a><\/p>\n\n\n\n<p><\/p>\n","protected":false},"excerpt":{"rendered":"<p>25.03.2025 21.15&nbsp;Jaros\u0142aw Kaczy\u0144ski wzywa na marsz \u201ewszystkich patriot\u00f3w\u201d \u201eStowarzyszenie Polskie Dziedzictwo i To\u017csamo\u015b\u0107 organizuje 12 kwietnia w Warszawie \u2013 jak wskazano \u2013 \u201ewielki marsz\u201d z okazji 1000-lecia Kr\u00f3lestwa Polskiego i 500-lecia ho\u0142du pruskiego. Wydarzenie promowane jest w mediach spo\u0142eczno\u015bciowych Jaros\u0142awa Kaczy\u0144skiego\u201d. \u0179r\u00f3d\u0142o: rp.pl &#8222;Marsz odb\u0119dzie si\u0119 w sobot\u0119 12 kwietnia o godz. 12 w Warszawie. [&hellip;]<\/p>\n","protected":false},"author":1,"featured_media":0,"parent":0,"menu_order":280,"comment_status":"closed","ping_status":"closed","template":"","meta":{"footnotes":""},"class_list":["post-10863","page","type-page","status-publish","hentry"],"_links":{"self":[{"href":"https:\/\/topol.org.pl\/index.php?rest_route=\/wp\/v2\/pages\/10863","targetHints":{"allow":["GET"]}}],"collection":[{"href":"https:\/\/topol.org.pl\/index.php?rest_route=\/wp\/v2\/pages"}],"about":[{"href":"https:\/\/topol.org.pl\/index.php?rest_route=\/wp\/v2\/types\/page"}],"author":[{"embeddable":true,"href":"https:\/\/topol.org.pl\/index.php?rest_route=\/wp\/v2\/users\/1"}],"replies":[{"embeddable":true,"href":"https:\/\/topol.org.pl\/index.php?rest_route=%2Fwp%2Fv2%2Fcomments&post=10863"}],"version-history":[{"count":33,"href":"https:\/\/topol.org.pl\/index.php?rest_route=\/wp\/v2\/pages\/10863\/revisions"}],"predecessor-version":[{"id":12241,"href":"https:\/\/topol.org.pl\/index.php?rest_route=\/wp\/v2\/pages\/10863\/revisions\/12241"}],"wp:attachment":[{"href":"https:\/\/topol.org.pl\/index.php?rest_route=%2Fwp%2Fv2%2Fmedia&parent=10863"}],"curies":[{"name":"wp","href":"https:\/\/api.w.org\/{rel}","templated":true}]}}