{"id":10948,"date":"2025-03-31T17:17:45","date_gmt":"2025-03-31T15:17:45","guid":{"rendered":"https:\/\/topol.org.pl\/?page_id=10948"},"modified":"2025-07-02T06:54:29","modified_gmt":"2025-07-02T04:54:29","slug":"500-lecie-holdu-pruskiego-przypadalo-10-kwietnia-2025-roku","status":"publish","type":"page","link":"https:\/\/topol.org.pl\/?page_id=10948","title":{"rendered":"500-lecie Ho\u0142du pruskiego przypad\u0142o\u00a010 kwietnia 2025 roku. Ho\u0142d pruski by\u0142 konsekwencj\u0105 fa\u0142szerstwa dokumentu, aczkolwiek wydanego w 1235, antydatowanego za zgod\u0105 cesarza na rok 1226, st\u0105d wzi\u0119\u0142a si\u0119 przyj\u0119ta w podr\u0119cznikach do historii b\u0142\u0119dna data przybycia Krzy\u017cak\u00f3w do Polski"},"content":{"rendered":"\n<p>31.03.2025 17.12 <strong><a href=\"https:\/\/pl.wikipedia.org\/wiki\/Konrad_I_mazowiecki\">Koncepcja pomocy ze strony zakonu rycerskiego Krzy\u017cak\u00f3w<\/a>.<\/strong><\/p>\n\n\n\n<p>Wobec kl\u0119ski plan\u00f3w bezpo\u015bredniej konfrontacji z poganami tylko przy u\u017cyciu si\u0142 i \u015brodk\u00f3w w\u0142asnych \u2013 w\u015br\u00f3d Piast\u00f3w powsta\u0142a koncepcja sprowadzenia na ziemi\u0119 che\u0142mi\u0144sk\u0105 zakonu rycerskiego, maj\u0105cego zaj\u0105\u0107 si\u0119 wy\u0142\u0105cznie walk\u0105 z niewiernymi. Wyb\u00f3r pad\u0142 w\u00f3wczas na usuni\u0119tych dopiero co z W\u0119gier (gdzie usi\u0142owali oni utworzy\u0107 niezale\u017cne pa\u0144stwo) i szukaj\u0105cych w\u0142asnej siedziby&nbsp;<a href=\"https:\/\/pl.wikipedia.org\/wiki\/Zakon_krzy%C5%BCacki\">Krzy\u017cak\u00f3w<\/a>. Z zakonem pierwszy kontakt nawi\u0105za\u0142 Henryk Brodaty, kt\u00f3ry jeszcze w 1222 nada\u0142 Krzy\u017cakom wie\u015b na&nbsp;<a href=\"https:\/\/pl.wikipedia.org\/wiki\/%C5%9Al%C4%85sk\">\u015al\u0105sku<\/a>. Ksi\u0105\u017c\u0119 \u015bl\u0105ski, zapewne nie bacz\u0105c na gro\u017c\u0105ce Polsce niebezpiecze\u0144stwo powt\u00f3rzenia schematu w\u0119gierskiego, poleci\u0142 Konradowi Krzy\u017cak\u00f3w, jako najbardziej odpowiednich kandydat\u00f3w do osadzenia na pograniczu mazowiecko-pruskim.<\/p>\n\n\n\n<p>Do pierwszych powa\u017cniejszych rozm\u00f3w przedstawicieli Konrada z Krzy\u017cakami dosz\u0142o na prze\u0142omie 1225 i 1226, jednak dopiero dwa lata p\u00f3\u017aniej na Mazowszu pojawi\u0142o si\u0119 pierwszych trzech rycerzy, to znaczy&nbsp;<a href=\"https:\/\/pl.wikipedia.org\/wiki\/Filip_von_Halle\">Filip von Halle<\/a>,&nbsp;<a href=\"https:\/\/pl.wikipedia.org\/wiki\/Henryk_B%C3%B6hme\">Henryk B\u00f6hme<\/a>&nbsp;oraz nieb\u0119d\u0105cy cz\u0142onkiem zakonu Konrad. Na czele poselstwa sta\u0142 Filip von Halle. W tym samym czasie (w 1228) dosz\u0142o zapewne do formalnego przekazania ziemi che\u0142mi\u0144skiej zakonowi. <mark style=\"background-color:rgba(0, 0, 0, 0)\" class=\"has-inline-color has-secondary-color\"><strong>Pomimo tego Konrad zachowa\u0142 ca\u0142o\u015b\u0107 swoich prerogatyw ksi\u0105\u017c\u0119cych<\/strong>.<\/mark><\/p>\n\n\n\n<p>W 1230 na Mazowsze przybyli dalsi rycerze zakonu z&nbsp;<a href=\"https:\/\/pl.wikipedia.org\/wiki\/Hermann_von_Balk\">Hermanem von Balkiem<\/a>&nbsp;na czele. Dosy\u0107 szybko wsp\u00f3\u0142praca mi\u0119dzy ksi\u0119ciem mazowieckim a Krzy\u017cakami zacz\u0119\u0142a uk\u0142ada\u0107 si\u0119 niepomy\u015blnie. W 1234 dosz\u0142o nawet do napadu na&nbsp;<a href=\"https:\/\/pl.wikipedia.org\/wiki\/P%C5%82ock\">P\u0142ock<\/a>, stolic\u0119 ksi\u0119stwa mazowieckiego, i spalenia tamtejszej katedry przez zaproszonego z woli rycerzy zakonnych margrabiego&nbsp;<a href=\"https:\/\/pl.wikipedia.org\/wiki\/Marchia_Mi%C5%9Bnie%C5%84ska\">Mi\u015bni<\/a>, Henryka. W tym samym czasie zakon wystara\u0142 si\u0119 u&nbsp;<a href=\"https:\/\/pl.wikipedia.org\/wiki\/Grzegorz_IX\">papie\u017ca Grzegorza IX<\/a>&nbsp;o bull\u0119 protekcyjn\u0105, w kt\u00f3rej legitymizowano sfa\u0142szowany wcze\u015bniej dokument Konrada, nadaj\u0105cy ziemi\u0119 che\u0142mi\u0144sk\u0105 oraz inne zdobycze w Prusach w wieczyste posiadanie Krzy\u017cak\u00f3w. Kolejnym niepokoj\u0105cym faktem by\u0142o po\u0142\u0105czenie w 1235 zakonu&nbsp;<a href=\"https:\/\/pl.wikipedia.org\/wiki\/Bracia_dobrzy%C5%84scy\">braci dobrzy\u0144skich<\/a>&nbsp;(kt\u00f3rym w 1228 Konrad nada\u0142&nbsp;<a href=\"https:\/\/pl.wikipedia.org\/wiki\/Ziemia_dobrzy%C5%84ska\">ziemi\u0119 dobrzy\u0144sk\u0105<\/a>) i Krzy\u017cak\u00f3w.<\/p>\n\n\n\n<p>Coraz bardziej by\u0142o widoczne, \u017ce jak wcze\u015bniej na W\u0119grzech, tak obecnie w Prusach zakon planuje zbudowanie silnego, niezale\u017cnego od Konrada pa\u0144stwa. Tym razem jednak Krzy\u017cacy byli m\u0105drzejsi o wcze\u015bniejsze wydarzenia i zwr\u00f3cili si\u0119 o pomoc do cesarza i papie\u017ca. Od&nbsp;<a href=\"https:\/\/pl.wikipedia.org\/wiki\/Fryderyk_II_Hohenstauf\">Fryderyka II<\/a>&nbsp;uda\u0142o si\u0119 uzyska\u0107 w\u00f3wczas tak zwan\u0105&nbsp;<a href=\"https:\/\/pl.wikipedia.org\/wiki\/Z%C5%82ota_bulla_z_Rimini\">z\u0142ot\u0105 bull\u0119, kt\u00f3ra potwierdza\u0142a przyznanie Krzy\u017cakom ziemi che\u0142mi\u0144skiej<\/a>. Nie nadawa\u0142a jej jednak jako lenna Konrada mazowieckiego, lecz czyni\u0142a z rycerzy suwerennych w\u0142a\u015bcicieli dzielnicy (<mark style=\"background-color:rgba(0, 0, 0, 0)\" class=\"has-inline-color has-secondary-color\"><strong>dokument ten, aczkolwiek wydany w 1235, antydatowano za zgod\u0105 cesarza na rok 1226, st\u0105d wzi\u0119\u0142a si\u0119 przyj\u0119ta w podr\u0119cznikach do historii b\u0142\u0119dna data przybycia Krzy\u017cak\u00f3w do Polski<\/strong><\/mark>). W 1235 dodatkowo zakon na podstawie tej bulli uzyska\u0142 wyrok s\u0105du kierowanego przez legata papieskiego,&nbsp;<a href=\"https:\/\/pl.wikipedia.org\/wiki\/Wilhelm_z_Modeny\">Wilhelma z Modeny<\/a>, na mocy kt\u00f3rego papie\u017c uznawa\u0142 pe\u0142ni\u0119 w\u0142adzy wielkiego mistrza zakonu \u2013&nbsp;<a href=\"https:\/\/pl.wikipedia.org\/wiki\/Hermann_von_Salza\">Hermana von Salzy<\/a>&nbsp;\u2013 w ziemi che\u0142mi\u0144skiej i zdobyczach pruskich, w zamian za co Krzy\u017cacy musieli odda\u0107 Konradowi ziemi\u0119 dobrzy\u0144sk\u0105, uzyskan\u0105 po po\u0142\u0105czeniu z zakonem braci dobrzy\u0144skich. \u0179r\u00f3d\u0142o: <a href=\"https:\/\/pl.wikipedia.org\/wiki\/Konrad_I_mazowiecki\">Wikipedia<\/a><\/p>\n\n\n\n<p><strong>500-lecie Ho\u0142du pruskiego przypada\u0142o&nbsp;<mark>10 kwietnia 2025 roku<\/mark>.&nbsp;<\/strong><\/p>\n\n\n\n<p>Ho\u0142d pruski to uroczysta ceremonia, kt\u00f3ra odby\u0142a si\u0119 w 1525 roku na rynku krakowskim.&nbsp;<strong><a href=\"https:\/\/pl.wikipedia.org\/wiki\/Albrecht_Hohenzollern_(1490%E2%80%931568)\">Albrecht Hohenzollern<\/a>, ostatni mistrz zakonu krzy\u017cackiego<\/strong>, z\u0142o\u017cy\u0142 kr\u00f3lowi Zygmuntowi I Staremu ho\u0142d lenny.&nbsp;\u0179r\u00f3d\u0142o: <a href=\"https:\/\/www.google.com\/search?q=500+lecie+ho%C5%82du+pruskiego&amp;oq=500+lecie+ho%C5%82du+pruskiego&amp;gs_lcrp=EgZjaHJvbWUyBggAEEUYOdIBCjE1NTY5ajBqMTWoAgiwAgE&amp;sourceid=chrome&amp;ie=UTF-8\">Google<\/a><\/p>\n\n\n\n<p>Pochodzenie <a href=\"https:\/\/pl.wikipedia.org\/wiki\/Fryderyk_Starszy_Hohenzollern\">Albrechta Hohenzollerna<\/a><\/p>\n\n\n\n<p>Albrecht urodzi\u0142 si\u0119 17 maja 1490 w&nbsp;<a href=\"https:\/\/pl.wikipedia.org\/wiki\/Ansbach\">Ansbach<\/a>&nbsp;na terenie&nbsp;<a href=\"https:\/\/pl.wikipedia.org\/wiki\/Frankonia\">Frankonii<\/a>. By\u0142 synem&nbsp;<a href=\"https:\/\/pl.wikipedia.org\/wiki\/Fryderyk_Starszy_Hohenzollern\">Fryderyka Hohenzollerna<\/a>&nbsp;i&nbsp;<a href=\"https:\/\/pl.wikipedia.org\/wiki\/Zofia_Jagiellonka_(1464%E2%80%931512)\">Zofii Jagiellonki<\/a>&nbsp;\u2013 c\u00f3rki&nbsp;<a href=\"https:\/\/pl.wikipedia.org\/wiki\/Kazimierz_IV_Jagiello%C5%84czyk\">Kazimierza Jagiello\u0144czyka<\/a>&nbsp;i siostry&nbsp;<a href=\"https:\/\/pl.wikipedia.org\/wiki\/Zygmunt_I_Stary\">Zygmunta Starego<\/a>. Od pocz\u0105tku przeznaczony by\u0142 do s\u0142u\u017cby duchownej. \u0179r\u00f3d\u0142o: <a href=\"https:\/\/pl.wikipedia.org\/wiki\/Albrecht_Hohenzollern_(1490%E2%80%931568)\">Wikipedia<\/a><\/p>\n\n\n\n<p>08.04.2025 20.33 &#8222;<a href=\"https:\/\/dorzeczy.pl\/opinie\/712017\/powstalo-muzeum-prus-gornych-radny-pis-prezent-dla-niemcow.html\">Powsta\u0142o Muzeum Prus G\u00f3rnych. Radny PiS: Prezent dla&nbsp;Niemc\u00f3w<\/a>&#8221; \u0179r\u00f3d\u0142o: DoRzeczy.pl<\/p>\n\n\n\n<p><strong>Trzeba zbada\u0107 obce wp\u0142ywy, zapobiec demonta\u017cowi pa\u0144stwa. Zg\u0142aszam sw\u00f3j protest i wnosz\u0119 o interwencj\u0119.<\/strong> <strong>Powinny si\u0119 tym zainteresowa\u0107 instytucje pa\u0144stwowe.<\/strong> <strong>Kto zrobi\u0142 projekt, kto zatwierdzi\u0142<\/strong> i <strong>sfinansowa\u0142<\/strong>. <\/p>\n\n\n\n<p>09.04.2025 07.53 <strong><a href=\"https:\/\/www.google.com\/search?q=narodzie+Pruskim&amp;oq=narodzie+Pruskim&amp;gs_lcrp=EgZjaHJvbWUyBggAEEUYOdIBCTIxMzFqMGoxNagCCLACAQ&amp;sourceid=chrome&amp;ie=UTF-8\">Niemcy z nazw\u0105 Prusy nie maj\u0105 nic wsp\u00f3lnego. Przej\u0119li nazw\u0119 po narodzie Pruskim zamieszkuj\u0105cym te tereny.<\/a><\/strong><\/p>\n\n\n\n<p>Jakiego pochodzenia byli Prusowie?<\/p>\n\n\n\n<figure class=\"wp-block-image\"><img decoding=\"async\" src=\"https:\/\/encrypted-tbn0.gstatic.com\/images?q=tbn:ANd9GcTXRjVzQCdMGqB_GC6bmnuAJv7v7AuaPvwhYlG-qmabjA&amp;s\" alt=\"Prusowie - Dzieje, podb\u00f3j i eksterminacja Ba\u0142tyjskiego ludu\"\/><\/figure>\n\n\n\n<p>Przybyli oko\u0142o IV wieku pne w czasach Aleksandra Wielkiego.&nbsp;<strong>Lud indoeuropejski o Celtyckich korzeniach<\/strong>&nbsp;przyw\u0119drowa\u0142 z nad morza Czarnego z Azji Mniejszej. Wraz z nimi przyby\u0142a bardzo bogata kultura znana tam od stuleci a kt\u00f3rej o\u015brodkiem, centrum sta\u0142 si\u0119 na Prusach port Truso. \u0179r\u00f3d\u0142o: Wikipedia<\/p>\n\n\n\n<p>10.04.2025 14.45 &#8222;<a href=\"https:\/\/historia.rp.pl\/historia-polski\/art42099061-600-lat-temu-polski-krol-przyjal-hold-pruski-potem-przyszla-zdrada\">500 lat temu polski kr\u00f3l przyj\u0105\u0142 ho\u0142d pruski. Potem przysz\u0142a zdrada<\/a>&#8221; \u0179r\u00f3d\u0142o: rp.pl<\/p>\n\n\n\n<p>Granice po drugiej wojnie \u015bwiatowej czyli Moja Rzeczpospolita Polska od Odry do Bugu. Tak\u0105 Polsk\u0119 mam w pami\u0119ci. W ramach reparacji za rozbi\u00f3r Polski w 1772, 1793, 1795, Rugi pruskie, straty w ludziach i maj\u0105tku w czasie 1 wojny \u015bwiatowej i 2 wojny \u015bwiatowej, teren do \u0141aby i So\u0142awy ziemie mi\u0119dzy Morzem Ba\u0142tyckim, \u0141ab\u0105, Hawel\u0105 i Odr\u0105 nale\u017c\u0105 do Polski oddali\u015bmy go Niemcom w lenno. Kr\u00f3lewiec zwany Kaliningradem oddali\u015bmy w lenno Rosji. To proste, mo\u017cecie zleci\u0107 wydrukowanie nowych map. To wystarczy. Wszelkie wyliczenia i wydrukowane biliony nie zwr\u00f3c\u0105 nam poniesionych strat, a na pewno przysporz\u0105 nam wrog\u00f3w. Wydrukowane mapy b\u0119d\u0105 przypomina\u0142y o zbrodniach na narodzie Polski. To ukr\u00f3ci fa\u0142szowanie historii. W przeciwnym razie. B\u0119d\u0105 kolejne roszczenia tych co chc\u0105 granic z przed drugiej wojny \u015bwiatowej. Zabraniam o tym m\u00f3wi\u0107. Chcemy \u017cy\u0107 w pokoju.&nbsp; \u0179r\u00f3d\u0142o: <a href=\"https:\/\/topol.org.pl\/?page_id=47\">Fragment<\/a><\/p>\n\n\n\n<p>10.04.2025 14.57 <a href=\"https:\/\/www.youtube.com\/watch?v=rC_l5_hZZAk\">Czy Marcin Luter by\u0142 duchowym ojcem III Rzeszy? | prof. Adam Wielomski<\/a> \u0179r\u00f3d\u0142o: <a href=\"https:\/\/www.youtube.com\/redirect?event=channel_header&amp;redir_token=QUFFLUhqbnJtY2tVaW5TU09BNjBXdHRtSzhnc29SdDZWQXxBQ3Jtc0tuQ1l0czJBTHFTR1hmQUU5cFdHblhfYVZmR3VubHotY2xkcUJYaGtsTkNOQjBpYjFDR1BVVi1NQXc1dHVIUTlEQWtIMnE0VFVLeXJmeElWRGliQTZYQnZ1dzlUbTV1a0c4eTlOOERPTVpFS3RIQjhTWQ&amp;q=andegavenum.pl\" target=\"_blank\" rel=\"noreferrer noopener\">andegavenum.pl<\/a>\/@Andegavenum\/YouTube<\/p>\n\n\n\n<p>18.04.2025 09.39&nbsp;<a href=\"https:\/\/www.youtube.com\/watch?v=8PcMEhv7fJ0\">Grzegorz Kucharczyk \u2013 Stosunki polsko-pruskie\/niemieckie na przestrzeni ostatniego pi\u0119\u0107setlecia<\/a>. \u0179r\u00f3d\u0142o: Ma\u0142opolskie Centrum Doskonalenia Nauczycieli<\/p>\n\n\n\n<p>\u201eNie jest dobrze okazywa\u0107 nadmierne mi\u0142osierdzie wrogom\u201d \u0179r\u00f3d\u0142o:&nbsp;<a href=\"https:\/\/pl.wikipedia.org\/wiki\/Jan_Dantyszek\">Jan Dantyszek<\/a><\/p>\n\n\n\n<p><a href=\"https:\/\/youtu.be\/8PcMEhv7fJ0?t=525\">Ci\u0105g b\u0142\u0119dnych decyzji<\/a>&nbsp;\u2013 propozycja\u2026&nbsp;<a href=\"https:\/\/pl.wikipedia.org\/wiki\/Jan_%C5%81aski_(prymas)\">Jan \u0141aski (prymas)<\/a><\/p>\n\n\n\n<p>Verte &gt;<a href=\"https:\/\/topol.org.pl\/?page_id=6187\">Fundacja Narodowe Si\u0142y Samoobrony \u201eGrot\u201d<\/a><\/p>\n\n\n\n<p><\/p>\n","protected":false},"excerpt":{"rendered":"<p>31.03.2025 17.12 Koncepcja pomocy ze strony zakonu rycerskiego Krzy\u017cak\u00f3w. Wobec kl\u0119ski plan\u00f3w bezpo\u015bredniej konfrontacji z poganami tylko przy u\u017cyciu si\u0142 i \u015brodk\u00f3w w\u0142asnych \u2013 w\u015br\u00f3d Piast\u00f3w powsta\u0142a koncepcja sprowadzenia na ziemi\u0119 che\u0142mi\u0144sk\u0105 zakonu rycerskiego, maj\u0105cego zaj\u0105\u0107 si\u0119 wy\u0142\u0105cznie walk\u0105 z niewiernymi. Wyb\u00f3r pad\u0142 w\u00f3wczas na usuni\u0119tych dopiero co z W\u0119gier (gdzie usi\u0142owali oni utworzy\u0107 niezale\u017cne [&hellip;]<\/p>\n","protected":false},"author":1,"featured_media":0,"parent":10863,"menu_order":0,"comment_status":"closed","ping_status":"closed","template":"","meta":{"footnotes":""},"class_list":["post-10948","page","type-page","status-publish","hentry"],"_links":{"self":[{"href":"https:\/\/topol.org.pl\/index.php?rest_route=\/wp\/v2\/pages\/10948","targetHints":{"allow":["GET"]}}],"collection":[{"href":"https:\/\/topol.org.pl\/index.php?rest_route=\/wp\/v2\/pages"}],"about":[{"href":"https:\/\/topol.org.pl\/index.php?rest_route=\/wp\/v2\/types\/page"}],"author":[{"embeddable":true,"href":"https:\/\/topol.org.pl\/index.php?rest_route=\/wp\/v2\/users\/1"}],"replies":[{"embeddable":true,"href":"https:\/\/topol.org.pl\/index.php?rest_route=%2Fwp%2Fv2%2Fcomments&post=10948"}],"version-history":[{"count":27,"href":"https:\/\/topol.org.pl\/index.php?rest_route=\/wp\/v2\/pages\/10948\/revisions"}],"predecessor-version":[{"id":11600,"href":"https:\/\/topol.org.pl\/index.php?rest_route=\/wp\/v2\/pages\/10948\/revisions\/11600"}],"up":[{"embeddable":true,"href":"https:\/\/topol.org.pl\/index.php?rest_route=\/wp\/v2\/pages\/10863"}],"wp:attachment":[{"href":"https:\/\/topol.org.pl\/index.php?rest_route=%2Fwp%2Fv2%2Fmedia&parent=10948"}],"curies":[{"name":"wp","href":"https:\/\/api.w.org\/{rel}","templated":true}]}}