{"id":10982,"date":"2025-04-01T21:26:21","date_gmt":"2025-04-01T19:26:21","guid":{"rendered":"https:\/\/topol.org.pl\/?page_id=10982"},"modified":"2025-05-20T21:16:51","modified_gmt":"2025-05-20T19:16:51","slug":"jesli-beda-przedstawiane-najnowsze-sondaze-bez-rzetelnych-danych-to-wybory-zostana-uniewaznione-przez-niezawisly-sad-nalezy-zakazac-sondazy-poniewaz-wplywaja-na-wyborcow-wybory-sa-zmanipu","status":"publish","type":"page","link":"https:\/\/topol.org.pl\/?page_id=10982","title":{"rendered":"Je\u015bli b\u0119d\u0105 przedstawiane najnowsze sonda\u017ce, bez rzetelnych danych to wybory zostan\u0105 uniewa\u017cnione przez\u00a0niezawis\u0142y s\u0105d. Nale\u017cy zakaza\u0107 sonda\u017cy poniewa\u017c wp\u0142ywaj\u0105 na wyborc\u00f3w.\u00a0Wybory s\u0105 zmanipulowane przez przekaz mainstreamowy. Prekampania\u00a0jest chyba nielegalna. 2025 r. \ud83c\uddf5\ud83c\uddf1"},"content":{"rendered":"\n<p><\/p>\n\n\n\n<p><\/p>\n\n\n\n<p>01.04.2025 20.50 &amp; 31 Wybory powszechne. Sonda\u017ce.<\/p>\n\n\n\n<p class=\"has-primary-background-color has-background\"><strong>Je\u015bli b\u0119d\u0105 przedstawiane najnowsze sonda\u017ce, bez rzetelnych danych to wybory zostan\u0105 uniewa\u017cnione przez&nbsp;<a href=\"https:\/\/www.google.com\/search?q=Niezawis%C5%82y+S%C4%85d&amp;oq=Niezawis%C5%82y+S%C4%85d&amp;gs_lcrp=EgZjaHJvbWUyBggAEEUYOdIBCTI0MTFqMGoxNagCCLACAQ&amp;sourceid=chrome&amp;ie=UTF-8\">niezawis\u0142y s\u0105d<\/a>. Nale\u017cy zakaza\u0107 sonda\u017cy poniewa\u017c wp\u0142ywaj\u0105 na wyborc\u00f3w.&nbsp;Wybory s\u0105 zmanipulowane przez przekaz mainstreamowy.<\/strong>&nbsp;<strong><a href=\"https:\/\/www.batory.org.pl\/wp-content\/uploads\/2019\/07\/Prekampania-wyborcza.pdf\">Prekampania<\/a>&nbsp;jest chyba nielegalna.<\/strong>&nbsp;\u0179r\u00f3d\u0142o:&nbsp;<a href=\"https:\/\/topol.org.pl\/?page_id=47\">Fragment<\/a><\/p>\n\n\n\n<p>01.04.2025 20.50&nbsp;<strong>Prawdopodobnie nie zostanie wy\u0142oniony kandydat w pierwszej turze wybor\u00f3w prezydenckich. Dlatego po przyj\u0119ciu Konstytucji z 11.10.2023 r. na&nbsp;<a href=\"https:\/\/topol.org.pl\/?page_id=10863\">1000-LECIE KR\u00d3LESTWA POLSKIEGO<\/a>, nie dojdzie do drugiej tury wybor\u00f3w prezydenckich. Dux Poloniae zarz\u0105dza, \u017ce kandydaci b\u0119d\u0105 sprawowa\u0107 urz\u0105d wiceprezydenta rotacyjnie.<\/strong>&nbsp;<strong>B\u0119dzie dw\u00f3ch wiceprezydent\u00f3w.<\/strong><\/p>\n\n\n\n<p><a href=\"https:\/\/www.youtube.com\/watch?v=mjxZBqQV7iI\">Co trzeba wiedzie\u0107 o procedurze g\u0142osowania w wyborach prezydenckich? | Wojciech Szymczak<\/a> \u0179r\u00f3d\u0142o: Telewizja Republika<\/p>\n\n\n\n<p><strong>Dane PKW ze&nbsp;100 proc. obwodowych komisji wyborczych:<\/strong><\/p>\n\n\n\n<ol class=\"wp-block-list\">\n<li>Rafa\u0142 Trzaskowski \u2013&nbsp;31,36 proc. (liczba g\u0142os\u00f3w: 6&nbsp;147 743)<\/li>\n\n\n\n<li>Karol Nawrocki \u2013&nbsp;29,54 proc. (5 790 762)<\/li>\n\n\n\n<li>S\u0142awomir Mentzen \u2013&nbsp;14,80 proc. (2 902 287)<\/li>\n\n\n\n<li class=\"has-secondary-color has-text-color has-link-color has-large-font-size wp-elements-6ebe1db39c16da29434d085531f65193\">Grzegorz Braun \u2013&nbsp;6,34 proc. (1 242 892)<\/li>\n\n\n\n<li class=\"has-contrast-color has-text-color has-link-color has-medium-font-size wp-elements-b8dfe8d522e51d3c62da742e444bb56d\">Szymon Ho\u0142ownia \u2013&nbsp;4,99 proc. (978 893)<\/li>\n\n\n\n<li class=\"has-secondary-color has-text-color has-link-color has-large-font-size wp-elements-62112a18b0cdbf1925d2f8481c455b94\">Adrian Zandberg \u2013&nbsp;4,86 proc. (952 821)<\/li>\n\n\n\n<li>Magdalena Biejat \u2013&nbsp;4,23 proc. (829 345)<\/li>\n\n\n\n<li>Krzysztof Stanowski \u2013&nbsp;1,24 proc. (243 467)<\/li>\n\n\n\n<li>Joanna Senyszyn \u2013&nbsp;1,09 proc. (214 195)<\/li>\n\n\n\n<li>Marek Jakubiak \u2013&nbsp;0,77 proc. (150 696)<\/li>\n\n\n\n<li>Artur Bartoszewicz \u2013&nbsp;0,49 proc. (95 636)<\/li>\n\n\n\n<li>Maciej Maciak \u2013&nbsp;0,19 proc. (36 371)<\/li>\n\n\n\n<li>Marek Woch \u2013&nbsp;0,09 proc. (18 338)<\/li>\n<\/ol>\n\n\n\n<p><strong>Osoby, kt\u00f3re bra\u0142y udzia\u0142 w prekampanii powinny by\u0107 wykluczone z listy uczestnik\u00f3w pierwszej tury wybor\u00f3w prezydenckich 2025. W prekampanii nie mo\u017cna bra\u0107 udzia\u0142u. Sonda\u017ce zafa\u0142szowa\u0142y Wybory Prezydenckie 2025 r.<\/strong><\/p>\n\n\n\n<p><strong>Kandydat nr. 4 i nr. 5, powinni pe\u0142ni\u0107 urz\u0105d Prezydenta rotacyjnie. Podpis pod ustaw\u0105 dw\u00f3ch jednomy\u015blnie. Wi\u0119cej demokracji w demokracji.<\/strong> <strong>Wybory wymienionych kandydat\u00f3w prowadz\u0105cych nielegaln\u0105 prekampani\u0119 zostan\u0105 uniewa\u017cnione przez&nbsp;<a href=\"https:\/\/www.google.com\/search?q=Niezawis%C5%82y+S%C4%85d&amp;oq=Niezawis%C5%82y+S%C4%85d&amp;gs_lcrp=EgZjaHJvbWUyBggAEEUYOdIBCTI0MTFqMGoxNagCCLACAQ&amp;sourceid=chrome&amp;ie=UTF-8\">niezawis\u0142y s\u0105d<\/a>.<\/strong> <strong>Kandydat 1, 2, 3, i 5. &#8211; prowadzili nielegaln\u0105 prekampani\u0119.<\/strong> <strong>I korzystali w nadmiarze z medi\u00f3w<\/strong> <strong>mainstreamowych<\/strong> <strong>i myl\u0105cych sonda\u017cy.<\/strong><\/p>\n\n\n\n<p><strong>Nie chc\u0119 \u017ceby znowu rz\u0105dzi\u0142a ta sama klika.<\/strong> <strong>To zab\u00f3jcze dla Polski.<\/strong><\/p>\n\n\n\n<ol class=\"wp-block-list\">\n<li class=\"has-secondary-color has-text-color has-link-color has-large-font-size wp-elements-eb8cb93117c396df377823f79c5fdffd\">Grzegorz Braun \u2013&nbsp;6,34 proc. (1 242 892) <a href=\"https:\/\/www.youtube.com\/watch?v=qMFjJYa_lpY\">Komunikat do Kandydat\u00f3w na Prezydenta RP<\/a><\/li>\n\n\n\n<li class=\"has-secondary-color has-text-color has-link-color has-large-font-size wp-elements-62112a18b0cdbf1925d2f8481c455b94\">Adrian Zandberg \u2013&nbsp;4,86 proc. (952 821)<\/li>\n<\/ol>\n\n\n\n<p><strong>Jeszcze m\u00f3j komunikat do Kandydat\u00f3w na Prezydenta RP, kt\u00f3ry jest zbie\u017cny z postulatami pos\u0142a Grzegorza Brauna i Adriana Zandberga.<\/strong><\/p>\n\n\n\n<p><strong>Obni\u017canie sk\u0142adki zdrowotnej w tym momencie &#8211; to jest kompletna nieodpowiedzialno\u015b\u0107. Wyjmowanie z systemu, w kt\u00f3rym brakuje ponad 20 mld z\u0142, kolejnych miliard\u00f3w, to jest pchanie Polski w stron\u0119 prywatyzacji ochrony zdrowia &#8211; m\u00f3wi Rynkowi Zdrowia Adrian Zandberg z partii Razem, kandydat na prezydenta.<\/strong> \u0179r\u00f3d\u0142o: <a href=\"https:\/\/www.rynekzdrowia.pl\/Finanse-i-zarzadzanie\/Zandberg-zwrocimy-sie-do-prezydenta-Andrzeja-Dudy-o-weto-ustawy-obnizkowej,270102,1.html\">rynekzdrowia.pl<\/a><\/p>\n\n\n\n<p>Zandberg: Polska potrzebuje prezydenta, kt\u00f3ry zawetuje dop\u0142aty dla&nbsp;bank\u00f3w i&nbsp;deweloper\u00f3w \u0179r\u00f3d\u0142o:&nbsp;<a href=\"https:\/\/dorzeczy.pl\/opinie\/715392\/zandberg-po-probuje-pchac-kolejne-doplaty-dla-deweloperow.html\">Telewizja Republika&nbsp;\/&nbsp;DoRzeczy.pl<\/a><\/p>\n\n\n\n<p>&#8222;Zandberg zapyta\u0142 Nawrockiego &#8222;o&nbsp;inwestycje w&nbsp;ludzi&#8221;. Jak twierdzi\u0142, propozycje podatkowe jego konkurenta s\u0105 korzystne dla&nbsp;bogatych&#8221;. \u0179r\u00f3d\u0142o:&nbsp;<a href=\"https:\/\/dorzeczy.pl\/opinie\/715392\/zandberg-po-probuje-pchac-kolejne-doplaty-dla-deweloperow.html\">Telewizja Republika&nbsp;\/&nbsp;DoRzeczy.pl<\/a><\/p>\n\n\n\n<p>20.05.2025 19.00 <strong>Tych dw\u00f3ch kandydat\u00f3w przedstawia &#8222;Razem&#8221; moje pogl\u0105dy.<\/strong><\/p>\n\n\n\n<p>Verte &gt;<a href=\"https:\/\/topol.org.pl\/?page_id=6187\">Fundacja Narodowe Si\u0142y Samoobrony \u201eGrot\u201d<\/a><\/p>\n\n\n\n<p><\/p>\n","protected":false},"excerpt":{"rendered":"<p>01.04.2025 20.50 &amp; 31 Wybory powszechne. Sonda\u017ce. Je\u015bli b\u0119d\u0105 przedstawiane najnowsze sonda\u017ce, bez rzetelnych danych to wybory zostan\u0105 uniewa\u017cnione przez&nbsp;niezawis\u0142y s\u0105d. Nale\u017cy zakaza\u0107 sonda\u017cy poniewa\u017c wp\u0142ywaj\u0105 na wyborc\u00f3w.&nbsp;Wybory s\u0105 zmanipulowane przez przekaz mainstreamowy.&nbsp;Prekampania&nbsp;jest chyba nielegalna.&nbsp;\u0179r\u00f3d\u0142o:&nbsp;Fragment 01.04.2025 20.50&nbsp;Prawdopodobnie nie zostanie wy\u0142oniony kandydat w pierwszej turze wybor\u00f3w prezydenckich. Dlatego po przyj\u0119ciu Konstytucji z 11.10.2023 r. na&nbsp;1000-LECIE KR\u00d3LESTWA [&hellip;]<\/p>\n","protected":false},"author":1,"featured_media":0,"parent":8094,"menu_order":1,"comment_status":"closed","ping_status":"closed","template":"","meta":{"footnotes":""},"class_list":["post-10982","page","type-page","status-publish","hentry"],"_links":{"self":[{"href":"https:\/\/topol.org.pl\/index.php?rest_route=\/wp\/v2\/pages\/10982","targetHints":{"allow":["GET"]}}],"collection":[{"href":"https:\/\/topol.org.pl\/index.php?rest_route=\/wp\/v2\/pages"}],"about":[{"href":"https:\/\/topol.org.pl\/index.php?rest_route=\/wp\/v2\/types\/page"}],"author":[{"embeddable":true,"href":"https:\/\/topol.org.pl\/index.php?rest_route=\/wp\/v2\/users\/1"}],"replies":[{"embeddable":true,"href":"https:\/\/topol.org.pl\/index.php?rest_route=%2Fwp%2Fv2%2Fcomments&post=10982"}],"version-history":[{"count":22,"href":"https:\/\/topol.org.pl\/index.php?rest_route=\/wp\/v2\/pages\/10982\/revisions"}],"predecessor-version":[{"id":12341,"href":"https:\/\/topol.org.pl\/index.php?rest_route=\/wp\/v2\/pages\/10982\/revisions\/12341"}],"up":[{"embeddable":true,"href":"https:\/\/topol.org.pl\/index.php?rest_route=\/wp\/v2\/pages\/8094"}],"wp:attachment":[{"href":"https:\/\/topol.org.pl\/index.php?rest_route=%2Fwp%2Fv2%2Fmedia&parent=10982"}],"curies":[{"name":"wp","href":"https:\/\/api.w.org\/{rel}","templated":true}]}}