{"id":1106,"date":"2023-12-10T19:28:56","date_gmt":"2023-12-10T18:28:56","guid":{"rendered":"https:\/\/topol.org.pl\/?page_id=1106"},"modified":"2026-03-16T10:33:13","modified_gmt":"2026-03-16T09:33:13","slug":"ksiestwo-muszynskie-27","status":"publish","type":"page","link":"https:\/\/topol.org.pl\/?page_id=1106","title":{"rendered":"&#8222;Ksi\u0119stwo Muszy\u0144skie&#8221;"},"content":{"rendered":"\n<p>10.12.2023 19.28 W 2002 roku napisa\u0142em program wyborczy dla kandydata na Burmistrza Muszyny. Zaj\u0105\u0142 3 miejsce w wyborach.<br>Program &#8222;Ksi\u0119stwo Muszy\u0144skie&#8221; zawiera\u0142 co trzeba zrealizowa\u0107 na terenie gminy Muszyna. Na zdj\u0119ciach poka\u017c\u0119 jak zmieni\u0142a si\u0119 Muszyna przez 20 lat, co zosta\u0142o zrobione z mojego programu. <strong>Napisa\u0142em program w 2002 roku.<\/strong><\/p>\n\n\n\n<p>01.03.2025 14.40 Historia-mamy bogat\u0105 histori\u0119. Bardzo wa\u017cna jest najdawniejsza historia Polski. Dlatego bo s\u0105 kwestionowane nasze granice i Pa\u0144stwo Polskie. W Internecie jest mn\u00f3stwo nagra\u0144 i dla nie\u015bwiadomych to podstawa do rozbior\u00f3w. <\/p>\n\n\n\n<p>09.03.2025 20.38 \u0179r\u00f3d\u0142a historyczne &#8211; opieram si\u0119 na pradawnych, poniewa\u017c tera\u017aniejsi historycy mijaj\u0105 si\u0119 z prawd\u0105.<\/p>\n\n\n\n<p><em><a href=\"https:\/\/pl.wikipedia.org\/wiki\/Kronika_Czech%C3%B3w\">Kroniki Czech\u00f3w<\/a><\/em><\/p>\n\n\n\n<p><em><a href=\"https:\/\/pl.wikipedia.org\/wiki\/Powie%C5%9B%C4%87_minionych_lat\">Powie\u015b\u0107 minionych lat<\/a><\/em><\/p>\n\n\n\n<p><a href=\"https:\/\/www.youtube.com\/watch?v=xON4etH2LOM&amp;t=427s\">Gall Anonim<\/a> <a href=\"https:\/\/pl.wikipedia.org\/wiki\/Gall_Anonim\">Kronika Galla Anonima<\/a> <a href=\"https:\/\/web.archive.org\/web\/20130520025617\/http:\/\/www.zswsucha.iap.pl\/STREFA_N\/WiLeHi\/lektury\/kronika\/index.htm\">KRONIKA POLSKA<\/a><\/p>\n\n\n\n<p><em><a href=\"https:\/\/pl.wikipedia.org\/wiki\/Kronika_Wincentego_Kad%C5%82ubka\">Kronika Wincentego Kad\u0142ubka<\/a><\/em><\/p>\n\n\n\n<p><em><a href=\"https:\/\/pl.wikipedia.org\/wiki\/Kronika_wielkopolska\">Kronika wielkopolska<\/a><\/em><\/p>\n\n\n\n<p><a href=\"https:\/\/pl.wikipedia.org\/wiki\/J%C3%B3zef_Ignacy_Kraszewski\">J\u00f3zef Ignacy Kraszewski<\/a><\/p>\n\n\n\n<p><a href=\"https:\/\/pl.wikipedia.org\/wiki\/Feliks_Koneczny\">Feliks Karol Koneczny<\/a><\/p>\n\n\n\n<p><a href=\"https:\/\/www.google.pl\/books\/edition\/Mieszko_Stary_i_jego_wiek\/O3kGEzrcLfIC?hl=pl&amp;gbpv=1&amp;pg=PA1&amp;printsec=frontcover\">Mieszko Stary i jego wiek<\/a>. <a href=\"https:\/\/pl.wikipedia.org\/wiki\/Stanis%C5%82aw_Smolka\">Stanis\u0142aw Smolka<\/a><\/p>\n\n\n\n<p><em><a href=\"https:\/\/pl.wikipedia.org\/wiki\/Kasper_Niesiecki\">HERBARZ POLSKI<\/a> ks. Kaspra Niesieckiego S.J. powi\u0119kszony dodatkami z p\u00f3\u017aniejszych autor\u00f3w, r\u0119kopis\u00f3w, dowod\u00f3w urz\u0119dowych i wydany przez Jana Nep. Bobrowicza w Lipsku, nak\u0142adem i drukiem Breitkopfa i Hertela<\/em>. 5463-stronicowe wydanie z lat 1839\u20131845. To pot\u0119\u017cne \u017ar\u00f3d\u0142o historyczne 10 tom\u00f3w. Spisanych na podstawie dokument\u00f3w parafialnych i przekaz\u00f3w ustnych historii herbowych. Ludzie wtedy przywi\u0105zywali ogromn\u0105 wag\u0119 do swojej historii. To wi\u0105za\u0142o si\u0119 z ich pozycj\u0105.<\/p>\n\n\n\n<p><a href=\"https:\/\/pl.wikipedia.org\/wiki\/Epos\">Epos<\/a>. Na przyk\u0142ad &#8211; <strong>Manas<\/strong>&nbsp;(<a href=\"https:\/\/pl.wikipedia.org\/wiki\/J%C4%99zyk_kirgiski\">kirg.<\/a>&nbsp;\u041c\u0430\u043d\u0430\u0441 \u0434\u0430\u0441\u0442\u0430\u043d\u044b) \u2013&nbsp;<a href=\"https:\/\/pl.wikipedia.org\/wiki\/Epos\">epos<\/a>&nbsp;<a href=\"https:\/\/pl.wikipedia.org\/wiki\/Kirgistan\">kirgiski<\/a><sup><a href=\"https:\/\/pl.wikipedia.org\/wiki\/Manas_(epos)#cite_note-:0-1\">[1]<\/a><\/sup>. Epos zawiera 500 tysi\u0119cy rymowanych wierszy. Jest swoist\u0105 kronik\u0105 \u017cycia narodu kirgiskiego przekazywan\u0105 ustnie z pokolenia na pokolenie<sup><a href=\"https:\/\/pl.wikipedia.org\/wiki\/Manas_(epos)#cite_note-2\">[2]<\/a><\/sup>. Cykl sk\u0142ada si\u0119 z trzech cz\u0119\u015bci, opowiadaj\u0105cych o Manasie, jego synu Semeteju i wnuku Sejteku<sup><a href=\"https:\/\/pl.wikipedia.org\/wiki\/Manas_(epos)#cite_note-kirgiski.pl-3\">[3]<\/a><\/sup>. <\/p>\n\n\n\n<p>\u0179r\u00f3d\u0142o: Wikipedia<\/p>\n\n\n\n<p><strong>To nasza historia, &#8230; lat temu.<\/strong><\/p>\n\n\n\n<p><strong><a href=\"https:\/\/pl.wikipedia.org\/wiki\/Popielidzi\">Popielidzi<\/a><\/strong>&nbsp;\u2013 spotykane g\u0142\u00f3wnie w literaturze popularnonaukowej okre\u015blenie rzekomej (<strong>pierwsza w\u0105tpliwo\u015b\u0107<\/strong>) dynastii, panuj\u0105cej przed&nbsp;<a href=\"https:\/\/pl.wikipedia.org\/wiki\/Piastowie\">Piastami<\/a>. Jej ostatnim w\u0142adc\u0105 mia\u0142 by\u0107&nbsp;<a href=\"https:\/\/pl.wikipedia.org\/wiki\/Popiel\">Popiel<\/a>, zgodnie z relacj\u0105&nbsp;<a href=\"https:\/\/pl.wikipedia.org\/wiki\/Gall_Anonim\">Galla Anonima<\/a>&nbsp;pozbawiony w\u0142adzy przez wiec.<\/p>\n\n\n\n<p>Za pierwszego w\u0142adc\u0119 tej dynastii uwa\u017cany jest&nbsp;<a href=\"https:\/\/pl.wikipedia.org\/wiki\/Leszko_II\">Leszko II<\/a>, opisany przez&nbsp;<a href=\"https:\/\/pl.wikipedia.org\/wiki\/Wincenty_Kad%C5%82ubek\">Wincentego Kad\u0142ubka<\/a>&nbsp;oraz Jana D\u0142ugosza. Jego synem i nast\u0119pc\u0105 by\u0142&nbsp;<a href=\"https:\/\/pl.wikipedia.org\/wiki\/Leszko_III\">Leszko III<\/a>, za\u015b z kolei synem Leszka III \u2013&nbsp;<a href=\"https:\/\/pl.wikipedia.org\/wiki\/Popiel_I\">Popiel I<\/a>. Ostatnim w\u0142adc\u0105 z rodu mia\u0142 by\u0107&nbsp;<a href=\"https:\/\/pl.wikipedia.org\/wiki\/Popiel\">Popiel II<\/a>, syn Popiela I.<\/p>\n\n\n\n<p>&#8222;<strong><a href=\"https:\/\/pl.wikipedia.org\/wiki\/Panonia\">Panonia<\/a><\/strong>&nbsp;(<a href=\"https:\/\/pl.wikipedia.org\/wiki\/%C5%81acina\">\u0142ac.<\/a>&nbsp;<em>Pannonia<\/em>) \u2013 w staro\u017cytno\u015bci&nbsp;<a href=\"https:\/\/pl.wikipedia.org\/wiki\/Prowincje_rzymskie\">prowincja rzymska<\/a>&nbsp;po\u0142o\u017cona mi\u0119dzy&nbsp;<a href=\"https:\/\/pl.wikipedia.org\/wiki\/Sawa_(rzeka)\">Saw\u0105<\/a>&nbsp;a&nbsp;<a href=\"https:\/\/pl.wikipedia.org\/wiki\/Dunaj\">Dunajem<\/a>&nbsp;(dzisiejsze tereny zachodnich&nbsp;<a href=\"https:\/\/pl.wikipedia.org\/wiki\/W%C4%99gry\">W\u0119gier<\/a>, wschodniej&nbsp;<a href=\"https:\/\/pl.wikipedia.org\/wiki\/Austria\">Austrii<\/a>, p\u00f3\u0142nocnej&nbsp;<a href=\"https:\/\/pl.wikipedia.org\/wiki\/Chorwacja\">Chorwacji<\/a>,&nbsp;<a href=\"https:\/\/pl.wikipedia.org\/wiki\/S%C5%82owenia\">S\u0142owenii<\/a>&nbsp;oraz p\u00f3\u0142nocno-zachodniej&nbsp;<a href=\"https:\/\/pl.wikipedia.org\/wiki\/Serbia\">Serbii<\/a>)&#8221;.<\/p>\n\n\n\n<p><strong>To nasza historia, 800 lat temu.<\/strong><\/p>\n\n\n\n<p>&#8222;Nazwa Muszyna przypuszczalnie pochodzi od&#8230;&#8221; \u0179r\u00f3d\u0142o: Wikipedia<\/p>\n\n\n\n<p><strong>Moim zdaniem od &#8222;Mutyna&#8221;<\/strong> (\u0142ac). <strong>bunt<\/strong><\/p>\n\n\n\n<p>&#8222;Pierwsz\u0105 wzmiank\u0119 o tej osadzie spotykamy w akcie nadania z <strong>1209<\/strong> roku, w kt\u00f3rym kr\u00f3l w\u0119gierski&nbsp;<a href=\"https:\/\/pl.wikipedia.org\/wiki\/Andrzej_II_w%C4%99gierski\">Andrzej II<\/a>&nbsp;zezwala na pobieranie&nbsp;<a href=\"https:\/\/pl.wikipedia.org\/wiki\/C%C5%82o\">c\u0142a<\/a>&nbsp;nad rzek\u0105 Poprad ko\u0142o Muszyny proboszczowi Adolfowi ze&nbsp;<a href=\"https:\/\/pl.wikipedia.org\/wiki\/Spisz\">spiskiej<\/a>&nbsp;kapitu\u0142y \u015bw. Marcina. W tym czasie osada nale\u017ca\u0142a do rodu Niegowickich herbu&nbsp;<a href=\"https:\/\/pl.wikipedia.org\/wiki\/P%C3%B3%C5%82kozic\">P\u00f3\u0142kozic<\/a>&#8222;. \u0179r\u00f3d\u0142o: Wikipedia<\/p>\n\n\n\n<p>&#8222;W 1288 miejscowo\u015b\u0107 zostaje zapisana w testamencie przez Wysza, scholastyka kapitu\u0142y krakowskiej,&nbsp;<a href=\"https:\/\/pl.wikipedia.org\/wiki\/Archidiecezja_krakowska\">biskupom krakowskim<\/a>. \u0179r\u00f3d\u0142o: Wikipedia<\/p>\n\n\n\n<p>&#8222;Biskupi krakowscy stali si\u0119 w\u0142a\u015bcicielami d\u00f3br muszy\u0144skich w wyniku zapisu testamentowego Wysza z Niegowici herbu<br>P\u00f3\u0142kozic, kanonika krakowskiego i scholastyka krakowskiej katedry. Jego wol\u0119 zakwestionowali spadkobiercy. Mironieg z \u017con\u0105 Barbar\u0105. Kilkuletni sp\u00f3r mi\u0119dzy nimi a biskupami krakowskimi zako\u0144czy\u0142 si\u0119 ugod\u0105, w wyniku kt\u00f3rej dobra muszy\u0144skie pozosta\u0142y w r\u0119kach ko\u015bcio\u0142a.<br>Potwierdzi\u0142y j\u0105 dokumenty wystawione 18 i 23 maja 1288 r. przez kancelari\u0119 Leszka Czarnego&#8221; \u0179r\u00f3d\u0142o: <a href=\"http:\/\/amm.sanok.pl\/wp-content\/uploads\/2017\/06\/VII.8_Chudzinska.pdf\">Barbara Chudzi\u0144ska<\/a><\/p>\n\n\n\n<p><strong>W 1288 roku ugoda mi\u0119dzy Mironiegiem a Leszkiem Czarnym pomog\u0142a ksi\u0119ciu sp\u0142aci\u0107 d\u0142ugi zaci\u0105gni\u0119te na prowadzone wojny z 1287\/1288 w czasie trzeciego najazdu Mongo\u0142\u00f3w na Polsk\u0119. Tak Ksi\u0105\u017ce Leszek Czarny uratowa\u0142 kraj przed katastrof\u0105.<\/strong><\/p>\n\n\n\n<p> W XIV w. kr\u00f3l&nbsp;<a href=\"https:\/\/pl.wikipedia.org\/wiki\/W%C5%82adys%C5%82aw_I_%C5%81okietek\">W\u0142adys\u0142aw \u0141okietek<\/a>&nbsp;na skutek zatargu z biskupem Muskat\u0105 przy\u0142\u0105czy\u0142 te ziemie do kr\u00f3lewszczyzny. Przez nast\u0119pnych 80 lat posiadali je kolejni w\u0142adcy Polski. Muszyna&nbsp;<a href=\"https:\/\/pl.wikipedia.org\/wiki\/Prawa_miejskie\">prawa miejskie<\/a>&nbsp;otrzyma\u0142a w 1356 od&nbsp;<a href=\"https:\/\/pl.wikipedia.org\/wiki\/Kazimierz_III_Wielki\">Kazimierza Wielkiego<\/a>&#8222;.\u0179r\u00f3d\u0142o: Wikipedia<\/p>\n\n\n\n<p>W okresie powstania Muszyny ksi\u0105\u017c\u0119 zwierzchni Polski to:<\/p>\n\n\n\n<p><strong>Leszek Bia\u0142y<\/strong>&nbsp;(ur. zap. w&nbsp;<a href=\"https:\/\/pl.wikipedia.org\/wiki\/1184\">1184<\/a>&nbsp;lub&nbsp;<a href=\"https:\/\/pl.wikipedia.org\/wiki\/1185\">1185<\/a><sup><a href=\"https:\/\/pl.wikipedia.org\/wiki\/Leszek_Bia%C5%82y#cite_note-2\">[1]<\/a><\/sup>, zm.&nbsp;<a href=\"https:\/\/pl.wikipedia.org\/wiki\/24_listopada\">24 listopada<\/a><sup><a href=\"https:\/\/pl.wikipedia.org\/wiki\/Leszek_Bia%C5%82y#cite_note-3\">[2]<\/a><\/sup>&nbsp;<a href=\"https:\/\/pl.wikipedia.org\/wiki\/1227\">1227<\/a>&nbsp;w&nbsp;<a href=\"https:\/\/pl.wikipedia.org\/wiki\/Marcinkowo_G%C3%B3rne\">Marcinkowie<\/a>&nbsp;k.&nbsp;<a href=\"https:\/\/pl.wikipedia.org\/wiki\/G%C4%85sawa\">G\u0105sawy<\/a>) \u2013 ksi\u0105\u017c\u0119 zwierzchni Polski w latach 1194\u20131198, 1199, 1206<sup><a href=\"https:\/\/pl.wikipedia.org\/wiki\/Leszek_Bia%C5%82y#cite_note-a-1\">[a]<\/a><\/sup>\u20131210 i 1211\u20131227,&nbsp;<a href=\"https:\/\/pl.wikipedia.org\/wiki\/W%C5%82adcy_Mazowsza\">ksi\u0105\u017c\u0119 mazowiecki<\/a>&nbsp;1194\u20131200,&nbsp;<a href=\"https:\/\/pl.wikipedia.org\/wiki\/W%C5%82adcy_Kujaw\">ksi\u0105\u017c\u0119 kujawski<\/a>&nbsp;1199\u20131200 z dynastii&nbsp;<a href=\"https:\/\/pl.wikipedia.org\/wiki\/Piastowie\">Piast\u00f3w<\/a>.<\/p>\n\n\n\n<p>Leszek Bia\u0142y by\u0142 trzecim b\u0105d\u017a czwartym<sup><a href=\"https:\/\/pl.wikipedia.org\/wiki\/Leszek_Bia%C5%82y#cite_note-4\">[3]<\/a><\/sup>&nbsp;pod wzgl\u0119dem starsze\u0144stwa synem (najstarszym, kt\u00f3ry prze\u017cy\u0142 ojca) ksi\u0119cia krakowskiego, sandomierskiego i mazowieckiego&nbsp;<a href=\"https:\/\/pl.wikipedia.org\/wiki\/Kazimierz_II_Sprawiedliwy\">Kazimierza II Sprawiedliwego<\/a>&nbsp;oraz ksi\u0119\u017cniczki&nbsp;<a href=\"https:\/\/pl.wikipedia.org\/wiki\/Znojmo\">znojemskiej<\/a>&nbsp;<a href=\"https:\/\/pl.wikipedia.org\/wiki\/Helena_znojemska\">Heleny<\/a>.<\/p>\n\n\n\n<p>W okresie powstania Muszyny 1. Kasztelan Krakowski to:<\/p>\n\n\n\n<p><strong><strong>Goworek<\/strong>&nbsp;z rodu<\/strong> <strong><strong>Rawicz\u00f3w&nbsp;<a href=\"https:\/\/pl.wikipedia.org\/wiki\/1212\">1212<\/a>&nbsp;a&nbsp;<a href=\"https:\/\/pl.wikipedia.org\/wiki\/1223\">1223<\/a>),&nbsp;<a href=\"https:\/\/pl.wikipedia.org\/wiki\/Wojewoda_(Polska_%C5%9Bredniowieczna)\">wojewoda<\/a>&nbsp;<a href=\"https:\/\/pl.wikipedia.org\/wiki\/Wojewodowie_sandomierscy\">sandomierski<\/a>&nbsp;i&nbsp;<a href=\"https:\/\/pl.wikipedia.org\/wiki\/Kasztelan\">kasztelan<\/a>&nbsp;<a href=\"https:\/\/pl.wikipedia.org\/wiki\/Krak%C3%B3w\">krakowski<\/a><sup><a href=\"https:\/\/pl.wikipedia.org\/wiki\/Goworek_(wojewoda_sandomierski)#cite_note-1\">[1]<\/a><\/sup>.<\/strong><\/strong><\/p>\n\n\n\n<p>W okresie powstania Muszyny 1.Kasztelan Wi\u015blicki to:<\/p>\n\n\n\n<p><strong>Ostasz<\/strong> I 1217-1222-syn Goworka<\/p>\n\n\n\n<p>W okresie powstania Muszyny 1. Kasztelan Lubelski<\/p>\n\n\n\n<p><strong>Dzir\u017cykraj<\/strong> 1224- syn Goworka.<\/p>\n\n\n\n<p>W okresie powstania Muszyny 1. Kasztelan Nowos\u0105decki<\/p>\n\n\n\n<p><strong>Dzir\u017cykraj<\/strong> 1228-1229- syn Goworka.<\/p>\n\n\n\n<p>By\u0142 kasztelanem jeszcze w dw\u00f3ch kasztelaniach.<\/p>\n\n\n\n<p><a href=\"https:\/\/gazetakrakowska.pl\/zamek-w-muszynie-znowu-otwarty-to-bedzie-hit-wiosennych-wycieczek-atrakcja-zostala-czesciowo-odbudowana-po-300-latach\/ar\/c7-18418145\">Zamek w Muszynie<\/a><\/p>\n\n\n\n<p><a href=\"https:\/\/www.zamkipolskie.com\/muszyna\/muszyna.html\">Zamek Mironiega<\/a><\/p>\n\n\n\n<p><strong><a href=\"https:\/\/pl.wikipedia.org\/wiki\/Mironieg#CITEREFCie%C5%9Blikowa2000\">Mironieg<\/a><\/strong> syn <strong>Dzir\u017cykraja<\/strong>&nbsp;\u2013 staropolskie&nbsp;<a href=\"https:\/\/pl.wikipedia.org\/wiki\/Imi%C4%99\">imi\u0119<\/a>&nbsp;m\u0119skie, z\u0142o\u017cone z cz\u0142on\u00f3w&nbsp;<em>Miro-<\/em>&nbsp;(pras\u0142owia\u0144skie&nbsp;<em>mir\u044a<\/em>&nbsp;\u201epok\u00f3j\u201d, por\u00f3wnaj&nbsp;<em>mir<\/em>,&nbsp;<em>mier<\/em>&nbsp;\u201epok\u00f3j, bezpiecze\u0144stwo, przyja\u017a\u0144\u201d i&nbsp;<em>-nieg<\/em>&nbsp;(pras\u0142owia\u0144skie&nbsp;<em>n\u011bga<\/em>&nbsp;\u201erozkosz\u201d).<\/p>\n\n\n\n<p><strong><a href=\"https:\/\/pl.wikipedia.org\/wiki\/Dzier%C5%BCykraj\">Dzier\u017cykraj<\/a><\/strong>,&nbsp;<strong>Dzir\u017cykraj<\/strong>&nbsp;wnuk Goworka\u2013&nbsp;<a href=\"https:\/\/pl.wikipedia.org\/wiki\/Imiona_s%C5%82owia%C5%84skie\">staropolskie imi\u0119<\/a>&nbsp;m\u0119skie, z\u0142o\u017cone z cz\u0142on\u00f3w&nbsp;<em>Dzir\u017cy-<\/em>&nbsp;(\u201etrzyma\u0107\u201d) i&nbsp;<em>-kraj<\/em>&nbsp;(\u201ekraj\u201d). Oznacza\u0142o prawdopodobnie \u201etego, kt\u00f3ry panuje nad krajem\u201d, \u201enad okolic\u0105\u201d.<\/p>\n\n\n\n<p>26.12.2024 10.33 <a href=\"https:\/\/www.youtube.com\/shorts\/jVRfEBinDwk?t=10&amp;feature=share\">Muszyna zim\u0105<\/a> \u0179r\u00f3d\u0142o: <a href=\"https:\/\/www.youtube.com\/@muszynatv1\">Muszyna TV<\/a><\/p>\n\n\n\n<figure class=\"wp-block-image size-large\"><a href=\"https:\/\/www.youtube.com\/shorts\/jVRfEBinDwk?t=9&amp;feature=share\"><img loading=\"lazy\" decoding=\"async\" width=\"1024\" height=\"598\" src=\"https:\/\/topol.org.pl\/wp-content\/uploads\/2024\/12\/Zamek-w-Muszynie-1-1-1024x598.jpg\" alt=\"\" class=\"wp-image-8019\" srcset=\"https:\/\/topol.org.pl\/wp-content\/uploads\/2024\/12\/Zamek-w-Muszynie-1-1-1024x598.jpg 1024w, https:\/\/topol.org.pl\/wp-content\/uploads\/2024\/12\/Zamek-w-Muszynie-1-1-300x175.jpg 300w, https:\/\/topol.org.pl\/wp-content\/uploads\/2024\/12\/Zamek-w-Muszynie-1-1-768x449.jpg 768w, https:\/\/topol.org.pl\/wp-content\/uploads\/2024\/12\/Zamek-w-Muszynie-1-1.jpg 1318w\" sizes=\"auto, (max-width: 1024px) 100vw, 1024px\" \/><\/a><\/figure>\n\n\n\n<p>Je\u015bli lubisz &#8222;Zamek w Muszynie&#8221; daj \u0142apk\u0119 w g\u00f3r\u0119, je\u015bli nie lubisz daj \u0142apk\u0119 w d\u00f3\u0142. To b\u0119dzie <a href=\"https:\/\/www.google.com\/search?q=test+definicja&amp;sca_esv=34a6127b60b64d25&amp;sxsrf=ADLYWIIcw9-Px3yJzujkXovC_n_4WyJRKg%3A1735207011215&amp;ei=YyhtZ97kDImHwPAP_ZjlyAU&amp;ved=0ahUKEwieoo_slcWKAxWJAxAIHX1MGVkQ4dUDCBA&amp;uact=5&amp;oq=test+definicja&amp;gs_lp=Egxnd3Mtd2l6LXNlcnAiDnRlc3QgZGVmaW5pY2phMgUQABiABDIGEAAYFhgeMgYQABgWGB4yBhAAGBYYHjIGEAAYFhgeMgYQABgWGB4yBhAAGBYYHjIGEAAYFhgeMgYQABgWGB4yBhAAGBYYHkikT1CHLFj6SnABeAGQAQCYAXSgAeYIqgEEMC4xMLgBA8gBAPgBAZgCC6ACkQnCAgoQABiwAxjWBBhHwgINEAAYgAQYsAMYQxiKBcICFhAuGIAEGLADGEMY1AIYyAMYigXYAQHCAhMQLhiABBiwAxhDGMgDGIoF2AEBwgIZEC4YgAQYsAMY0QMYQxjHARjIAxiKBdgBAcICChAAGIAEGEMYigXCAg0QABiABBixAxhDGIoFwgIIEAAYgAQYsQPCAggQLhiABBixA8ICCBAAGBYYChgemAMAiAYBkAYNugYECAEYCJIHBDEuMTCgB9Y6&amp;sclient=gws-wiz-serp\">test<\/a> patriotyzmu lokalnego, narodowego i &#8230;IQ. <a href=\"https:\/\/topol.org.pl\/?page_id=381\">&#8222;Referendum&#8221;<\/a><\/p>\n\n\n\n<figure class=\"wp-block-image size-large\"><a href=\"https:\/\/www.youtube.com\/watch?v=YCEt4K1HliQ\"><img loading=\"lazy\" decoding=\"async\" width=\"1024\" height=\"654\" src=\"https:\/\/topol.org.pl\/wp-content\/uploads\/2024\/12\/Filmowy-przewodnik-po-Muszynie-1024x654.jpg\" alt=\"\" class=\"wp-image-8009\" srcset=\"https:\/\/topol.org.pl\/wp-content\/uploads\/2024\/12\/Filmowy-przewodnik-po-Muszynie-1024x654.jpg 1024w, https:\/\/topol.org.pl\/wp-content\/uploads\/2024\/12\/Filmowy-przewodnik-po-Muszynie-300x191.jpg 300w, https:\/\/topol.org.pl\/wp-content\/uploads\/2024\/12\/Filmowy-przewodnik-po-Muszynie-768x490.jpg 768w, https:\/\/topol.org.pl\/wp-content\/uploads\/2024\/12\/Filmowy-przewodnik-po-Muszynie.jpg 1172w\" sizes=\"auto, (max-width: 1024px) 100vw, 1024px\" \/><\/a><\/figure>\n\n\n\n<p>Mo\u017cesz za darmo korzysta\u0107 ze \u017ar\u00f3de\u0142 \u0179r\u00f3d\u0142o: (<a href=\"https:\/\/www.youtube.com\/watch?v=KnEcWDnGpmQ\">S\u0105deczanin TV<\/a>)<\/p>\n\n\n\n<p>08.02.2025 20.19 <a href=\"https:\/\/pl.wikipedia.org\/wiki\/Leszek_Czarny\">Leszek Czarny<\/a><\/p>\n\n\n\n<p><strong><a href=\"https:\/\/journals.pan.pl\/Content\/130407\/PDF\/13_RUCH_LITERACKI_1_2008_Mejor_Sredniowieczna.pdf\">Migravit Baro<\/a><\/strong>&nbsp;(<em><a href=\"https:\/\/pl.wikipedia.org\/wiki\/Migravit_Baro\">Epitafium Leszka Czarnego<\/a><\/em>)<\/p>\n\n\n\n<p>pu\u015bci! \u015bwiat pan<br>Zrodzon z rodu starego,<br>Kt\u00f3remu wiersze sk\u0142adam;<br>Rzadkom widzia\u0142 mu podobnego.<br>A by\u0142 to m\u0105\u017c uprzejmy,<br>Ksi\u0105\u017c\u0119 wielki, Leszkiem zwany.<br>Nam odebrany,<br>Teraz spoczywa \u015bwi\u0119ty na zamku<\/p>\n\n\n\n<p><a href=\"https:\/\/pl.wikipedia.org\/wiki\/Bitwa_pod_Go%C5%BAlicami\">Bitwa pod Go\u017alicami<\/a><\/p>\n\n\n\n<blockquote class=\"wp-block-quote is-layout-flow wp-block-quote-is-layout-flow\">\n<p>Wojsko Leszka Czarnego w cudowny spos\u00f3b zwyci\u0119\u017ca ksi\u0119cia Rusi Lwa, kt\u00f3ry z wielkimi si\u0142ami wtargn\u0105\u0142 do Kr\u00f3lestwa Polskiego, \u015bciga go a\u017c do Lwowa, pustosz\u0105c Ru\u015b i wraca do domu z ogromnymi \u0142upami.<\/p>\n<\/blockquote>\n\n\n\n<p>Jana D\u0142ugosza kanonika krakowskiego Dziej\u00f3w polskich ksi\u0105g dwana\u015bcie.<\/p>\n\n\n\n<p>W bitwie bra\u0142 udzia\u0142 <strong><a href=\"https:\/\/pl.wikipedia.org\/wiki\/Warsz\">Warsz<\/a><\/strong>. P\u00f3\u017aniej od imiennika Warsz powsta\u0142a Warszawa. Legenda Wars i Sawa.<\/p>\n\n\n\n<p>*<a href=\"https:\/\/pl.wikipedia.org\/wiki\/Sawa_(posta%C4%87_legendarna)\">Sawa<\/a>&nbsp;\u2013 posta\u0107 kobieca z legendy o za\u0142o\u017ceniu Warszawy<\/p>\n\n\n\n<p>*<a href=\"https:\/\/pl.wikipedia.org\/wiki\/Sawa_(rzeka)\">Sawa<\/a>&nbsp;\u2013 rzeka w po\u0142udniowej Europie, dop\u0142yw Dunaju w dawnej <em>Pannoni<\/em><\/p>\n\n\n\n<p>*<a href=\"https:\/\/pl.wikipedia.org\/wiki\/Sawa_(wojew%C3%B3dztwo_ma%C5%82opolskie)\">Sawa<\/a>&nbsp;\u2013 wie\u015b w Polsce, w woj. ma\u0142opolskim, w pow. my\u015blenickim, w gminie  blisko <a href=\"https:\/\/www.google.com\/maps\/place\/32-410+Dobczyce\/@49.8795418,20.0082078,13z\/data=!3m1!4b1!4m15!1m8!3m7!1s0x4716148a13e971c7:0x7d894c21ab2b921!2s32-415+Raciechowice!3b1!8m2!3d49.8436831!4d20.1461961!16s%2Fm%2F04jhr9j!3m5!1s0x47166acd95d3121f:0xce888ec583b8f955!8m2!3d49.881374!4d20.0889444!16zL20vMDIybW5o?authuser=0&amp;entry=ttu&amp;g_ep=EgoyMDI1MDIyNi4xIKXMDSoJLDEwMjExNDU1SAFQAw%3D%3D\">Dobczyce<\/a>. W pobli\u017cu <a href=\"https:\/\/pl.wikipedia.org\/wiki\/Zamek_w_Dobczycach\">Zamek kr\u00f3lewski w Dobczycach<\/a><\/p>\n\n\n\n<p>Mogilany-&#8222;Po tym okresie by\u0142 to teren pa\u0144stwa&nbsp;<a href=\"https:\/\/pl.wikipedia.org\/wiki\/Wi%C5%9Blanie\">Wi\u015blan<\/a>, cz\u0119\u015b\u0107 legendarnej&nbsp;<a href=\"https:\/\/pl.wikipedia.org\/wiki\/Bia%C5%82a_Chorwacja\">Wielkiej Chrobacji<\/a>&nbsp;(<em>Belo Chrobaci<\/em>) z ksi\u0119ciem&nbsp;<a href=\"https:\/\/pl.wikipedia.org\/wiki\/Krak\">Krakiem<\/a>&nbsp;na czele. W IX&nbsp;w. (mi\u0119dzy 873 a 883&nbsp;r.)&nbsp;<a href=\"https:\/\/pl.wikipedia.org\/wiki\/Morawianie\">Morawianie<\/a>&nbsp;podbili Wi\u015blan, a&nbsp;<a href=\"https:\/\/pl.wikipedia.org\/wiki\/Cyryl_i_Metody\">\u015bw.Metody<\/a>&nbsp;ochrzci\u0142 ich w&nbsp;<a href=\"https:\/\/pl.wikipedia.org\/wiki\/Ryt_s%C5%82owia%C5%84ski\">obrz\u0105dku s\u0142owia\u0144skim<\/a>&nbsp;(<a href=\"https:\/\/pl.wikipedia.org\/wiki\/Prawos%C5%82awie\">prawos\u0142awnym<\/a>). P\u00f3\u017aniej nastali&nbsp;<a href=\"https:\/\/pl.wikipedia.org\/wiki\/Czesi\">Czesi<\/a>, a w czasach&nbsp;<a href=\"https:\/\/pl.wikipedia.org\/wiki\/Boles%C5%82aw_I_Chrobry\">Boles\u0142awa Chrobrego<\/a>&nbsp;ca\u0142a&nbsp;<a href=\"https:\/\/pl.wikipedia.org\/wiki\/Ma%C5%82opolska\">Ma\u0142opolska<\/a>&nbsp;wesz\u0142a w sk\u0142ad pa\u0144stwa polskiego&#8221;<\/p>\n\n\n\n<p>&#8222;W 1199 roku Mogilany przesz\u0142y w r\u0119ce prywatne \u2013 ksi\u0105\u017c\u0119&nbsp;<a href=\"https:\/\/pl.wikipedia.org\/wiki\/Leszek_Bia%C5%82y\">Leszek Bia\u0142y<\/a>&nbsp;podarowa\u0142 je swemu przyjacielowi,&nbsp;<a href=\"https:\/\/pl.wikipedia.org\/wiki\/Wojewodowie_sandomierscy\">wojewodzie sandomierskiemu<\/a>,&nbsp;<a href=\"https:\/\/pl.wikipedia.org\/wiki\/Goworek_(wojewoda_sandomierski)\">Goworkowi<\/a>. W 1231&nbsp;r. wdowa po Goworku, Mi\u0142os\u0142awa, darowa\u0142a dobra mogila\u0144skie&nbsp;<a href=\"https:\/\/pl.wikipedia.org\/wiki\/Wojewodowie_krakowscy\">wojewodzie krakowskiemu<\/a>&nbsp;<a href=\"https:\/\/pl.wikipedia.org\/wiki\/Teodor_Gryfita\">Teodorowi Gryficie<\/a>&#8222;.<\/p>\n\n\n\n<p>28.02.2025 18.12 <a href=\"https:\/\/www.youtube.com\/watch?v=XF6fjekqM48\">Ostatni najazd. Kl\u0119ska Mongo\u0142\u00f3w<\/a> Stary S\u0105cz 1287 r.<\/p>\n\n\n\n<p>&#8222;Podczas trzeciego ostatniego z najwi\u0119kszych najazd\u00f3w Mongo\u0142\u00f3w na Polsk\u0119 (1287\u20131288) wojska Nogaja i Telebogi ponownie uderzy\u0142y na Ma\u0142opolsk\u0119, siej\u0105c spustoszenie w Sandomierzu i Krakowie. W bitwie pod \u0141agowem <a href=\"https:\/\/www.youtube.com\/watch?v=XF6fjekqM48\">polscy rycerze pod wodz\u0105 ksi\u0119cia Leszka Czarnego<\/a> skutecznie odparli mongolski atak, zmuszaj\u0105c naje\u017ad\u017ac\u00f3w do wycofania si\u0119. Kolejne starcie pod Starym S\u0105czem mia\u0142o kluczowe znaczenie \u2013 obro\u0144cy grodu i okoliczni rycerze skutecznie zatrzymali wojska Telebogi, zmuszaj\u0105c je do odwrotu. Zwyci\u0119stwa te by\u0142y ostatnimi du\u017cymi starciami z Mongo\u0142ami na ziemiach polskich i przyczyni\u0142y si\u0119 do zako\u0144czenia ich wielkich najazd\u00f3w na nasz kraj&#8221;. \u0179r\u00f3d\u0142o: <a href=\"https:\/\/www.youtube.com\/@panzer-modelmaciej\">KANA\u0141 HISTORYCZNY<\/a><\/p>\n\n\n\n<p>13.04.2025 10.44 <a href=\"https:\/\/pl.wikipedia.org\/wiki\/Mongolskie_najazdy_na_Polsk%C4%99\">Mongolskie najazdy na Polsk\u0119<\/a> \u0179r\u00f3d\u0142o: Wikipedia<\/p>\n\n\n\n<p>Verte &gt;<a href=\"https:\/\/topol.org.pl\/?page_id=6187\">Fundacja Narodowe Si\u0142y Samoobrony \u201eGrot\u201d<\/a><\/p>\n\n\n\n<p><\/p>\n","protected":false},"excerpt":{"rendered":"<p>10.12.2023 19.28 W 2002 roku napisa\u0142em program wyborczy dla kandydata na Burmistrza Muszyny. Zaj\u0105\u0142 3 miejsce w wyborach.Program &#8222;Ksi\u0119stwo Muszy\u0144skie&#8221; zawiera\u0142 co trzeba zrealizowa\u0107 na terenie gminy Muszyna. Na zdj\u0119ciach poka\u017c\u0119 jak zmieni\u0142a si\u0119 Muszyna przez 20 lat, co zosta\u0142o zrobione z mojego programu. Napisa\u0142em program w 2002 roku. 01.03.2025 14.40 Historia-mamy bogat\u0105 histori\u0119. Bardzo [&hellip;]<\/p>\n","protected":false},"author":1,"featured_media":0,"parent":6704,"menu_order":7,"comment_status":"closed","ping_status":"closed","template":"","meta":{"footnotes":""},"class_list":["post-1106","page","type-page","status-publish","hentry"],"_links":{"self":[{"href":"https:\/\/topol.org.pl\/index.php?rest_route=\/wp\/v2\/pages\/1106","targetHints":{"allow":["GET"]}}],"collection":[{"href":"https:\/\/topol.org.pl\/index.php?rest_route=\/wp\/v2\/pages"}],"about":[{"href":"https:\/\/topol.org.pl\/index.php?rest_route=\/wp\/v2\/types\/page"}],"author":[{"embeddable":true,"href":"https:\/\/topol.org.pl\/index.php?rest_route=\/wp\/v2\/users\/1"}],"replies":[{"embeddable":true,"href":"https:\/\/topol.org.pl\/index.php?rest_route=%2Fwp%2Fv2%2Fcomments&post=1106"}],"version-history":[{"count":66,"href":"https:\/\/topol.org.pl\/index.php?rest_route=\/wp\/v2\/pages\/1106\/revisions"}],"predecessor-version":[{"id":11580,"href":"https:\/\/topol.org.pl\/index.php?rest_route=\/wp\/v2\/pages\/1106\/revisions\/11580"}],"up":[{"embeddable":true,"href":"https:\/\/topol.org.pl\/index.php?rest_route=\/wp\/v2\/pages\/6704"}],"wp:attachment":[{"href":"https:\/\/topol.org.pl\/index.php?rest_route=%2Fwp%2Fv2%2Fmedia&parent=1106"}],"curies":[{"name":"wp","href":"https:\/\/api.w.org\/{rel}","templated":true}]}}