{"id":11208,"date":"2025-04-07T19:12:31","date_gmt":"2025-04-07T17:12:31","guid":{"rendered":"https:\/\/topol.org.pl\/?page_id=11208"},"modified":"2025-08-23T14:24:22","modified_gmt":"2025-08-23T12:24:22","slug":"15-transport-rolnictwo","status":"publish","type":"page","link":"https:\/\/topol.org.pl\/?page_id=11208","title":{"rendered":"&amp; 15. Transport. Rolnictwo"},"content":{"rendered":"\n<p>&amp; 15. Transport. Rolnictwo<\/p>\n\n\n\n<p>Transport intermodalny<\/p>\n\n\n\n<p><strong>Dla zr\u00f3wnowa\u017conego rozwoju to dobre rozwi\u0105zanie, ale dla ekonomii transportu drogowego? Karty flotowe&nbsp;ORLEN FLOTA.<\/strong><\/p>\n\n\n\n<p><strong>To plan korporacji i interesariuszy. Ograniczy\u0107 lub zlikwidowa\u0107 rolnictwo. Sprowadza\u0107 \u017cywno\u015b\u0107 z&nbsp;Mercosur. Zlikwidowa\u0107 transport. I transportowa\u0107 kontenery zza oceanu. Gdzie jest nasze miejsce?<\/strong>&nbsp;<strong>To jest dobre dla zr\u00f3wnowa\u017conego rozwoju.<\/strong>&nbsp;<strong>Mo\u017ce jednak tego planu nie wspiera\u0107 z podatk\u00f3w.<\/strong>&nbsp;<strong>Czy do Argentyny nie wyje\u017cd\u017cali po (2W\u015a) wojnie\u2026?<\/strong><\/p>\n\n\n\n<p><strong>To prawda o ONZ ale steruj\u0105 tym interesariusze i korporacje chc\u0105 przenie\u015b\u0107 rolnictwo do Argentyny. W Europie mamy zlikwidowa\u0107 rolnictwo i transport samochodowy. Dlatego promuj\u0105 transport intermodalny. Globali\u015bci chc\u0105 wykorzysta\u0107 do tego transport kontenerowy zza oceanu. B\u0119dziemy pobiera\u0107 doch\u00f3d podstawowy. I wegetowa\u0107. Drugim zapleczem \u017cywno\u015bciowym ma by\u0107 Ukraina i zachodnie korporacje.<\/strong>&nbsp;<strong>Kim s\u0105 ci interesariusze?<\/strong><\/p>\n\n\n\n<p><strong>Moim zdaniem stoj\u0105 za tym Niemcy. Oni nie podpisali z nami po 2W\u015a traktatu pokojowego. Teraz prowadz\u0105 zn\u00f3w wojn\u0119 \u015bwiatow\u0105 ale nikt tego nie widzi.<\/strong>&nbsp;<strong>Dlatego s\u0105 emigranci, ETS i ESG i itd\u2026<\/strong><\/p>\n\n\n\n<p><strong>Maj\u0105 fabryki na terytorium Chin, nie wprowadzili c\u0142a na ich wyroby czyli samochody. Sami chc\u0105 wysy\u0142a\u0107 swoje samochody do Argentyny. W Europie g\u0142\u00f3d i ub\u00f3stwo. Ale nie dla nich, s\u0105 korporacj\u0105 o zasi\u0119gu globalnym. Nawet Amerykanie przekonali si\u0119, \u017ce korporacje nie dbaj\u0105 o pa\u0144stwo tylko o interes. Dlatego jak kto\u015b m\u00f3wi, \u017ce&nbsp;sprywatyzujemy najwi\u0119ksze firmy a zostawimy tylko firmy strategiczne&nbsp;to znaczy, \u017ce reprezentuje kapita\u0142 interesariuszy. I nie dba o pa\u0144stwo. Korporacje podobno transferuj\u0105 zyski i p\u0142ac\u0105 gdzie indziej podatki. Od podatk\u00f3w za nieruchomo\u015b\u0107, te\u017c cz\u0119sto s\u0105 zwolnieni. Jaki mamy zysk z ich pobytu. Ja jestem za kapitalizmem interesariuszy, ale w ramach sp\u00f3\u0142ek skarbu pa\u0144stwa. Z wi\u0119kszo\u015bciowym udzia\u0142em. One nie przenios\u0105 si\u0119 za granic\u0119 bo s\u0105 pa\u0144stwowe i tu p\u0142ac\u0105 podatki. Mo\u017ce firmy powinny by\u0107 odpolitycznione. Wynagrodzenie prezes\u00f3w w przyzwoitych ramach. Przecie\u017c to firmy pa\u0144stwowe czyli s\u0142u\u017cba dla pa\u0144stwa. Zatrudnienie w ramach konkurs\u00f3w a nie nadania partyjnego. Korporacje mog\u0105 si\u0119 niespodziewanie zwin\u0105\u0107 gdzie indziej i zostaniemy z niczym. W razie konfliktu zbrojnego wyjad\u0105. To samo ze s\u0142u\u017cb\u0105 zdrowia, musi by\u0107&nbsp;finansowana przez NFZ&nbsp;tak jak teraz.&nbsp;Szpitale musz\u0105 by\u0107 pa\u0144stwowe. Mog\u0105 by\u0107 te\u017c prywatne, jak kto\u015b sobie pobuduje. Ale nie przejmie za \u201enull\u201d czyli zero.<\/strong><\/p>\n\n\n\n<p><strong>Trzeba obni\u017cy\u0107 pensje personelu medycznego. Natychmiast. Ta podwy\u017cka by\u0142a dlatego, \u017ceby sprywatyzowa\u0107 s\u0142u\u017cb\u0119 zdrowia. To samo z pensj\u0105 minimaln\u0105. Pracodawc\u00f3w nie sta\u0107 na podnoszenie pensji minimalnej.<\/strong>&nbsp;<strong>Dlatego zamykaj\u0105 firmy.<\/strong>&nbsp;<strong>Wszystko przejm\u0105 korporacje. Chyba o to chodzi.<\/strong>&nbsp;<strong>Na s\u0142u\u017cb\u0119 zdrowia jest przewidziany bud\u017cet, kt\u00f3rego nie mo\u017cna przekroczy\u0107.<\/strong>&nbsp;<strong>Nie mo\u017cna wyp\u0142aca\u0107 pensji, sk\u0142adek do ZUS i podatk\u00f3w z kredytu.<\/strong>&nbsp;<strong>Bo nas zlicytuj\u0105 bankierzy.<\/strong>&nbsp;<strong>W takim wypadku firma og\u0142asza upad\u0142o\u015b\u0107.<\/strong>&nbsp;<strong>Nie zlicytuj\u0105 szpitala tylko ca\u0142\u0105 Polsk\u0119.<\/strong><\/p>\n\n\n\n<p><\/p>\n","protected":false},"excerpt":{"rendered":"<p>&amp; 15. Transport. Rolnictwo Transport intermodalny Dla zr\u00f3wnowa\u017conego rozwoju to dobre rozwi\u0105zanie, ale dla ekonomii transportu drogowego? Karty flotowe&nbsp;ORLEN FLOTA. To plan korporacji i interesariuszy. Ograniczy\u0107 lub zlikwidowa\u0107 rolnictwo. Sprowadza\u0107 \u017cywno\u015b\u0107 z&nbsp;Mercosur. Zlikwidowa\u0107 transport. I transportowa\u0107 kontenery zza oceanu. Gdzie jest nasze miejsce?&nbsp;To jest dobre dla zr\u00f3wnowa\u017conego rozwoju.&nbsp;Mo\u017ce jednak tego planu nie wspiera\u0107 z podatk\u00f3w.&nbsp;Czy [&hellip;]<\/p>\n","protected":false},"author":1,"featured_media":0,"parent":47,"menu_order":16,"comment_status":"closed","ping_status":"closed","template":"","meta":{"footnotes":""},"class_list":["post-11208","page","type-page","status-publish","hentry"],"_links":{"self":[{"href":"https:\/\/topol.org.pl\/index.php?rest_route=\/wp\/v2\/pages\/11208","targetHints":{"allow":["GET"]}}],"collection":[{"href":"https:\/\/topol.org.pl\/index.php?rest_route=\/wp\/v2\/pages"}],"about":[{"href":"https:\/\/topol.org.pl\/index.php?rest_route=\/wp\/v2\/types\/page"}],"author":[{"embeddable":true,"href":"https:\/\/topol.org.pl\/index.php?rest_route=\/wp\/v2\/users\/1"}],"replies":[{"embeddable":true,"href":"https:\/\/topol.org.pl\/index.php?rest_route=%2Fwp%2Fv2%2Fcomments&post=11208"}],"version-history":[{"count":1,"href":"https:\/\/topol.org.pl\/index.php?rest_route=\/wp\/v2\/pages\/11208\/revisions"}],"predecessor-version":[{"id":11209,"href":"https:\/\/topol.org.pl\/index.php?rest_route=\/wp\/v2\/pages\/11208\/revisions\/11209"}],"up":[{"embeddable":true,"href":"https:\/\/topol.org.pl\/index.php?rest_route=\/wp\/v2\/pages\/47"}],"wp:attachment":[{"href":"https:\/\/topol.org.pl\/index.php?rest_route=%2Fwp%2Fv2%2Fmedia&parent=11208"}],"curies":[{"name":"wp","href":"https:\/\/api.w.org\/{rel}","templated":true}]}}