{"id":11237,"date":"2025-04-07T19:53:45","date_gmt":"2025-04-07T17:53:45","guid":{"rendered":"https:\/\/topol.org.pl\/?page_id=11237"},"modified":"2025-08-23T14:26:43","modified_gmt":"2025-08-23T12:26:43","slug":"27-koniec-ery-bylego-czlowieka","status":"publish","type":"page","link":"https:\/\/topol.org.pl\/?page_id=11237","title":{"rendered":"&amp; 27\u00a0Koniec ery by\u0142ego cz\u0142owieka"},"content":{"rendered":"\n<p><strong>W dniu 05.02.2025 uzupe\u0142ni\u0142em Konstytucj\u0119 z 11.10.2023 r.<\/strong><\/p>\n\n\n\n<p>&amp; 27&nbsp;<strong>Koniec ery by\u0142ego cz\u0142owieka, je\u015bli nie wybierzemy dobrze&nbsp;<a href=\"https:\/\/topol.org.pl\/?page_id=8695\">Prezydenta<\/a>.<\/strong><\/p>\n\n\n\n<p><strong>Tylko \u201e<a href=\"https:\/\/topol.org.pl\/?page_id=4512\">Pa\u0144stwo Z\u0142otego \u015arodka<\/a>\u201d jako r\u00f3wnowaga si\u0142 mi\u0119dzy wschodem a zachodem, mo\u017ce zmieni\u0107 sytuacj\u0119. Dla nas najwi\u0119kszym zagro\u017ceniem s\u0105 Niemcy. W\u0142a\u015bciwie p\u0142ot powinien by\u0107 po zachodniej stronie. \u017beby powstrzyma\u0107 Niemcy , potrzebni s\u0105 Amerykanie i ich wojsko w&nbsp;<a href=\"https:\/\/en.wikipedia.org\/wiki\/Ramstein_Air_Base\">Ramstein Air Base<\/a>. Amerykanie mog\u0105 zdominowa\u0107 Europ\u0119 i pilnowa\u0107. Polska b\u0119dzie dystrybutorem mi\u0119dzy wschodem i zachodem. \u201e<a href=\"https:\/\/topol.org.pl\/?page_id=7594\">Kr\u00f3lestwo Wielkiej Lechii<\/a>\u201d (Tr\u00f3jmorze) zapewni dobrobyt dla Europy Wschodniej.<\/strong>&nbsp;<strong>B\u0119dziemy prowadzili w\u0142asn\u0105 polityk\u0119 zagraniczn\u0105 i&nbsp;<a href=\"https:\/\/topol.org.pl\/?page_id=7350\">obronn\u0105<\/a>.<\/strong>&nbsp;<strong>Nie mo\u017cemy wchodzi\u0107 w uk\u0142ad BRICS. To krypto waluta, sztuczny cyfrowy pieni\u0105dz. Musimy zachowa\u0107 suwerenno\u015b\u0107 w p\u0142atno\u015bci Z\u0142oty-m. Tak jak Amerykanie zrezygnujemy z&nbsp;<a href=\"https:\/\/nbp.pl\/system-platniczy\/dane-i-analizy\/analizy-i-opracowania\/pieniadz-cyfrowy-banku-centralnego\/\">CDBC<\/a>.<\/strong>&nbsp;<strong>Nie da si\u0119 zniszczy\u0107 Rosji, nie da si\u0119 zniszczy\u0107 USA i nie da si\u0119 zniszczy\u0107 Chin. Trzeba zrozumie\u0107 sytuacj\u0119 i skorzysta\u0107 na tym, \u017ce jeste\u015bmy centrum \u015bwiata.<\/strong>&nbsp;<strong>Tak jak w \u015bredniowieczu. Wtedy jeszcze nie odkryli Ameryki.<\/strong><\/p>\n","protected":false},"excerpt":{"rendered":"<p>W dniu 05.02.2025 uzupe\u0142ni\u0142em Konstytucj\u0119 z 11.10.2023 r. &amp; 27&nbsp;Koniec ery by\u0142ego cz\u0142owieka, je\u015bli nie wybierzemy dobrze&nbsp;Prezydenta. Tylko \u201ePa\u0144stwo Z\u0142otego \u015arodka\u201d jako r\u00f3wnowaga si\u0142 mi\u0119dzy wschodem a zachodem, mo\u017ce zmieni\u0107 sytuacj\u0119. Dla nas najwi\u0119kszym zagro\u017ceniem s\u0105 Niemcy. W\u0142a\u015bciwie p\u0142ot powinien by\u0107 po zachodniej stronie. \u017beby powstrzyma\u0107 Niemcy , potrzebni s\u0105 Amerykanie i ich wojsko w&nbsp;Ramstein [&hellip;]<\/p>\n","protected":false},"author":1,"featured_media":0,"parent":47,"menu_order":28,"comment_status":"closed","ping_status":"closed","template":"","meta":{"footnotes":""},"class_list":["post-11237","page","type-page","status-publish","hentry"],"_links":{"self":[{"href":"https:\/\/topol.org.pl\/index.php?rest_route=\/wp\/v2\/pages\/11237","targetHints":{"allow":["GET"]}}],"collection":[{"href":"https:\/\/topol.org.pl\/index.php?rest_route=\/wp\/v2\/pages"}],"about":[{"href":"https:\/\/topol.org.pl\/index.php?rest_route=\/wp\/v2\/types\/page"}],"author":[{"embeddable":true,"href":"https:\/\/topol.org.pl\/index.php?rest_route=\/wp\/v2\/users\/1"}],"replies":[{"embeddable":true,"href":"https:\/\/topol.org.pl\/index.php?rest_route=%2Fwp%2Fv2%2Fcomments&post=11237"}],"version-history":[{"count":2,"href":"https:\/\/topol.org.pl\/index.php?rest_route=\/wp\/v2\/pages\/11237\/revisions"}],"predecessor-version":[{"id":11239,"href":"https:\/\/topol.org.pl\/index.php?rest_route=\/wp\/v2\/pages\/11237\/revisions\/11239"}],"up":[{"embeddable":true,"href":"https:\/\/topol.org.pl\/index.php?rest_route=\/wp\/v2\/pages\/47"}],"wp:attachment":[{"href":"https:\/\/topol.org.pl\/index.php?rest_route=%2Fwp%2Fv2%2Fmedia&parent=11237"}],"curies":[{"name":"wp","href":"https:\/\/api.w.org\/{rel}","templated":true}]}}