{"id":11240,"date":"2025-04-07T19:58:53","date_gmt":"2025-04-07T17:58:53","guid":{"rendered":"https:\/\/topol.org.pl\/?page_id=11240"},"modified":"2025-08-23T14:26:52","modified_gmt":"2025-08-23T12:26:52","slug":"28-obrona-cywilna","status":"publish","type":"page","link":"https:\/\/topol.org.pl\/?page_id=11240","title":{"rendered":"&amp; 28\u00a0Obrona cywilna."},"content":{"rendered":"\n<p>&amp; 28&nbsp;<strong>Obrona cywilna.<\/strong>&nbsp;<strong>Wys\u0142ucha\u0142em nagrania, jestem zbulwersowany.<\/strong><\/p>\n\n\n\n<p><strong>Powstaje projekt, kt\u00f3ry stwarza zagro\u017cenie dla funkcjonowania pa\u0144stwa. Zdecydowanie go odrzucam. Ukraina dobrze zaplanowa\u0142a. Ludzie kt\u00f3rzy chc\u0105 budowa\u0107 form\u0119 cywilnego oporu musz\u0105 dzia\u0142a\u0107 na swoim terenie, b\u0119d\u0105 uzbrojeni. B\u0119dzie powszechny dost\u0119p do broni. W moim pa\u0144stwie nie b\u0119dzie cenzury, ogranicze\u0144 w przemieszczaniu i przymusu obrony ojczyzny. To co powiedzia\u0142 ten pan to zagro\u017cenie dla obywateli. Naprawd\u0119 sytuacja si\u0119 zmieni\u0142a. Jak wys\u0142ucha\u0142em, dochodz\u0119 do wniosku, \u017ce w ko\u0142o s\u0105 szale\u0144cy. Dochodz\u0105 do g\u0142osu niebezpieczni ludzie. Ci co b\u0119d\u0105 chcieli wyjecha\u0107 maj\u0105 do tego prawo. Nie zak\u0142adam, \u017ce Rosjanie nas zaatakuj\u0105. Bia\u0142oru\u015b te\u017c nam nie zagra\u017ca. Zagra\u017caj\u0105 nam nieodpowiedzialni ludzie. Dlatego na pewno przerw\u0119 te plany.<\/strong>&nbsp;<strong>Gdyby pa\u0144stwo zorganizowa\u0142o taki projekt lub go popar\u0142o, to ja b\u0119d\u0119 walczy\u0142 z takim pa\u0144stwem. To jest totalitaryzm.<\/strong>&nbsp;<strong>Obrona cywilna mo\u017ce by\u0107 tylko dobrowolna.<\/strong>&nbsp;<strong>Obrona cywilna ma dzia\u0142a\u0107 na terenie zamieszkania.<\/strong>&nbsp;<strong>Nie planujcie wojny na naszym terytorium.<\/strong>&nbsp;<strong>Ludzie maj\u0105 by\u0107 uzbrojeni poniewa\u017c w czasie 2W\u015a Niemcy po wej\u015bciu na nasze terytorium likwidowali Polak\u00f3w przez rozstrzelanie i wywozili ich do oboz\u00f3w.<\/strong>&nbsp;<strong>Mamy si\u0119 broni\u0107 na terytorium wroga. Czyli w razie ataku mamy przemie\u015bci\u0107 wojsko na terytorium wroga, b\u0119dziemy atakowali terytorium wroga. Przy pomocy dron\u00f3w, artylerii. Samolot\u00f3w helikopter\u00f3w. Na terytorium pa\u0144stwa b\u0119dzie broni\u0142a si\u0119 obrona cywilna i obrona terytorialna. Obrona ma by\u0107 rozproszona, jeszcze raz rozproszona.<\/strong>&nbsp;<strong>Ci co b\u0119d\u0105 chcieli ewakuowa\u0107 rodzin\u0119 maj\u0105 do tego prawo.<\/strong><\/p>\n","protected":false},"excerpt":{"rendered":"<p>&amp; 28&nbsp;Obrona cywilna.&nbsp;Wys\u0142ucha\u0142em nagrania, jestem zbulwersowany. Powstaje projekt, kt\u00f3ry stwarza zagro\u017cenie dla funkcjonowania pa\u0144stwa. Zdecydowanie go odrzucam. Ukraina dobrze zaplanowa\u0142a. Ludzie kt\u00f3rzy chc\u0105 budowa\u0107 form\u0119 cywilnego oporu musz\u0105 dzia\u0142a\u0107 na swoim terenie, b\u0119d\u0105 uzbrojeni. B\u0119dzie powszechny dost\u0119p do broni. W moim pa\u0144stwie nie b\u0119dzie cenzury, ogranicze\u0144 w przemieszczaniu i przymusu obrony ojczyzny. To co powiedzia\u0142 [&hellip;]<\/p>\n","protected":false},"author":1,"featured_media":0,"parent":47,"menu_order":29,"comment_status":"closed","ping_status":"closed","template":"","meta":{"footnotes":""},"class_list":["post-11240","page","type-page","status-publish","hentry"],"_links":{"self":[{"href":"https:\/\/topol.org.pl\/index.php?rest_route=\/wp\/v2\/pages\/11240","targetHints":{"allow":["GET"]}}],"collection":[{"href":"https:\/\/topol.org.pl\/index.php?rest_route=\/wp\/v2\/pages"}],"about":[{"href":"https:\/\/topol.org.pl\/index.php?rest_route=\/wp\/v2\/types\/page"}],"author":[{"embeddable":true,"href":"https:\/\/topol.org.pl\/index.php?rest_route=\/wp\/v2\/users\/1"}],"replies":[{"embeddable":true,"href":"https:\/\/topol.org.pl\/index.php?rest_route=%2Fwp%2Fv2%2Fcomments&post=11240"}],"version-history":[{"count":1,"href":"https:\/\/topol.org.pl\/index.php?rest_route=\/wp\/v2\/pages\/11240\/revisions"}],"predecessor-version":[{"id":11241,"href":"https:\/\/topol.org.pl\/index.php?rest_route=\/wp\/v2\/pages\/11240\/revisions\/11241"}],"up":[{"embeddable":true,"href":"https:\/\/topol.org.pl\/index.php?rest_route=\/wp\/v2\/pages\/47"}],"wp:attachment":[{"href":"https:\/\/topol.org.pl\/index.php?rest_route=%2Fwp%2Fv2%2Fmedia&parent=11240"}],"curies":[{"name":"wp","href":"https:\/\/api.w.org\/{rel}","templated":true}]}}