{"id":11247,"date":"2025-04-07T20:07:02","date_gmt":"2025-04-07T18:07:02","guid":{"rendered":"https:\/\/topol.org.pl\/?page_id=11247"},"modified":"2025-08-23T14:27:18","modified_gmt":"2025-08-23T12:27:18","slug":"31-wybory-powszechne-sondaze","status":"publish","type":"page","link":"https:\/\/topol.org.pl\/?page_id=11247","title":{"rendered":"&amp; 31 Wybory powszechne. Sonda\u017ce."},"content":{"rendered":"\n<p>&amp; 31 Wybory powszechne. Sonda\u017ce.<\/p>\n\n\n\n<p class=\"has-primary-background-color has-background\"><strong>Je\u015bli b\u0119d\u0105 przedstawiane najnowsze sonda\u017ce, bez rzetelnych danych to wybory zostan\u0105 uniewa\u017cnione przez&nbsp;<a href=\"https:\/\/www.google.com\/search?q=Niezawis%C5%82y+S%C4%85d&amp;oq=Niezawis%C5%82y+S%C4%85d&amp;gs_lcrp=EgZjaHJvbWUyBggAEEUYOdIBCTI0MTFqMGoxNagCCLACAQ&amp;sourceid=chrome&amp;ie=UTF-8\">niezawis\u0142y s\u0105d<\/a>. Nale\u017cy zakaza\u0107 sonda\u017cy poniewa\u017c wp\u0142ywaj\u0105 na wyborc\u00f3w. Wybory s\u0105 zmanipulowane przez przekaz mainstreamowy.<\/strong>&nbsp;<strong>Prekampania jest chyba nielegalna.<\/strong><\/p>\n\n\n\n<p><strong>Wybory powszechne na Prezydenta to referendum, pozwalaj\u0105ce na takie zmiany.<\/strong><\/p>\n\n\n\n<p><\/p>\n","protected":false},"excerpt":{"rendered":"<p>&amp; 31 Wybory powszechne. Sonda\u017ce. Je\u015bli b\u0119d\u0105 przedstawiane najnowsze sonda\u017ce, bez rzetelnych danych to wybory zostan\u0105 uniewa\u017cnione przez&nbsp;niezawis\u0142y s\u0105d. Nale\u017cy zakaza\u0107 sonda\u017cy poniewa\u017c wp\u0142ywaj\u0105 na wyborc\u00f3w. Wybory s\u0105 zmanipulowane przez przekaz mainstreamowy.&nbsp;Prekampania jest chyba nielegalna. Wybory powszechne na Prezydenta to referendum, pozwalaj\u0105ce na takie zmiany.<\/p>\n","protected":false},"author":1,"featured_media":0,"parent":47,"menu_order":32,"comment_status":"closed","ping_status":"closed","template":"","meta":{"footnotes":""},"class_list":["post-11247","page","type-page","status-publish","hentry"],"_links":{"self":[{"href":"https:\/\/topol.org.pl\/index.php?rest_route=\/wp\/v2\/pages\/11247","targetHints":{"allow":["GET"]}}],"collection":[{"href":"https:\/\/topol.org.pl\/index.php?rest_route=\/wp\/v2\/pages"}],"about":[{"href":"https:\/\/topol.org.pl\/index.php?rest_route=\/wp\/v2\/types\/page"}],"author":[{"embeddable":true,"href":"https:\/\/topol.org.pl\/index.php?rest_route=\/wp\/v2\/users\/1"}],"replies":[{"embeddable":true,"href":"https:\/\/topol.org.pl\/index.php?rest_route=%2Fwp%2Fv2%2Fcomments&post=11247"}],"version-history":[{"count":2,"href":"https:\/\/topol.org.pl\/index.php?rest_route=\/wp\/v2\/pages\/11247\/revisions"}],"predecessor-version":[{"id":12290,"href":"https:\/\/topol.org.pl\/index.php?rest_route=\/wp\/v2\/pages\/11247\/revisions\/12290"}],"up":[{"embeddable":true,"href":"https:\/\/topol.org.pl\/index.php?rest_route=\/wp\/v2\/pages\/47"}],"wp:attachment":[{"href":"https:\/\/topol.org.pl\/index.php?rest_route=%2Fwp%2Fv2%2Fmedia&parent=11247"}],"curies":[{"name":"wp","href":"https:\/\/api.w.org\/{rel}","templated":true}]}}