{"id":11303,"date":"2025-04-08T21:53:35","date_gmt":"2025-04-08T19:53:35","guid":{"rendered":"https:\/\/topol.org.pl\/?page_id=11303"},"modified":"2025-07-02T06:52:16","modified_gmt":"2025-07-02T04:52:16","slug":"zabojstwo-panstwa-zabojstwo-narodu-nic-to","status":"publish","type":"page","link":"https:\/\/topol.org.pl\/?page_id=11303","title":{"rendered":"Zab\u00f3jstwo Pa\u0144stwa. Zab\u00f3jstwo narodu. &#8222;Nic to&#8221;"},"content":{"rendered":"\n<p>08.04.2025 21.44 Jan Maciejewski, Jacek Dukaj, Micha\u0142 \u0141uczewski. PREMIERA KSI\u0104\u017bKI \u201eNIC TO\u201d \u0179r\u00f3d\u0142o: <a href=\"https:\/\/www.youtube.com\/@klub.jagiellonski\">Klub Jagiello\u0144ski<\/a><\/p>\n\n\n\n<p>Zab\u00f3jstwo Pa\u0144stwa. Zab\u00f3jstwo narodu. Okoliczno\u015bci, \u017ce stali\u015bmy si\u0119 koz\u0142em ofiarnym by\u0142y nasz\u0105 win\u0105. Teraz sytuacja si\u0119 powtarza i wszyscy s\u0105 winni, \u017ce zamiast si\u0119 zjednoczy\u0107, d\u0105\u017cymy do urzeczywistnienia roli koz\u0142a ofiarnego Europy. Przecie\u017c ta wojna na Ukrainie jest po to \u017ceby odebra\u0107 nam Polsk\u0119. Dzisiaj dowiedzia\u0142em si\u0119 o muzeum Prus na Warmii i znowu stoi za tym ta sama instytucja wspieraj\u0105ca, <strong>pod auspicjami <a href=\"https:\/\/dorzeczy.pl\/opinie\/712017\/powstalo-muzeum-prus-gornych-radny-pis-prezent-dla-niemcow.html\">Ministerstwa Kultury i&nbsp;Dziedzictwa Narodowego<\/a><\/strong>.<\/p>\n\n\n\n<p>23.03.2024&nbsp;napisa\u0142em.&nbsp;<a href=\"https:\/\/www.youtube.com\/watch?v=YlqtJk570LI\"><strong>Dlaczego ten film jest firmowany przez Ministra Kultury i&nbsp;Dziedzictwa Narodowego<\/strong><\/a>.<\/p>\n\n\n\n<p>08.04.2025 21.46 &#8222;<a href=\"https:\/\/dorzeczy.pl\/opinie\/711276\/lisicki-partia-wojny-woli-zdobyc-moskwe-czy-wciagna-polske.html\">Ich rozejm nie\u00a0interesuje. Partia wojny woli zdoby\u0107 Moskw\u0119. Czy\u00a0wci\u0105gn\u0105 Polsk\u0119?<\/a>&#8221; \u0179r\u00f3d\u0142o: DoRzeczy.pl<\/p>\n\n\n\n<p>&#8222;<a href=\"https:\/\/dorzeczy.pl\/kraj\/712074\/tusk-o-decyzji-usa-amerykanie-nas-uprzedzali-zadne-zaskoczenie.html\">W&nbsp;misj\u0119 w&nbsp;Jasionce zaanga\u017cowane s\u0105 g\u0142\u00f3wnie wojska norweskie, niemieckie, brytyjskie i&nbsp;polskie oraz&nbsp;inni sojusznicy<\/a>&#8221; \u2013&nbsp;przekaza\u0142 Premier<\/p>\n\n\n\n<h4 class=\"wp-block-heading\"><a href=\"https:\/\/topol.org.pl\/?page_id=11205\">&amp; 14. Traktat ottawski. Moja doktryna.<\/a><\/h4>\n\n\n\n<p><a href=\"https:\/\/topol.org.pl\/?page_id=6187\">Fundacja: Narodowe Si\u0142y Samoobrony \u201eGrot\u201d<\/a><\/p>\n\n\n\n<p><\/p>\n","protected":false},"excerpt":{"rendered":"<p>08.04.2025 21.44 Jan Maciejewski, Jacek Dukaj, Micha\u0142 \u0141uczewski. PREMIERA KSI\u0104\u017bKI \u201eNIC TO\u201d \u0179r\u00f3d\u0142o: Klub Jagiello\u0144ski Zab\u00f3jstwo Pa\u0144stwa. Zab\u00f3jstwo narodu. Okoliczno\u015bci, \u017ce stali\u015bmy si\u0119 koz\u0142em ofiarnym by\u0142y nasz\u0105 win\u0105. Teraz sytuacja si\u0119 powtarza i wszyscy s\u0105 winni, \u017ce zamiast si\u0119 zjednoczy\u0107, d\u0105\u017cymy do urzeczywistnienia roli koz\u0142a ofiarnego Europy. Przecie\u017c ta wojna na Ukrainie jest po to [&hellip;]<\/p>\n","protected":false},"author":1,"featured_media":0,"parent":10863,"menu_order":4,"comment_status":"closed","ping_status":"closed","template":"","meta":{"footnotes":""},"class_list":["post-11303","page","type-page","status-publish","hentry"],"_links":{"self":[{"href":"https:\/\/topol.org.pl\/index.php?rest_route=\/wp\/v2\/pages\/11303","targetHints":{"allow":["GET"]}}],"collection":[{"href":"https:\/\/topol.org.pl\/index.php?rest_route=\/wp\/v2\/pages"}],"about":[{"href":"https:\/\/topol.org.pl\/index.php?rest_route=\/wp\/v2\/types\/page"}],"author":[{"embeddable":true,"href":"https:\/\/topol.org.pl\/index.php?rest_route=\/wp\/v2\/users\/1"}],"replies":[{"embeddable":true,"href":"https:\/\/topol.org.pl\/index.php?rest_route=%2Fwp%2Fv2%2Fcomments&post=11303"}],"version-history":[{"count":8,"href":"https:\/\/topol.org.pl\/index.php?rest_route=\/wp\/v2\/pages\/11303\/revisions"}],"predecessor-version":[{"id":11379,"href":"https:\/\/topol.org.pl\/index.php?rest_route=\/wp\/v2\/pages\/11303\/revisions\/11379"}],"up":[{"embeddable":true,"href":"https:\/\/topol.org.pl\/index.php?rest_route=\/wp\/v2\/pages\/10863"}],"wp:attachment":[{"href":"https:\/\/topol.org.pl\/index.php?rest_route=%2Fwp%2Fv2%2Fmedia&parent=11303"}],"curies":[{"name":"wp","href":"https:\/\/api.w.org\/{rel}","templated":true}]}}