{"id":11486,"date":"2025-04-14T19:59:15","date_gmt":"2025-04-14T17:59:15","guid":{"rendered":"https:\/\/topol.org.pl\/?page_id=11486"},"modified":"2025-07-02T06:51:42","modified_gmt":"2025-07-02T04:51:42","slug":"hold-pruski-obraz-jana-matejki","status":"publish","type":"page","link":"https:\/\/topol.org.pl\/?page_id=11486","title":{"rendered":"Ho\u0142d pruski (obraz Jana Matejki)"},"content":{"rendered":"\n<p><a href=\"https:\/\/pl.wikipedia.org\/wiki\/Ho%C5%82d_pruski_(obraz_Jana_Matejki)\">Ho\u0142d pruski (obraz Jana Matejki)<\/a><\/p>\n\n\n\n<figure class=\"wp-block-image size-large\"><a href=\"https:\/\/pl.wikipedia.org\/wiki\/Ho%C5%82d_pruski_(obraz_Jana_Matejki)\"><img loading=\"lazy\" decoding=\"async\" width=\"1024\" height=\"733\" src=\"https:\/\/topol.org.pl\/wp-content\/uploads\/2025\/04\/Gallery_of_19th-Century_Polish_Art_in_the_Sukiennice_2022_07-1024x733.jpg\" alt=\"\" class=\"wp-image-11487\" srcset=\"https:\/\/topol.org.pl\/wp-content\/uploads\/2025\/04\/Gallery_of_19th-Century_Polish_Art_in_the_Sukiennice_2022_07-1024x733.jpg 1024w, https:\/\/topol.org.pl\/wp-content\/uploads\/2025\/04\/Gallery_of_19th-Century_Polish_Art_in_the_Sukiennice_2022_07-300x215.jpg 300w, https:\/\/topol.org.pl\/wp-content\/uploads\/2025\/04\/Gallery_of_19th-Century_Polish_Art_in_the_Sukiennice_2022_07-768x550.jpg 768w, https:\/\/topol.org.pl\/wp-content\/uploads\/2025\/04\/Gallery_of_19th-Century_Polish_Art_in_the_Sukiennice_2022_07-1536x1099.jpg 1536w, https:\/\/topol.org.pl\/wp-content\/uploads\/2025\/04\/Gallery_of_19th-Century_Polish_Art_in_the_Sukiennice_2022_07-2048x1465.jpg 2048w\" sizes=\"auto, (max-width: 1024px) 100vw, 1024px\" \/><\/a><\/figure>\n\n\n\n<p>\u0179r\u00f3d\u0142o: Wikipedia<\/p>\n\n\n\n<p>Verte &gt;<a href=\"https:\/\/topol.org.pl\/?page_id=6187\">Fundacja Narodowe Si\u0142y Samoobrony \u201eGrot\u201d<\/a><\/p>\n\n\n\n<p><\/p>\n","protected":false},"excerpt":{"rendered":"<p>Ho\u0142d pruski (obraz Jana Matejki) \u0179r\u00f3d\u0142o: Wikipedia Verte &gt;Fundacja Narodowe Si\u0142y Samoobrony \u201eGrot\u201d<\/p>\n","protected":false},"author":1,"featured_media":0,"parent":10863,"menu_order":2,"comment_status":"closed","ping_status":"closed","template":"","meta":{"footnotes":""},"class_list":["post-11486","page","type-page","status-publish","hentry"],"_links":{"self":[{"href":"https:\/\/topol.org.pl\/index.php?rest_route=\/wp\/v2\/pages\/11486","targetHints":{"allow":["GET"]}}],"collection":[{"href":"https:\/\/topol.org.pl\/index.php?rest_route=\/wp\/v2\/pages"}],"about":[{"href":"https:\/\/topol.org.pl\/index.php?rest_route=\/wp\/v2\/types\/page"}],"author":[{"embeddable":true,"href":"https:\/\/topol.org.pl\/index.php?rest_route=\/wp\/v2\/users\/1"}],"replies":[{"embeddable":true,"href":"https:\/\/topol.org.pl\/index.php?rest_route=%2Fwp%2Fv2%2Fcomments&post=11486"}],"version-history":[{"count":4,"href":"https:\/\/topol.org.pl\/index.php?rest_route=\/wp\/v2\/pages\/11486\/revisions"}],"predecessor-version":[{"id":11491,"href":"https:\/\/topol.org.pl\/index.php?rest_route=\/wp\/v2\/pages\/11486\/revisions\/11491"}],"up":[{"embeddable":true,"href":"https:\/\/topol.org.pl\/index.php?rest_route=\/wp\/v2\/pages\/10863"}],"wp:attachment":[{"href":"https:\/\/topol.org.pl\/index.php?rest_route=%2Fwp%2Fv2%2Fmedia&parent=11486"}],"curies":[{"name":"wp","href":"https:\/\/api.w.org\/{rel}","templated":true}]}}