{"id":11606,"date":"2025-04-18T20:34:17","date_gmt":"2025-04-18T18:34:17","guid":{"rendered":"https:\/\/topol.org.pl\/?page_id=11606"},"modified":"2025-04-18T22:27:48","modified_gmt":"2025-04-18T20:27:48","slug":"parasol-nuklearny-w-polsce","status":"publish","type":"page","link":"https:\/\/topol.org.pl\/?page_id=11606","title":{"rendered":"Parasol nuklearny w Polsce!"},"content":{"rendered":"\n<p>18.04.2025 20.32 <a href=\"https:\/\/www.youtube.com\/watch?v=PutI5I5-G_A\">A. Duda: Parasol nuklearny w Polsce! Bezpiecze\u0144stwo czy niepotrzebne ryzyko?<\/a> \u0179r\u00f3d\u0142o: <a href=\"https:\/\/www.youtube.com\/@TomaszPiekielnik\">Tomasz Piekielnik<\/a><\/p>\n\n\n\n<p><strong>Mam poczucie, \u017ce przeznaczyli Polsk\u0119 na zag\u0142ad\u0119.<\/strong> <strong>Kiedy Polacy si\u0119 obudz\u0105.<\/strong> <strong>Szykuj\u0105 nam zag\u0142ad\u0119. Wyparujemy jak nas zaczn\u0105 broni\u0107.<\/strong> <strong>Powinni\u015bmy strzec si\u0119 takich przyjaci\u00f3\u0142. Ju\u017c raz nas zdradzili w czasie 2 W\u015a. Francuzi i Anglicy nas zdradzili a <a href=\"https:\/\/topol.org.pl\/?page_id=9055\">Niemcy wymordowali 10 milion\u00f3w Polak\u00f3w<\/a>.<\/strong> <strong>Realizuj\u0105 zag\u0142ad\u0119.<\/strong> <strong>Odsu\u0144my ich od w\u0142adzy. To nieodpowiedzialne, nieobliczalne szale\u0144stwo.<\/strong> <strong>Podpisali\u015bmy umow\u0119 o nierozprzestrzenianiu broni j\u0105drowej.<\/strong><\/p>\n\n\n\n<p>Verte &gt;<a href=\"https:\/\/topol.org.pl\/?page_id=6187\">Fundacja Narodowe Si\u0142y Samoobrony \u201eGrot\u201d<\/a><\/p>\n","protected":false},"excerpt":{"rendered":"<p>18.04.2025 20.32 A. Duda: Parasol nuklearny w Polsce! Bezpiecze\u0144stwo czy niepotrzebne ryzyko? \u0179r\u00f3d\u0142o: Tomasz Piekielnik Mam poczucie, \u017ce przeznaczyli Polsk\u0119 na zag\u0142ad\u0119. Kiedy Polacy si\u0119 obudz\u0105. Szykuj\u0105 nam zag\u0142ad\u0119. Wyparujemy jak nas zaczn\u0105 broni\u0107. Powinni\u015bmy strzec si\u0119 takich przyjaci\u00f3\u0142. Ju\u017c raz nas zdradzili w czasie 2 W\u015a. Francuzi i Anglicy nas zdradzili a Niemcy wymordowali [&hellip;]<\/p>\n","protected":false},"author":1,"featured_media":0,"parent":9960,"menu_order":0,"comment_status":"closed","ping_status":"closed","template":"","meta":{"footnotes":""},"class_list":["post-11606","page","type-page","status-publish","hentry"],"_links":{"self":[{"href":"https:\/\/topol.org.pl\/index.php?rest_route=\/wp\/v2\/pages\/11606","targetHints":{"allow":["GET"]}}],"collection":[{"href":"https:\/\/topol.org.pl\/index.php?rest_route=\/wp\/v2\/pages"}],"about":[{"href":"https:\/\/topol.org.pl\/index.php?rest_route=\/wp\/v2\/types\/page"}],"author":[{"embeddable":true,"href":"https:\/\/topol.org.pl\/index.php?rest_route=\/wp\/v2\/users\/1"}],"replies":[{"embeddable":true,"href":"https:\/\/topol.org.pl\/index.php?rest_route=%2Fwp%2Fv2%2Fcomments&post=11606"}],"version-history":[{"count":12,"href":"https:\/\/topol.org.pl\/index.php?rest_route=\/wp\/v2\/pages\/11606\/revisions"}],"predecessor-version":[{"id":11623,"href":"https:\/\/topol.org.pl\/index.php?rest_route=\/wp\/v2\/pages\/11606\/revisions\/11623"}],"up":[{"embeddable":true,"href":"https:\/\/topol.org.pl\/index.php?rest_route=\/wp\/v2\/pages\/9960"}],"wp:attachment":[{"href":"https:\/\/topol.org.pl\/index.php?rest_route=%2Fwp%2Fv2%2Fmedia&parent=11606"}],"curies":[{"name":"wp","href":"https:\/\/api.w.org\/{rel}","templated":true}]}}