{"id":11820,"date":"2025-04-30T10:11:28","date_gmt":"2025-04-30T08:11:28","guid":{"rendered":"https:\/\/topol.org.pl\/?page_id=11820"},"modified":"2025-05-02T10:37:56","modified_gmt":"2025-05-02T08:37:56","slug":"walka-z-wiatrakami","status":"publish","type":"page","link":"https:\/\/topol.org.pl\/?page_id=11820","title":{"rendered":"Walka z wiatrakami"},"content":{"rendered":"\n<p>30.04.2025 10.11 <a href=\"https:\/\/www.google.com\/search?q=Blokaut&amp;oq=Blokaut&amp;gs_lcrp=EgZjaHJvbWUyBggAEEUYOdIBCTczNDVqMGoxNagCCLACAQ&amp;sourceid=chrome&amp;ie=UTF-8\">Blackout<\/a><\/p>\n\n\n\n<p>Zada\u0142em pytanie do sztucznej inteligencji Grok. Komik bez hamulc\u00f3w.<\/p>\n\n\n\n<p><a href=\"https:\/\/grok.com\/share\/c2hhcmQtMg%3D%3D_dca174d1-693e-4cce-a1b5-7cf2ea1a1d98\">Blackout to walka z wiatrakami. W skr\u00f3cie: Gall Anonim.<\/a><\/p>\n\n\n\n<p>Zada\u0142em pytanie do sztucznej inteligencji Grok. Pomocnik w pracy domowej.<\/p>\n\n\n\n<p><a href=\"https:\/\/grok.com\/share\/c2hhcmQtMg%3D%3D_8392de03-100d-477b-beca-34cba7e52363\">Blackout to walka z wiatrakami.<\/a><\/p>\n\n\n\n<p>Zada\u0142em pytanie do sztucznej inteligencji Grok. Pomocnik w pracy domowej.<\/p>\n\n\n\n<p><a href=\"https:\/\/grok.com\/share\/c2hhcmQtMg%3D%3D_a72766e3-107d-44f6-ab58-a7d413a6c1be\">Blackout to walka z wiatrakami. Sztuczna inteligencja po\u017cera pr\u0105d.<\/a><\/p>\n\n\n\n<h6 class=\"wp-block-heading\">Zu\u017cycie energii przez AI<\/h6>\n\n\n\n<p>AI, zw\u0142aszcza w centrach danych, wymaga ogromnych ilo\u015bci pr\u0105du. Na przyk\u0142ad, zapytanie do ChatGPT zu\u017cywa oko\u0142o 0,0029 kWh, czyli 10 razy wi\u0119cej ni\u017c standardowe wyszukiwanie w Google (<a href=\"https:\/\/www.statista.com\/statistics\/1103020\/energy-consumption-internet-search\/\" target=\"_blank\" rel=\"noreferrer noopener\">0,0003 kWh<\/a>).<\/p>\n\n\n\n<p><strong>Zada\u0142em trzy pytania do Grok. Pierwsze wykaza\u0142o, \u017ce nie szanuje historii i ma poczucie humoru z dawk\u0105 o\u015bmieszania naszej historii. Analiza energetyczna pokazuje ile nas kosztuje jego praca (zu\u017cywa oko\u0142o 0,0029 kWh<\/strong>)<strong>. Moim zdaniem bardzo du\u017co, za du\u017co pr\u0105du st\u0105d blackaut. Jedynym rozwi\u0105zaniem jest zmniejszenie odbiorc\u00f3w i powr\u00f3t do romantyzmu przy domowym kaganku. Co \u0142\u0105cz\u0119 z masow\u0105 kontrol\u0105 zdrowotn\u0105 przez cyfrowy \u015bwiat sztucznej inteligencji.<\/strong><\/p>\n\n\n\n<p>Verte &gt;<a href=\"https:\/\/topol.org.pl\/?page_id=6187\">Fundacja Narodowe Si\u0142y Samoobrony \u201eGrot\u201d<\/a><\/p>\n\n\n\n<p><\/p>\n","protected":false},"excerpt":{"rendered":"<p>30.04.2025 10.11 Blackout Zada\u0142em pytanie do sztucznej inteligencji Grok. Komik bez hamulc\u00f3w. Blackout to walka z wiatrakami. W skr\u00f3cie: Gall Anonim. Zada\u0142em pytanie do sztucznej inteligencji Grok. Pomocnik w pracy domowej. Blackout to walka z wiatrakami. Zada\u0142em pytanie do sztucznej inteligencji Grok. Pomocnik w pracy domowej. Blackout to walka z wiatrakami. Sztuczna inteligencja po\u017cera pr\u0105d. [&hellip;]<\/p>\n","protected":false},"author":1,"featured_media":0,"parent":0,"menu_order":290,"comment_status":"closed","ping_status":"closed","template":"","meta":{"footnotes":""},"class_list":["post-11820","page","type-page","status-publish","hentry"],"_links":{"self":[{"href":"https:\/\/topol.org.pl\/index.php?rest_route=\/wp\/v2\/pages\/11820","targetHints":{"allow":["GET"]}}],"collection":[{"href":"https:\/\/topol.org.pl\/index.php?rest_route=\/wp\/v2\/pages"}],"about":[{"href":"https:\/\/topol.org.pl\/index.php?rest_route=\/wp\/v2\/types\/page"}],"author":[{"embeddable":true,"href":"https:\/\/topol.org.pl\/index.php?rest_route=\/wp\/v2\/users\/1"}],"replies":[{"embeddable":true,"href":"https:\/\/topol.org.pl\/index.php?rest_route=%2Fwp%2Fv2%2Fcomments&post=11820"}],"version-history":[{"count":8,"href":"https:\/\/topol.org.pl\/index.php?rest_route=\/wp\/v2\/pages\/11820\/revisions"}],"predecessor-version":[{"id":11875,"href":"https:\/\/topol.org.pl\/index.php?rest_route=\/wp\/v2\/pages\/11820\/revisions\/11875"}],"wp:attachment":[{"href":"https:\/\/topol.org.pl\/index.php?rest_route=%2Fwp%2Fv2%2Fmedia&parent=11820"}],"curies":[{"name":"wp","href":"https:\/\/api.w.org\/{rel}","templated":true}]}}