{"id":11932,"date":"2025-05-04T20:13:31","date_gmt":"2025-05-04T18:13:31","guid":{"rendered":"https:\/\/topol.org.pl\/?page_id=11932"},"modified":"2026-01-09T11:04:48","modified_gmt":"2026-01-09T10:04:48","slug":"dlaczego-mit-tworzy-robotyczne-owady","status":"publish","type":"page","link":"https:\/\/topol.org.pl\/?page_id=11932","title":{"rendered":"Dlaczego MIT tworzy robotyczne owady?"},"content":{"rendered":"\n<p>04.05.2025 20.10 <a href=\"https:\/\/www.youtube.com\/watch?v=U5tQOIZ1lwU\">Dlaczego MIT tworzy robotyczne owady?<\/a> \u0179r\u00f3d\u0142o: <a href=\"https:\/\/www.youtube.com\/@VeritasiumPL\">Veritasium po Polsku<\/a><\/p>\n\n\n\n<p>Verte &gt;<a href=\"https:\/\/topol.org.pl\/?page_id=6187\">Fundacja Narodowe Si\u0142y Samoobrony \u201eGrot\u201d<\/a><\/p>\n\n\n\n<p><\/p>\n","protected":false},"excerpt":{"rendered":"<p>04.05.2025 20.10 Dlaczego MIT tworzy robotyczne owady? \u0179r\u00f3d\u0142o: Veritasium po Polsku Verte &gt;Fundacja Narodowe Si\u0142y Samoobrony \u201eGrot\u201d<\/p>\n","protected":false},"author":1,"featured_media":0,"parent":9659,"menu_order":1,"comment_status":"closed","ping_status":"closed","template":"","meta":{"footnotes":""},"class_list":["post-11932","page","type-page","status-publish","hentry"],"_links":{"self":[{"href":"https:\/\/topol.org.pl\/index.php?rest_route=\/wp\/v2\/pages\/11932","targetHints":{"allow":["GET"]}}],"collection":[{"href":"https:\/\/topol.org.pl\/index.php?rest_route=\/wp\/v2\/pages"}],"about":[{"href":"https:\/\/topol.org.pl\/index.php?rest_route=\/wp\/v2\/types\/page"}],"author":[{"embeddable":true,"href":"https:\/\/topol.org.pl\/index.php?rest_route=\/wp\/v2\/users\/1"}],"replies":[{"embeddable":true,"href":"https:\/\/topol.org.pl\/index.php?rest_route=%2Fwp%2Fv2%2Fcomments&post=11932"}],"version-history":[{"count":3,"href":"https:\/\/topol.org.pl\/index.php?rest_route=\/wp\/v2\/pages\/11932\/revisions"}],"predecessor-version":[{"id":11937,"href":"https:\/\/topol.org.pl\/index.php?rest_route=\/wp\/v2\/pages\/11932\/revisions\/11937"}],"up":[{"embeddable":true,"href":"https:\/\/topol.org.pl\/index.php?rest_route=\/wp\/v2\/pages\/9659"}],"wp:attachment":[{"href":"https:\/\/topol.org.pl\/index.php?rest_route=%2Fwp%2Fv2%2Fmedia&parent=11932"}],"curies":[{"name":"wp","href":"https:\/\/api.w.org\/{rel}","templated":true}]}}