{"id":12139,"date":"2025-05-11T15:36:39","date_gmt":"2025-05-11T13:36:39","guid":{"rendered":"https:\/\/topol.org.pl\/?page_id=12139"},"modified":"2025-05-11T19:23:46","modified_gmt":"2025-05-11T17:23:46","slug":"wladimir-putin-oglosil-ze-rosja-jest-gotowa-do-wznowienia-bezposrednich-rozmow-z-ukraina-bez-warunkow-wstepnych","status":"publish","type":"page","link":"https:\/\/topol.org.pl\/?page_id=12139","title":{"rendered":"W\u0142adimir Putin og\u0142osi\u0142, \u017ce Rosja jest gotowa do wznowienia bezpo\u015brednich rozm\u00f3w z Ukrain\u0105, bez warunk\u00f3w wst\u0119pnych."},"content":{"rendered":"\n<p>11.05.2025 15.36 <a href=\"https:\/\/www.google.com\/search?q=1.09+1939&amp;rlz=1C1GCEU_plPL1161PL1161&amp;oq=1.09+1939&amp;gs_lcrp=EgZjaHJvbWUyBggAEEUYOdIBCTg3NThqMGoxNagCCLACAQ&amp;sourceid=chrome&amp;ie=UTF-8\">1 wrze\u015bnia 1939 by\u0142 dniem, w kt\u00f3rym&nbsp;<mark>Niemcy zaatakowali Polsk\u0119, rozpoczynaj\u0105c tym samym II wojn\u0119 \u015bwiatow\u0105<\/mark>.<\/a>&nbsp;Atak nast\u0105pi\u0142 o godzinie 4:45, gdy niemiecki pancernik &#8222;Schleswig-Holstein&#8221; rozpocz\u0105\u0142 ostrza\u0142 Westerplatte.&nbsp;\u0179r\u00f3d\u0142o: <a href=\"https:\/\/www.google.com\/search?q=1.09+1939&amp;rlz=1C1GCEU_plPL1161PL1161&amp;oq=1.09+1939&amp;gs_lcrp=EgZjaHJvbWUyBggAEEUYOdIBCTg3NThqMGoxNagCCLACAQ&amp;sourceid=chrome&amp;ie=UTF-8\">AL Sztuczna inteligencja<\/a><\/p>\n\n\n\n<p>11.05.2025 16.35 <a href=\"https:\/\/www.google.com\/search?q=17.09.1939&amp;rlz=1C1GCEU_plPL1161PL1161&amp;oq=17.09.1939&amp;gs_lcrp=EgZjaHJvbWUyBggAEEUYOdIBCTk0MDlqMGoxNagCCLACAQ&amp;sourceid=chrome&amp;ie=UTF-8\">17 wrze\u015bnia 1939 roku to tragiczna data w historii Polski.<\/a>&nbsp;Tego dnia&nbsp;<mark>Zwi\u0105zek Sowiecki zaatakowa\u0142 Polsk\u0119, co by\u0142o konsekwencj\u0105 paktu Ribbentrop-Mo\u0142otow i rozpocz\u0119\u0142o IV rozbi\u00f3r Polski<\/mark>. \u0179r\u00f3d\u0142o: <a href=\"https:\/\/www.google.com\/search?q=17.09.1939&amp;rlz=1C1GCEU_plPL1161PL1161&amp;oq=17.09.1939&amp;gs_lcrp=EgZjaHJvbWUyBggAEEUYOdIBCTk0MDlqMGoxNagCCLACAQ&amp;sourceid=chrome&amp;ie=UTF-8\">AL Sztuczna inteligencja<\/a><\/p>\n\n\n\n<p>11.05.2025 17.00 <a href=\"https:\/\/pl.wikipedia.org\/wiki\/Jesie%C5%84_Lud%C3%B3w\">Jesie\u0144 Lud\u00f3w<\/a> \u0179r\u00f3d\u0142o: <a href=\"https:\/\/pl.wikipedia.org\/wiki\/Jesie%C5%84_Lud%C3%B3w\">Wikipedia<\/a><\/p>\n\n\n\n<p>11.05.2025 17.04 <a href=\"https:\/\/pl.wikipedia.org\/wiki\/Zwi%C4%85zek_Socjalistycznych_Republik_Radzieckich\">Zwi\u0105zek Socjalistycznych Republik Radzieckich<\/a> \u0179r\u00f3d\u0142o: <a href=\"https:\/\/pl.wikipedia.org\/wiki\/Zwi%C4%85zek_Socjalistycznych_Republik_Radzieckich\">Wikipedia<\/a><\/p>\n\n\n\n<p>11.05.2025 17.07 <a href=\"https:\/\/pl.wikipedia.org\/wiki\/Ukrai%C5%84ska_Socjalistyczna_Republika_Radziecka\">Ukrai\u0144ska Socjalistyczna Republika Radziecka<\/a> \u0179r\u00f3d\u0142o: <a href=\"https:\/\/pl.wikipedia.org\/wiki\/Ukrai%C5%84ska_Socjalistyczna_Republika_Radziecka\">Wikipedia<\/a><\/p>\n\n\n\n<p>11.05.2025 17.09 Ukrai\u0144ska SRR przesta\u0142a oficjalnie istnie\u0107 16 grudnia 1991, gdy uznane zosta\u0142o&nbsp;<a href=\"https:\/\/pl.wikipedia.org\/wiki\/Ukraina\">niepodleg\u0142e pa\u0144stwo ukrai\u0144skie<\/a>. Przywr\u00f3cono mu tradycyjne god\u0142o, hymn oraz wybrano nowe w\u0142adze. \u0179r\u00f3d\u0142o: <a href=\"https:\/\/pl.wikipedia.org\/wiki\/Ukraina\">Wikipedia<\/a><\/p>\n\n\n\n<p>11.05.2025 17.12 <a href=\"https:\/\/pl.wikipedia.org\/wiki\/Aneksja_Krymu_przez_Rosj%C4%99\">Aneksja Krymu przez Rosj\u0119<\/a> \u0179r\u00f3d\u0142o: <a href=\"https:\/\/pl.wikipedia.org\/wiki\/Aneksja_Krymu_przez_Rosj%C4%99\">Wikipedia<\/a><\/p>\n\n\n\n<p>11.05.2025 17.14 <a href=\"https:\/\/pl.wikipedia.org\/wiki\/Inwazja_Rosji_na_Ukrain%C4%99\">Inwazja Rosji na Ukrain\u0119<\/a> \u0179r\u00f3d\u0142o: <a href=\"https:\/\/pl.wikipedia.org\/wiki\/Inwazja_Rosji_na_Ukrain%C4%99\">Wikipedia<\/a><\/p>\n\n\n\n<p>11.05.2025 17.23 \u201eTo dobry znak, \u017ce Rosjanie w ko\u0144cu my\u015bl\u0105 o zako\u0144czeniu wojny. Wszyscy na \u015bwiecie czekali na to od bardzo dawna\u201d &#8211; napisa\u0142 Ze\u0142enski. \u0179r\u00f3d\u0142o: <a href=\"https:\/\/www.rp.pl\/konflikty-zbrojne\/art42261111-wolodymyr-zelenski-odpowiada-na-propozycje-wladimira-putina-stawia-jednak-pewien-warunek\">X\/rp.pl<\/a><\/p>\n\n\n\n<p>11.05.2025 19.22 Wojna na\u00a0Ukrainie. Pieskow przypomina wielokrotnie wyra\u017cane stanowisko Rosji \u0179r\u00f3d\u0142o:\u00a0<a href=\"https:\/\/dorzeczy.pl\/opinie\/725475\/pieskow-przypomina-wielokrotnie-wyrazane-stanowisko-rosji.html\">ABC \/ Onet \/ DoRzeczy.pl \/ Reuters<\/a><\/p>\n\n\n\n<p><strong>Najlepiej negocjowa\u0107 bez po\u015brednik\u00f3w. To bezpieczne rozwi\u0105zanie.<\/strong> <\/p>\n\n\n\n<p>Verte &gt;<a href=\"https:\/\/topol.org.pl\/?page_id=6187\">Fundacja Narodowe Si\u0142y Samoobrony \u201eGrot\u201d<\/a><\/p>\n\n\n\n<p><\/p>\n","protected":false},"excerpt":{"rendered":"<p>11.05.2025 15.36 1 wrze\u015bnia 1939 by\u0142 dniem, w kt\u00f3rym&nbsp;Niemcy zaatakowali Polsk\u0119, rozpoczynaj\u0105c tym samym II wojn\u0119 \u015bwiatow\u0105.&nbsp;Atak nast\u0105pi\u0142 o godzinie 4:45, gdy niemiecki pancernik &#8222;Schleswig-Holstein&#8221; rozpocz\u0105\u0142 ostrza\u0142 Westerplatte.&nbsp;\u0179r\u00f3d\u0142o: AL Sztuczna inteligencja 11.05.2025 16.35 17 wrze\u015bnia 1939 roku to tragiczna data w historii Polski.&nbsp;Tego dnia&nbsp;Zwi\u0105zek Sowiecki zaatakowa\u0142 Polsk\u0119, co by\u0142o konsekwencj\u0105 paktu Ribbentrop-Mo\u0142otow i rozpocz\u0119\u0142o IV [&hellip;]<\/p>\n","protected":false},"author":1,"featured_media":0,"parent":12035,"menu_order":4,"comment_status":"closed","ping_status":"closed","template":"","meta":{"footnotes":""},"class_list":["post-12139","page","type-page","status-publish","hentry"],"_links":{"self":[{"href":"https:\/\/topol.org.pl\/index.php?rest_route=\/wp\/v2\/pages\/12139","targetHints":{"allow":["GET"]}}],"collection":[{"href":"https:\/\/topol.org.pl\/index.php?rest_route=\/wp\/v2\/pages"}],"about":[{"href":"https:\/\/topol.org.pl\/index.php?rest_route=\/wp\/v2\/types\/page"}],"author":[{"embeddable":true,"href":"https:\/\/topol.org.pl\/index.php?rest_route=\/wp\/v2\/users\/1"}],"replies":[{"embeddable":true,"href":"https:\/\/topol.org.pl\/index.php?rest_route=%2Fwp%2Fv2%2Fcomments&post=12139"}],"version-history":[{"count":14,"href":"https:\/\/topol.org.pl\/index.php?rest_route=\/wp\/v2\/pages\/12139\/revisions"}],"predecessor-version":[{"id":12159,"href":"https:\/\/topol.org.pl\/index.php?rest_route=\/wp\/v2\/pages\/12139\/revisions\/12159"}],"up":[{"embeddable":true,"href":"https:\/\/topol.org.pl\/index.php?rest_route=\/wp\/v2\/pages\/12035"}],"wp:attachment":[{"href":"https:\/\/topol.org.pl\/index.php?rest_route=%2Fwp%2Fv2%2Fmedia&parent=12139"}],"curies":[{"name":"wp","href":"https:\/\/api.w.org\/{rel}","templated":true}]}}