{"id":12182,"date":"2025-05-13T10:14:43","date_gmt":"2025-05-13T08:14:43","guid":{"rendered":"https:\/\/topol.org.pl\/?page_id=12182"},"modified":"2025-05-13T11:00:08","modified_gmt":"2025-05-13T09:00:08","slug":"pakt-dla-bezpieczenstwa-polski-pomorze-srodkowe","status":"publish","type":"page","link":"https:\/\/topol.org.pl\/?page_id=12182","title":{"rendered":"Pakt dla Bezpiecze\u0144stwa Polski \u2013 Pomorze \u015arodkowe"},"content":{"rendered":"\n<p>13.05.2025 10.09 <a href=\"https:\/\/www.gov.pl\/web\/obrona-narodowa\/paktu-dla-bezpieczenstwa-polski--pomorze-srodkowe\">Pakt dla Bezpiecze\u0144stwa Polski \u2013 Pomorze \u015arodkowe<\/a> \u0179r\u00f3d\u0142o: gov.pl<\/p>\n\n\n\n<p>13.05.2025 10.09 &#8222;<a href=\"https:\/\/www.rp.pl\/biznes\/art42266691-na-pomorzu-przerzut-wojsk-ma-byc-latwiejszy\">inwestycje w linie kolejowe i porty, kt\u00f3re s\u0105 niezb\u0119dne do szybkiego przerzutu wojsk<\/a>&#8222;. \u0179r\u00f3d\u0142o: rp.pl<\/p>\n\n\n\n<p><strong>Krok po kroku jeste\u015bmy anga\u017cowani do wojny na swoim terytorium.<\/strong> <strong>Nasi odwieczni Germanie wepchn\u0105 nas do wojny mi\u0119dzy S\u0142owianami.<\/strong><\/p>\n\n\n\n<figure class=\"wp-block-embed is-type-video is-provider-youtube wp-block-embed-youtube wp-embed-aspect-16-9 wp-has-aspect-ratio\"><div class=\"wp-block-embed__wrapper\">\n<iframe loading=\"lazy\" title=\"Lisicki: Czy &quot;Koalicja Ch\u0119tnych&quot; zmierza do wojny z Rosj\u0105?\" width=\"500\" height=\"281\" src=\"https:\/\/www.youtube.com\/embed\/SmMy5dHXOZE?feature=oembed\" frameborder=\"0\" allow=\"accelerometer; autoplay; clipboard-write; encrypted-media; gyroscope; picture-in-picture; web-share\" referrerpolicy=\"strict-origin-when-cross-origin\" allowfullscreen><\/iframe>\n<\/div><\/figure>\n\n\n\n<h1 class=\"wp-block-heading\">&amp; 14. Traktat ottawski. Moja doktryna.<\/h1>\n\n\n\n<p><strong>W dniu 11.12.2024 uzupe\u0142ni\u0142em <a href=\"https:\/\/topol.org.pl\/?page_id=47\">Konstytucj\u0119 z 11.10.2023 r.<\/a><\/strong><\/p>\n\n\n\n<p>&amp; 14. Traktat ottawski. Moja doktryna.<\/p>\n\n\n\n<p><strong>Podpisuj\u0119 si\u0119 pod tym traktatem.<\/strong>&nbsp;<strong>Traktat ottawski.<\/strong><\/p>\n\n\n\n<p><strong>Moja doktryna.<\/strong>&nbsp;<strong>Ka\u017cde stacjonowanie obcych wojsk na terenie Polski uwa\u017cam za niedopuszczalne. Trzeba zrozumie\u0107, \u017ce&nbsp;ka\u017cde pa\u0144stwo ma swoje interesy&nbsp;zazwyczaj odmienne ni\u017c nasz interes obrony ojczyzny. Interes niemiecki jest inny ni\u017c nasz. Ameryka\u0144ski nie jest to\u017csamy z naszym i jest przeciwny do rosyjskiego. Dlatego Rosjanie mog\u0105 si\u0119 zdenerwowa\u0107. Ukrai\u0144cy te\u017c maj\u0105 sw\u00f3j interes odmienny od naszego, dlatego&nbsp;pozwalaj\u0105 na ekshumacje, ale m\u00f3wi\u0105, \u017ce mamy do nich prawo jak Wehrmacht.&nbsp;Wehrmacht to si\u0142y zbrojne Niemc\u00f3w w czasie 2 W\u015a. Najechali nasze pa\u0144stwo i byli\u015bmy pod okupacj\u0105 Niemieck\u0105.&nbsp;Traktuj\u0119, ka\u017cd\u0105 wojskow\u0105 obecno\u015b\u0107 innego pa\u0144stwa na naszym terytorium jak okupacj\u0119. Boj\u0119 si\u0119 prowokacji. Przecie\u017c&nbsp;w Porcie Lotniczym Rzesz\u00f3w-Jasionka im. Rodziny Ulm\u00f3w, odbywa si\u0119 dostawa. Rzeczywi\u015bcie ta wojna\u2026, ju\u017c dawno Rosjanie by nas\u2026<\/strong><\/p>\n\n\n\n<p><strong>Obecno\u015b\u0107 w NATO i punkt 5. traktuj\u0119 jako gwarancj\u0119, \u017ce nikt z sojuszu nas nie napadnie. Ale mo\u017ce nas przymusi\u0107, \u017ceby\u015bmy uczestniczyli w nieswojej wojnie. Nawet na innym kontynencie. W przypadku konfliktu na Ukrainie wej\u015bcie do wojny sko\u0144czy si\u0119 dla nas okupacj\u0105. I tak chc\u0105 odda\u0107 nasze pa\u0144stwo pod zarz\u0105d Europejczyk\u00f3w. Pobyt obcych wojsk, traktuj\u0119 jak zaminowanie swojego terytorium. Przecie\u017c podpisali\u015bmy traktat ottawski. Jestem przeciwko zaminowywaniu, poniewa\u017c w dzieci\u0144stwie bawi\u0142em si\u0119 z ch\u0142opakami w zbombardowanych przez Niemc\u00f3w ruinach. Miny nie znalaz\u0142em. U dziadka na wakacjach znale\u017ali\u015bmy \u201eniewypa\u0142\u201d.<\/strong><\/p>\n\n\n\n<p><strong>Doktryn\u0119 opieram na si\u0142ach w\u0142asnych. Powszechnym dost\u0119pie do broni i wyposa\u017ceniu na terenie ca\u0142ej Polski w Przeciwpancerny Grot dla Wojska Polskiego i obrony terytorialnej. Nie licz\u0119, \u017ce na czas dostaniemy z zagranicy potrzebne pociski. Rosja produkuje 4 000 000 pocisk\u00f3w artyleryjskich. Pociski trzeba produkowa\u0107 w r\u00f3\u017cnych miejscach nie w jednym zdekonspirowanym poniewa\u017c w pierwszej chwili zostanie zbombardowane. To musi by\u0107 produkcja rozdrobniona.<\/strong>&nbsp;<strong>Gara\u017cowa.<\/strong>&nbsp;<strong>Oczywi\u015bcie nastawiona r\u00f3wnie\u017c na eksport. W tej chwili niezast\u0105pione s\u0105 drony na polu bitwy. Planowanie na naszym terytorium udzia\u0142u w NATO&nbsp;<em>Nuclear Sharing<\/em>&nbsp;doprowadzi do zaatakowania naszego terytorium w pierwszej chwili. Wykluczam udzia\u0142. Le\u017cymy za blisko, \u017ceby atakowa\u0107 nasz kraj broni\u0105 j\u0105drow\u0105. Nikt nie strzela po s\u0105siedzku. Dlatego elektrownie j\u0105drowe na Ukrainie s\u0105 bezpieczne. Gdyby nasz kraj zosta\u0142 zaatakowany, powinni\u015bmy odpowiedzie\u0107 zmasowanym atakiem przy pomocy dron\u00f3w na wrogim terytorium. Si\u0142y specjalne trzeba przerzuci\u0107 w formie pojedynczych \u201eRambo\u201d do destabilizacji. Wcze\u015bniej trzeba zapozna\u0107 si\u0119 z obiektami do neutralizacji. Mam nadziej\u0119, \u017ce zrobi\u0105 gr\u0119 wojenn\u0105 nie na naszym terytorium tylko teoretycznego wroga.<\/strong><\/p>\n\n\n\n<p><strong>Jak b\u0119dziemy niepodleg\u0142ym suwerennym pa\u0144stwem, czyli jak przyjmiemy Konstytucj\u0119 z 11.10.2023 roku. Zainwestujemy w przerzucenie niekt\u00f3rych mieszka\u0144c\u00f3w (dzieci i starsi) przy pomocy zbudowanej infrastruktury kolejowej w ramach CPK na tereny nie obj\u0119te dzia\u0142aniami zbrojnymi. Miejsca frontowe zapewni\u0105 schrony dla wojska i obrony terytorialnej. M\u0142odzi czyli wojsko i obrona terytorialna, musz\u0105 odpiera\u0107 zagro\u017cenie.<\/strong>&nbsp;<strong>To tyle.<\/strong><\/p>\n\n\n\n<p><strong>Moim zdaniem uzbrojenie ludzi z Polskich Zak\u0142ad\u00f3w Zbrojeniowych nie b\u0119dzie tyle kosztowa\u0142o. Kupowane ci\u0119\u017ckie uzbrojenie jest nie na tak\u0105 wojn\u0119. Teraz drony, pociski artyleryjskie, \u201ePrzeciwpancerny Grot\u201d i powszechny dost\u0119p do broni.<\/strong><\/p>\n\n\n\n<p>13.05.2025 10.59 <strong>Jeszcze raz powtarzam, jak sprowokujecie wojn\u0119 nikt nie b\u0119dzie walczy\u0142, mo\u017cliwe&#8230;, \u017ce b\u0119dzie wojna domowa.<\/strong><\/p>\n\n\n\n<p>Verte &gt;<a href=\"https:\/\/topol.org.pl\/?page_id=6187\">Fundacja Narodowe Si\u0142y Samoobrony \u201eGrot\u201d<\/a><\/p>\n\n\n\n<p><\/p>\n","protected":false},"excerpt":{"rendered":"<p>13.05.2025 10.09 Pakt dla Bezpiecze\u0144stwa Polski \u2013 Pomorze \u015arodkowe \u0179r\u00f3d\u0142o: gov.pl 13.05.2025 10.09 &#8222;inwestycje w linie kolejowe i porty, kt\u00f3re s\u0105 niezb\u0119dne do szybkiego przerzutu wojsk&#8222;. \u0179r\u00f3d\u0142o: rp.pl Krok po kroku jeste\u015bmy anga\u017cowani do wojny na swoim terytorium. Nasi odwieczni Germanie wepchn\u0105 nas do wojny mi\u0119dzy S\u0142owianami. &amp; 14. Traktat ottawski. Moja doktryna. W dniu [&hellip;]<\/p>\n","protected":false},"author":1,"featured_media":0,"parent":0,"menu_order":293,"comment_status":"closed","ping_status":"closed","template":"","meta":{"footnotes":""},"class_list":["post-12182","page","type-page","status-publish","hentry"],"_links":{"self":[{"href":"https:\/\/topol.org.pl\/index.php?rest_route=\/wp\/v2\/pages\/12182","targetHints":{"allow":["GET"]}}],"collection":[{"href":"https:\/\/topol.org.pl\/index.php?rest_route=\/wp\/v2\/pages"}],"about":[{"href":"https:\/\/topol.org.pl\/index.php?rest_route=\/wp\/v2\/types\/page"}],"author":[{"embeddable":true,"href":"https:\/\/topol.org.pl\/index.php?rest_route=\/wp\/v2\/users\/1"}],"replies":[{"embeddable":true,"href":"https:\/\/topol.org.pl\/index.php?rest_route=%2Fwp%2Fv2%2Fcomments&post=12182"}],"version-history":[{"count":9,"href":"https:\/\/topol.org.pl\/index.php?rest_route=\/wp\/v2\/pages\/12182\/revisions"}],"predecessor-version":[{"id":12195,"href":"https:\/\/topol.org.pl\/index.php?rest_route=\/wp\/v2\/pages\/12182\/revisions\/12195"}],"wp:attachment":[{"href":"https:\/\/topol.org.pl\/index.php?rest_route=%2Fwp%2Fv2%2Fmedia&parent=12182"}],"curies":[{"name":"wp","href":"https:\/\/api.w.org\/{rel}","templated":true}]}}