{"id":12204,"date":"2025-05-14T09:00:38","date_gmt":"2025-05-14T07:00:38","guid":{"rendered":"https:\/\/topol.org.pl\/?page_id=12204"},"modified":"2025-07-06T09:28:48","modified_gmt":"2025-07-06T07:28:48","slug":"nie-chce-francuskich-bomb-nuklearnych-na-swym-terytorium-nie-chce-pojsc-dalej","status":"publish","type":"page","link":"https:\/\/topol.org.pl\/?page_id=12204","title":{"rendered":"Nie chc\u0119 francuskich bomb nuklearnych na\u00a0swym terytorium. Nie chc\u0119 p\u00f3j\u015b\u0107 dalej."},"content":{"rendered":"\n<p>14.05.2025 08.57 <a href=\"https:\/\/dorzeczy.pl\/swiat\/726435\/bron-jadrowa-we-francji-macron-zostal-zapytany-o-polske.html\">Prezydent Francji zaznaczy\u0142, \u017ce&nbsp;chce podj\u0105\u0107 dzia\u0142ania &#8222;ze wszystkimi partnerami, kt\u00f3rzy tego chc\u0105&#8221;, tak aby&nbsp;&#8222;zobaczy\u0107, czy&nbsp;mo\u017cna by\u0142oby p\u00f3j\u015b\u0107 dalej&#8221;.<\/a><\/p>\n\n\n\n<p>\u0179r\u00f3d\u0142o:&nbsp;Radio Zet&nbsp;\/&nbsp;PAP, Le Parisien, Reuters, <a href=\"https:\/\/dorzeczy.pl\/swiat\/726435\/bron-jadrowa-we-francji-macron-zostal-zapytany-o-polske.html\">DoRzeczy.pl<\/a><\/p>\n\n\n\n<p><strong>Dlatego nie chc\u0119 broni j\u0105drowej na terytorium Polski, poniewa\u017c jest plan \u017ceby jej u\u017cy\u0107. Po to jest pobudowany p\u0142ot na granicy, \u017ceby\u015bmy nie mogli uciec. Bro\u0144 j\u0105drowa zostanie u\u017cyta na wschodzie Polski od Wis\u0142y. Cz\u0119\u015b\u0107 Zachodniej Polski jest zagospodarowana przez zagraniczne korporacje. Na zach\u00f3d od Wis\u0142y b\u0119d\u0105 si\u0119 przemieszcza\u0142y ska\u017cenia radioaktywne, kt\u00f3re z czasem os\u0142abn\u0105 tak jak w Czarnobylu.<\/strong> <strong>Prawdopodobnie chodzi o utworzenie ska\u017conej strefy buforowej. Mi\u0119dzy Rosj\u0105 a Europ\u0105. To szata\u0144ski plan.<\/strong> <strong>Dlatego traktuj\u0119 sojusznik\u00f3w z pogard\u0105.<\/strong> <strong>Jestem za Niepodleg\u0142o\u015bci\u0105 i Suwerenno\u015bci\u0105.<\/strong> <strong>I samodzieln\u0105 obron\u0105.<\/strong><\/p>\n\n\n\n<p>Verte &gt;<a href=\"https:\/\/topol.org.pl\/?page_id=6187\">Fundacja Narodowe Si\u0142y Samoobrony \u201eGrot\u201d<\/a><\/p>\n\n\n\n<p><\/p>\n","protected":false},"excerpt":{"rendered":"<p>14.05.2025 08.57 Prezydent Francji zaznaczy\u0142, \u017ce&nbsp;chce podj\u0105\u0107 dzia\u0142ania &#8222;ze wszystkimi partnerami, kt\u00f3rzy tego chc\u0105&#8221;, tak aby&nbsp;&#8222;zobaczy\u0107, czy&nbsp;mo\u017cna by\u0142oby p\u00f3j\u015b\u0107 dalej&#8221;. \u0179r\u00f3d\u0142o:&nbsp;Radio Zet&nbsp;\/&nbsp;PAP, Le Parisien, Reuters, DoRzeczy.pl Dlatego nie chc\u0119 broni j\u0105drowej na terytorium Polski, poniewa\u017c jest plan \u017ceby jej u\u017cy\u0107. Po to jest pobudowany p\u0142ot na granicy, \u017ceby\u015bmy nie mogli uciec. Bro\u0144 j\u0105drowa zostanie u\u017cyta [&hellip;]<\/p>\n","protected":false},"author":1,"featured_media":0,"parent":12182,"menu_order":1,"comment_status":"closed","ping_status":"closed","template":"","meta":{"footnotes":""},"class_list":["post-12204","page","type-page","status-publish","hentry"],"_links":{"self":[{"href":"https:\/\/topol.org.pl\/index.php?rest_route=\/wp\/v2\/pages\/12204","targetHints":{"allow":["GET"]}}],"collection":[{"href":"https:\/\/topol.org.pl\/index.php?rest_route=\/wp\/v2\/pages"}],"about":[{"href":"https:\/\/topol.org.pl\/index.php?rest_route=\/wp\/v2\/types\/page"}],"author":[{"embeddable":true,"href":"https:\/\/topol.org.pl\/index.php?rest_route=\/wp\/v2\/users\/1"}],"replies":[{"embeddable":true,"href":"https:\/\/topol.org.pl\/index.php?rest_route=%2Fwp%2Fv2%2Fcomments&post=12204"}],"version-history":[{"count":3,"href":"https:\/\/topol.org.pl\/index.php?rest_route=\/wp\/v2\/pages\/12204\/revisions"}],"predecessor-version":[{"id":12207,"href":"https:\/\/topol.org.pl\/index.php?rest_route=\/wp\/v2\/pages\/12204\/revisions\/12207"}],"up":[{"embeddable":true,"href":"https:\/\/topol.org.pl\/index.php?rest_route=\/wp\/v2\/pages\/12182"}],"wp:attachment":[{"href":"https:\/\/topol.org.pl\/index.php?rest_route=%2Fwp%2Fv2%2Fmedia&parent=12204"}],"curies":[{"name":"wp","href":"https:\/\/api.w.org\/{rel}","templated":true}]}}