{"id":12208,"date":"2025-05-14T15:26:01","date_gmt":"2025-05-14T13:26:01","guid":{"rendered":"https:\/\/topol.org.pl\/?page_id=12208"},"modified":"2026-01-09T09:31:16","modified_gmt":"2026-01-09T08:31:16","slug":"12208-2","status":"publish","type":"page","link":"https:\/\/topol.org.pl\/?page_id=12208","title":{"rendered":"Konferencja technologiczna"},"content":{"rendered":"\n<p>&#8222;This Is IT i kilka miesi\u0119cy po za\u0142o\u017ceniu kana\u0142u angloj\u0119zycznego This is World stajemy si\u0119 oficjalnym partnerem jednej z najwi\u0119kszych na \u015bwiecie konferencji technologicznych <a href=\"https:\/\/www.gitex-europe.com\/\">GITEX!!<\/a>&#8221; \u0179r\u00f3d\u0142o: <a href=\"https:\/\/www.youtube.com\/channel\/UCk1qY09hkqTworXLBKd5M-w\/community?lb=UgkxKq6YZfsvJSej8Gwy76Ycb6lFxDbHpakY\">This Is IT &#8211; Maciej Kawecki<\/a><\/p>\n\n\n\n<p>Verte &gt;<a href=\"https:\/\/topol.org.pl\/?page_id=6187\">Fundacja Narodowe Si\u0142y Samoobrony \u201eGrot\u201d<\/a><\/p>\n\n\n\n<p><\/p>\n","protected":false},"excerpt":{"rendered":"<p>&#8222;This Is IT i kilka miesi\u0119cy po za\u0142o\u017ceniu kana\u0142u angloj\u0119zycznego This is World stajemy si\u0119 oficjalnym partnerem jednej z najwi\u0119kszych na \u015bwiecie konferencji technologicznych GITEX!!&#8221; \u0179r\u00f3d\u0142o: This Is IT &#8211; Maciej Kawecki Verte &gt;Fundacja Narodowe Si\u0142y Samoobrony \u201eGrot\u201d<\/p>\n","protected":false},"author":1,"featured_media":0,"parent":11827,"menu_order":5,"comment_status":"closed","ping_status":"closed","template":"","meta":{"footnotes":""},"class_list":["post-12208","page","type-page","status-publish","hentry"],"_links":{"self":[{"href":"https:\/\/topol.org.pl\/index.php?rest_route=\/wp\/v2\/pages\/12208","targetHints":{"allow":["GET"]}}],"collection":[{"href":"https:\/\/topol.org.pl\/index.php?rest_route=\/wp\/v2\/pages"}],"about":[{"href":"https:\/\/topol.org.pl\/index.php?rest_route=\/wp\/v2\/types\/page"}],"author":[{"embeddable":true,"href":"https:\/\/topol.org.pl\/index.php?rest_route=\/wp\/v2\/users\/1"}],"replies":[{"embeddable":true,"href":"https:\/\/topol.org.pl\/index.php?rest_route=%2Fwp%2Fv2%2Fcomments&post=12208"}],"version-history":[{"count":3,"href":"https:\/\/topol.org.pl\/index.php?rest_route=\/wp\/v2\/pages\/12208\/revisions"}],"predecessor-version":[{"id":12252,"href":"https:\/\/topol.org.pl\/index.php?rest_route=\/wp\/v2\/pages\/12208\/revisions\/12252"}],"up":[{"embeddable":true,"href":"https:\/\/topol.org.pl\/index.php?rest_route=\/wp\/v2\/pages\/11827"}],"wp:attachment":[{"href":"https:\/\/topol.org.pl\/index.php?rest_route=%2Fwp%2Fv2%2Fmedia&parent=12208"}],"curies":[{"name":"wp","href":"https:\/\/api.w.org\/{rel}","templated":true}]}}