{"id":12492,"date":"2025-05-27T11:42:06","date_gmt":"2025-05-27T09:42:06","guid":{"rendered":"https:\/\/topol.org.pl\/?page_id=12492"},"modified":"2025-05-27T11:53:03","modified_gmt":"2025-05-27T09:53:03","slug":"instytut-badan-pollster-z-ktorego-wynika-ze-zdaniem-62-proc-polakow-kandydaci-ktorzy-zabiegaja-o-glosy-w-wyborach-prezydenckich-powinni-publicznie-ujawnic-swoj-stan-zdrowia","status":"publish","type":"page","link":"https:\/\/topol.org.pl\/?page_id=12492","title":{"rendered":"Instytut Bada\u0144 Pollster, z\u00a0kt\u00f3rego wynika, \u017ce\u00a0zdaniem 62 proc. Polak\u00f3w kandydaci, kt\u00f3rzy zabiegaj\u0105 o\u00a0g\u0142osy w\u00a0wyborach prezydenckich, powinni publicznie ujawni\u0107 sw\u00f3j stan zdrowia."},"content":{"rendered":"\n<p>27.05.2025 11.35 &#8222;Instytut Bada\u0144 Pollster, z&nbsp;kt\u00f3rego wynika, \u017ce&nbsp;zdaniem 62 proc. Polak\u00f3w kandydaci, kt\u00f3rzy zabiegaj\u0105 o&nbsp;g\u0142osy w&nbsp;wyborach prezydenckich, powinni publicznie ujawni\u0107 sw\u00f3j stan zdrowia&#8221;. <a href=\"https:\/\/dorzeczy.pl\/kraj\/732189\/test-na-obecnosc-narkotykow-jest-deklaracja-tuska.html\">\u0179r\u00f3d\u0142o:&nbsp;Polsat News&nbsp;\/&nbsp;Radio Zet \/ Super Express\/DoRzeczy.pl<\/a><\/p>\n\n\n\n<p><strong>To bzdura, mo\u017cna \u0142atwo zdyskredytowa\u0107 ka\u017cdego wsypuj\u0105c do wody lub herbaty narkotyk. Taki przypadek chyba by\u0142 w Sejmie.<\/strong> <strong>Nie mo\u017cna publicznie pyta\u0107 o stan zdrowia, przerabiali\u015bmy to w czasie zarazy.<\/strong><\/p>\n\n\n\n<p><strong>\u201eNazizm to ludob\u00f3jstwo, kontrola i segregacja ludzi\u201d<\/strong> \u0179r\u00f3d\u0142o: <a href=\"https:\/\/topol.org.pl\/?page_id=47\">Fragment<\/a><\/p>\n\n\n\n<p>Verte &gt;<a href=\"https:\/\/topol.org.pl\/?page_id=6187\">Fundacja Narodowe Si\u0142y Samoobrony \u201eGrot\u201d<\/a><\/p>\n\n\n\n<p><\/p>\n","protected":false},"excerpt":{"rendered":"<p>27.05.2025 11.35 &#8222;Instytut Bada\u0144 Pollster, z&nbsp;kt\u00f3rego wynika, \u017ce&nbsp;zdaniem 62 proc. Polak\u00f3w kandydaci, kt\u00f3rzy zabiegaj\u0105 o&nbsp;g\u0142osy w&nbsp;wyborach prezydenckich, powinni publicznie ujawni\u0107 sw\u00f3j stan zdrowia&#8221;. \u0179r\u00f3d\u0142o:&nbsp;Polsat News&nbsp;\/&nbsp;Radio Zet \/ Super Express\/DoRzeczy.pl To bzdura, mo\u017cna \u0142atwo zdyskredytowa\u0107 ka\u017cdego wsypuj\u0105c do wody lub herbaty narkotyk. Taki przypadek chyba by\u0142 w Sejmie. Nie mo\u017cna publicznie pyta\u0107 o stan zdrowia, przerabiali\u015bmy [&hellip;]<\/p>\n","protected":false},"author":1,"featured_media":0,"parent":8094,"menu_order":2,"comment_status":"closed","ping_status":"closed","template":"","meta":{"footnotes":""},"class_list":["post-12492","page","type-page","status-publish","hentry"],"_links":{"self":[{"href":"https:\/\/topol.org.pl\/index.php?rest_route=\/wp\/v2\/pages\/12492","targetHints":{"allow":["GET"]}}],"collection":[{"href":"https:\/\/topol.org.pl\/index.php?rest_route=\/wp\/v2\/pages"}],"about":[{"href":"https:\/\/topol.org.pl\/index.php?rest_route=\/wp\/v2\/types\/page"}],"author":[{"embeddable":true,"href":"https:\/\/topol.org.pl\/index.php?rest_route=\/wp\/v2\/users\/1"}],"replies":[{"embeddable":true,"href":"https:\/\/topol.org.pl\/index.php?rest_route=%2Fwp%2Fv2%2Fcomments&post=12492"}],"version-history":[{"count":3,"href":"https:\/\/topol.org.pl\/index.php?rest_route=\/wp\/v2\/pages\/12492\/revisions"}],"predecessor-version":[{"id":12495,"href":"https:\/\/topol.org.pl\/index.php?rest_route=\/wp\/v2\/pages\/12492\/revisions\/12495"}],"up":[{"embeddable":true,"href":"https:\/\/topol.org.pl\/index.php?rest_route=\/wp\/v2\/pages\/8094"}],"wp:attachment":[{"href":"https:\/\/topol.org.pl\/index.php?rest_route=%2Fwp%2Fv2%2Fmedia&parent=12492"}],"curies":[{"name":"wp","href":"https:\/\/api.w.org\/{rel}","templated":true}]}}