{"id":12622,"date":"2025-06-18T17:41:35","date_gmt":"2025-06-18T15:41:35","guid":{"rendered":"https:\/\/topol.org.pl\/?page_id=12622"},"modified":"2025-07-03T06:48:28","modified_gmt":"2025-07-03T04:48:28","slug":"sztuczna-inteligencje-tworza-algorytmy-algorytmow","status":"publish","type":"page","link":"https:\/\/topol.org.pl\/?page_id=12622","title":{"rendered":"Sztuczn\u0105 inteligencj\u0119 tworz\u0105 algorytmy algorytm\u00f3w."},"content":{"rendered":"\n<p>18.06.2025 16.26 <a href=\"https:\/\/www.youtube.com\/watch?v=9sUOLzZeomc\">Zranieni geniusze: jak trauma nap\u0119dza technologie | Gabor Mat\u00e9<\/a> \u0179r\u00f3d\u0142o: <a href=\"https:\/\/www.youtube.com\/@MK_ThisIsIT\">This Is IT &#8211; Maciej Kawecki<\/a><br><\/p>\n\n\n\n<p>Organ interaktywny<br>\u015brodowisko<br>ludzki m\u00f3zg<br>&#8222;m\u00f3zg jest zatem wytworem spo\u0142ecznym&#8221;-powiedzia\u0142 Gabor Mat\u00e9<br>wytwor-\u00abco\u015b niematerialnego, powsta\u0142ego w ludzkim umy\u015ble\u00bb<br>spo\u0142eczny-\u00abwytworzony przez spo\u0142ecze\u0144stwo i b\u0119d\u0105cy jego wsp\u00f3ln\u0105 w\u0142asno\u015bci\u0105\u00bb<br>&#8222;Wi\u0119kszo\u015b\u0107 lekarzy nie wie o czym m\u00f3wi\u0119, cho\u0107 to czysta nauka&#8221;-powiedzia\u0142 Gabor Mat\u00e9<br>&#8222;M\u00f3zg nie jest to organ ukszta\u0142towany raz na zawsze&#8221;-powiedzia\u0142 Gabor Mat\u00e9<br>&#8222;Nasz m\u00f3zg to organ interaktywny, \u015brodowisko i ludzki m\u00f3zg s\u0105 ze sab\u0105 \u015bci\u015ble powi\u0105zane&#8221;-powiedzia\u0142 <a href=\"https:\/\/www.google.com\/search?q=Gabor+Mat%C3%A9&amp;oq=Gabor+Mat%C3%A9&amp;gs_lcrp=EgZjaHJvbWUyBggAEEUYOTIGCAEQRRg90gEJMjMzNGowajE1qAIIsAIB&amp;sourceid=chrome&amp;ie=UTF-8\">Gabor Mat\u00e9<\/a><br><strong>Sztuczn\u0105 inteligencj\u0119 tworz\u0105 algorytmy algorytm\u00f3w. W tym wypadku wolna wola nie istnieje.<br>Moim zdaniem sztuczna inteligencja nie uzyska \u015bwiadomo\u015bci. Dlaczego tak s\u0105dz\u0119 ? Je\u015bli m\u00f3zg jest wytworem spo\u0142ecznym, czyli ka\u017cdy zapami\u0119tany \u015bwiadomie przez m\u00f3zg szczeg\u00f3\u0142 jest wynikiem, chaotycznego zbiegu okoliczno\u015bci, kt\u00f3ry nie jest zapisanym zakodowanym filmem tylko subiektywnym odczuciem. Jest przypadkiem &#8222;toto lotto&#8221;. To w przypadku sztucznej inteligencji jest to zaprogramowane dzia\u0142anie, to o czym m\u00f3wi profesor <a href=\"https:\/\/www.google.com\/search?q=Robert+Sapolski&amp;oq=Robert+Sapolski&amp;gs_lcrp=EgZjaHJvbWUyBggAEEUYOdIBCTIwNzZqMGoxNagCCLACAQ&amp;sourceid=chrome&amp;ie=UTF-8\">Robert Sapolski<\/a> z Uniwersytetu Stanforda. \u017be wolna wola nie istnieje. Wolna wola nie istnieje, je\u015bli mamy w sobie zainstalowan\u0105 sztuczn\u0105 inteligencj\u0119.<\/strong> <strong>Brak my\u015blenia.<\/strong> <a href=\"https:\/\/www.youtube.com\/watch?v=FBp-dYHtWtw&amp;t=21s\">&#8222;My\u015blenie jest aktem odwagi&#8221;<\/a>. <strong>B\u00f3g , honor, ojczyzna.<\/strong> Wsp\u00f3\u0142czesny \u015bwiat przyj\u0105\u0142 &#8222;Nihilizm&#8221; <mark>filozoficzny pogl\u0105d, kt\u00f3ry neguje istnienie jakichkolwiek obiektywnych warto\u015bci, norm moralnych czy sensu \u017cycia<\/mark>. \u0179r\u00f3d\u0142o: <a href=\"https:\/\/www.google.com\/search?q=Nietzsche&amp;oq=Nietzsche&amp;gs_lcrp=EgZjaHJvbWUyBggAEEUYOTIGCAEQRRg9MgYIAhBFGEHSAQkyMTcwajBqMTWoAgiwAgE&amp;sourceid=chrome&amp;ie=UTF-8\">AL Google<\/a>. <strong>Role si\u0119 odwr\u00f3ci\u0142y Odwaga i wiara. \u015awiat promuje nihilizm a jednostka musi si\u0119 przeciwstawi\u0107.<\/strong> <strong>Staj\u0105c teoretycznie po dobrej stronie kolektywu<\/strong> <strong>poprzemy nihilizm. Poniewa\u017c kolektywizm i konformizm promuje nihilizm.<\/strong> <strong>Teraz jednostka musi powstrzyma\u0107 wszystkich przed zbiorowym samob\u00f3jstwem.<\/strong> <strong><a href=\"https:\/\/www.youtube.com\/playlist?list=PLvdibod3J-XvAcKpaqZo1GNSAMKmmkE0c\">Turkmenistan-&#8222;dzie\u0144 Alabaja&#8221;<\/a><\/strong>. <strong>Taki podzia\u0142, daje nadziej\u0119, \u017ce mo\u017cna zamieszka\u0107 w strefie przyjaznej dla ludzi. Podzia\u0142 \u015bwiata na wielobiegunowy, albo jeden \u015bwiat bez lokalnej wiary, tradycji, historii, waluty, zasad co serwuje nam tak zwany zach\u00f3d.<\/strong><\/p>\n\n\n\n<p><strong><a href=\"https:\/\/www.youtube.com\/watch?v=6tghBG2lGBQ\">Chc\u0105 nas zast\u0105pi\u0107 sztuczn\u0105 inteligencj\u0105.<\/a> Roboty b\u0119d\u0105 mia\u0142y sztuczn\u0105 inteligencj\u0119, po\u0142\u0105czon\u0105 bezprzewodowo komputerem kwantowym wytworzonym spo\u0142ecznie. Ludzie sami wprowadzaj\u0105 zdradziecki trans humanizm.<\/strong> <strong>B\u0119d\u0105 siedzieli jak Surogaci i \u015blinili si\u0119 ogl\u0105daj\u0105c film przez okulary.  Za\u017cywaj\u0105c LSD. <\/strong><\/p>\n\n\n\n<p>03.07.2025 06.23 <strong><a href=\"https:\/\/www.youtube.com\/watch?v=eXAGIGbKegQ&amp;list=PLvdibod3J-XvAcKpaqZo1GNSAMKmmkE0c&amp;index=3&amp;t=76s\">Turkmenistan-&#8222;dzie\u0144 Alabaja&#8221;<\/a><\/strong>&#8211; &#8222;spektakularne lecz pozbawione sensu przedsi\u0119wzi\u0119cia&#8221;. <\/p>\n\n\n\n<p><strong>Tak jak w naszej Unii Europejskiej<\/strong>. <strong>Dlatego szukam sprzymierze\u0144c\u00f3w, stawiam na mi\u0142o\u015bnik\u00f3w kot\u00f3w i zwierz\u0105t. Obro\u0144c\u00f3w klimatu i mitologii politycznej.<\/strong> <strong>Problem emigracji rozwi\u0105zali wprowadzaj\u0105c mistrzostwo w wy\u015bcigach konnych.<\/strong> <strong>Nikt nie chce jecha\u0107 do raju w Turkmenistanie.<\/strong> <strong>Podziwiam z daleka.<\/strong><\/p>\n\n\n\n<p>Verte &gt;<a href=\"https:\/\/topol.org.pl\/?page_id=6187\">Fundacja Narodowe Si\u0142y Samoobrony \u201eGrot\u201d<\/a><\/p>\n\n\n\n<p><\/p>\n","protected":false},"excerpt":{"rendered":"<p>18.06.2025 16.26 Zranieni geniusze: jak trauma nap\u0119dza technologie | Gabor Mat\u00e9 \u0179r\u00f3d\u0142o: This Is IT &#8211; Maciej Kawecki Organ interaktywny\u015brodowiskoludzki m\u00f3zg&#8222;m\u00f3zg jest zatem wytworem spo\u0142ecznym&#8221;-powiedzia\u0142 Gabor Mat\u00e9wytwor-\u00abco\u015b niematerialnego, powsta\u0142ego w ludzkim umy\u015ble\u00bbspo\u0142eczny-\u00abwytworzony przez spo\u0142ecze\u0144stwo i b\u0119d\u0105cy jego wsp\u00f3ln\u0105 w\u0142asno\u015bci\u0105\u00bb&#8222;Wi\u0119kszo\u015b\u0107 lekarzy nie wie o czym m\u00f3wi\u0119, cho\u0107 to czysta nauka&#8221;-powiedzia\u0142 Gabor Mat\u00e9&#8222;M\u00f3zg nie jest to organ [&hellip;]<\/p>\n","protected":false},"author":1,"featured_media":0,"parent":11827,"menu_order":0,"comment_status":"closed","ping_status":"closed","template":"","meta":{"footnotes":""},"class_list":["post-12622","page","type-page","status-publish","hentry"],"_links":{"self":[{"href":"https:\/\/topol.org.pl\/index.php?rest_route=\/wp\/v2\/pages\/12622","targetHints":{"allow":["GET"]}}],"collection":[{"href":"https:\/\/topol.org.pl\/index.php?rest_route=\/wp\/v2\/pages"}],"about":[{"href":"https:\/\/topol.org.pl\/index.php?rest_route=\/wp\/v2\/types\/page"}],"author":[{"embeddable":true,"href":"https:\/\/topol.org.pl\/index.php?rest_route=\/wp\/v2\/users\/1"}],"replies":[{"embeddable":true,"href":"https:\/\/topol.org.pl\/index.php?rest_route=%2Fwp%2Fv2%2Fcomments&post=12622"}],"version-history":[{"count":18,"href":"https:\/\/topol.org.pl\/index.php?rest_route=\/wp\/v2\/pages\/12622\/revisions"}],"predecessor-version":[{"id":12732,"href":"https:\/\/topol.org.pl\/index.php?rest_route=\/wp\/v2\/pages\/12622\/revisions\/12732"}],"up":[{"embeddable":true,"href":"https:\/\/topol.org.pl\/index.php?rest_route=\/wp\/v2\/pages\/11827"}],"wp:attachment":[{"href":"https:\/\/topol.org.pl\/index.php?rest_route=%2Fwp%2Fv2%2Fmedia&parent=12622"}],"curies":[{"name":"wp","href":"https:\/\/api.w.org\/{rel}","templated":true}]}}