{"id":12631,"date":"2025-06-18T21:32:28","date_gmt":"2025-06-18T19:32:28","guid":{"rendered":"https:\/\/topol.org.pl\/?page_id=12631"},"modified":"2025-06-24T07:04:28","modified_gmt":"2025-06-24T05:04:28","slug":"polska-racja-stanu-jest-czekanie-na-pokoj","status":"publish","type":"page","link":"https:\/\/topol.org.pl\/?page_id=12631","title":{"rendered":"Polsk\u0105 racj\u0105 stanu jest czekanie na pok\u00f3j&#8230;"},"content":{"rendered":"\n<p>18.06.2025 21.31 <a href=\"https:\/\/www.youtube.com\/playlist?list=PLvdibod3J-Xv_yGr_u_46mHbbrBSm6tqR\">Polsk\u0105 racj\u0105 stanu jest czekanie na pok\u00f3j&#8230;<\/a><\/p>\n\n\n\n<p><strong>Przeczyta\u0142em artyku\u0142 &#8222;<a href=\"https:\/\/dorzeczy.pl\/opinie\/743781\/czy-prezydent-karol-nawrocki-przywroci-polsce-polska-diaspore.html\">Czy prezydent Karol Nawrocki przywr\u00f3ci Polsce polsk\u0105 diaspor\u0119?<\/a>&#8221; i my\u015bl Ignacego Jana Paderewskiego (Chicago, 30 kwietnia 1915). Mimo zas\u0142ug Polonii, w\u0142\u0105czenie polskiej diaspory w \u017cycie publiczne kraju powinno opiera\u0107 si\u0119 na interesie narodowym Polski. Chodzi o to, \u017ceby pa\u0144stwo polskie wzmocni\u0142o diaspor\u0119 w USA, \u017ceby korzysta\u0107 na tym w kraju. Nie odwrotnie. Diaspora musi dzia\u0142a\u0107 z korzy\u015bci\u0105 dla Polski a nie dla USA. Odcinam si\u0119 od narracji o winie chrze\u015bcijan za zbrodnie w czasie 2W\u015a. Od mieszania w sprawie religii od czerwonych ja\u0142\u00f3wek i <a href=\"https:\/\/www.youtube.com\/watch?v=KvrUMc-CS1M\">zamieszania wojennego na \u015bwiecie<\/a>.<\/strong> <\/p>\n\n\n\n<p><strong>&#8222;<a href=\"https:\/\/www.google.com\/search?q=Polska+ma+amunicii+na+5+dni&amp;oq=Polska+ma+amunicii+na+5+dni&amp;gs_lcrp=EgZjaHJvbWUyBggAEEUYOdIBCjE2NTU5ajBqMTWoAgiwAgE&amp;sourceid=chrome&amp;ie=UTF-8\">Jestem nieuzbrojonym barbarzy\u0144c\u0105. B\u0119d\u0119 samotnie walczy\u0142 z czo\u0142giem<\/a>&#8222;.<\/strong><\/p>\n\n\n\n<p>Verte &gt;<a href=\"https:\/\/topol.org.pl\/?page_id=6187\">Fundacja Narodowe Si\u0142y Samoobrony \u201eGrot\u201d<\/a><\/p>\n\n\n\n<p><\/p>\n","protected":false},"excerpt":{"rendered":"<p>18.06.2025 21.31 Polsk\u0105 racj\u0105 stanu jest czekanie na pok\u00f3j&#8230; Przeczyta\u0142em artyku\u0142 &#8222;Czy prezydent Karol Nawrocki przywr\u00f3ci Polsce polsk\u0105 diaspor\u0119?&#8221; i my\u015bl Ignacego Jana Paderewskiego (Chicago, 30 kwietnia 1915). Mimo zas\u0142ug Polonii, w\u0142\u0105czenie polskiej diaspory w \u017cycie publiczne kraju powinno opiera\u0107 si\u0119 na interesie narodowym Polski. Chodzi o to, \u017ceby pa\u0144stwo polskie wzmocni\u0142o diaspor\u0119 w USA, [&hellip;]<\/p>\n","protected":false},"author":1,"featured_media":0,"parent":0,"menu_order":297,"comment_status":"closed","ping_status":"closed","template":"","meta":{"footnotes":""},"class_list":["post-12631","page","type-page","status-publish","hentry"],"_links":{"self":[{"href":"https:\/\/topol.org.pl\/index.php?rest_route=\/wp\/v2\/pages\/12631","targetHints":{"allow":["GET"]}}],"collection":[{"href":"https:\/\/topol.org.pl\/index.php?rest_route=\/wp\/v2\/pages"}],"about":[{"href":"https:\/\/topol.org.pl\/index.php?rest_route=\/wp\/v2\/types\/page"}],"author":[{"embeddable":true,"href":"https:\/\/topol.org.pl\/index.php?rest_route=\/wp\/v2\/users\/1"}],"replies":[{"embeddable":true,"href":"https:\/\/topol.org.pl\/index.php?rest_route=%2Fwp%2Fv2%2Fcomments&post=12631"}],"version-history":[{"count":8,"href":"https:\/\/topol.org.pl\/index.php?rest_route=\/wp\/v2\/pages\/12631\/revisions"}],"predecessor-version":[{"id":12656,"href":"https:\/\/topol.org.pl\/index.php?rest_route=\/wp\/v2\/pages\/12631\/revisions\/12656"}],"wp:attachment":[{"href":"https:\/\/topol.org.pl\/index.php?rest_route=%2Fwp%2Fv2%2Fmedia&parent=12631"}],"curies":[{"name":"wp","href":"https:\/\/api.w.org\/{rel}","templated":true}]}}