{"id":12702,"date":"2025-06-28T18:11:47","date_gmt":"2025-06-28T16:11:47","guid":{"rendered":"https:\/\/topol.org.pl\/?page_id=12702"},"modified":"2025-06-29T12:08:59","modified_gmt":"2025-06-29T10:08:59","slug":"trybunaly-miedzynarodowe-to-twory-sztuczne","status":"publish","type":"page","link":"https:\/\/topol.org.pl\/?page_id=12702","title":{"rendered":"&#8222;trybuna\u0142y mi\u0119dzynarodowe to\u00a0twory sztuczne&#8221;"},"content":{"rendered":"\n<p>28.06.2025 18.11 &#8222;IKNiSP SN jest s\u0105dem, a&nbsp;s\u0119dziowie s\u0105 s\u0119dziami&#8221;.<\/p>\n\n\n\n<p>\u0179r\u00f3d\u0142o:&nbsp;<a href=\"https:\/\/dorzeczy.pl\/opinie\/746829\/mariusz-muszynski-bunt-nieukow.html\">DoRzeczy.pl&nbsp;\/&nbsp;mariuszmuszynski.pl<\/a><\/p>\n\n\n\n<p><strong>Uwa\u017cam, \u017ce IKNiSP SN jest s\u0105dem.<\/strong> <strong><a href=\"https:\/\/topol.org.pl\/?page_id=12580\">Chc\u0119 za\u0142o\u017cy\u0107 sp\u00f3\u0142k\u0119<\/a>. Jak nie by\u0142 s\u0105dem, nie m\u00f3g\u0142 bym tego zrobi\u0107. Pa\u0144stwo przesta\u0142oby istnie\u0107. Przejm\u0105 nas w TSUE.<\/strong> <strong>Jak uznamy wy\u017cszo\u015b\u0107 prawa unijnego nad krajowym.<\/strong> <strong>I wywo\u0142aj\u0105 wojn\u0119 na naszym terytorium bez naszej zgody, potraktuj\u0105 jak wschodni\u0105 flank\u0119 NATO.<\/strong><\/p>\n\n\n\n<p>Verte &gt;<a href=\"https:\/\/topol.org.pl\/?page_id=6187\">Fundacja Narodowe Si\u0142y Samoobrony \u201eGrot\u201d<\/a><\/p>\n\n\n\n<p><\/p>\n","protected":false},"excerpt":{"rendered":"<p>28.06.2025 18.11 &#8222;IKNiSP SN jest s\u0105dem, a&nbsp;s\u0119dziowie s\u0105 s\u0119dziami&#8221;. \u0179r\u00f3d\u0142o:&nbsp;DoRzeczy.pl&nbsp;\/&nbsp;mariuszmuszynski.pl Uwa\u017cam, \u017ce IKNiSP SN jest s\u0105dem. Chc\u0119 za\u0142o\u017cy\u0107 sp\u00f3\u0142k\u0119. Jak nie by\u0142 s\u0105dem, nie m\u00f3g\u0142 bym tego zrobi\u0107. Pa\u0144stwo przesta\u0142oby istnie\u0107. Przejm\u0105 nas w TSUE. Jak uznamy wy\u017cszo\u015b\u0107 prawa unijnego nad krajowym. I wywo\u0142aj\u0105 wojn\u0119 na naszym terytorium bez naszej zgody, potraktuj\u0105 jak wschodni\u0105 flank\u0119 [&hellip;]<\/p>\n","protected":false},"author":1,"featured_media":0,"parent":0,"menu_order":298,"comment_status":"closed","ping_status":"closed","template":"","meta":{"footnotes":""},"class_list":["post-12702","page","type-page","status-publish","hentry"],"_links":{"self":[{"href":"https:\/\/topol.org.pl\/index.php?rest_route=\/wp\/v2\/pages\/12702","targetHints":{"allow":["GET"]}}],"collection":[{"href":"https:\/\/topol.org.pl\/index.php?rest_route=\/wp\/v2\/pages"}],"about":[{"href":"https:\/\/topol.org.pl\/index.php?rest_route=\/wp\/v2\/types\/page"}],"author":[{"embeddable":true,"href":"https:\/\/topol.org.pl\/index.php?rest_route=\/wp\/v2\/users\/1"}],"replies":[{"embeddable":true,"href":"https:\/\/topol.org.pl\/index.php?rest_route=%2Fwp%2Fv2%2Fcomments&post=12702"}],"version-history":[{"count":7,"href":"https:\/\/topol.org.pl\/index.php?rest_route=\/wp\/v2\/pages\/12702\/revisions"}],"predecessor-version":[{"id":12718,"href":"https:\/\/topol.org.pl\/index.php?rest_route=\/wp\/v2\/pages\/12702\/revisions\/12718"}],"wp:attachment":[{"href":"https:\/\/topol.org.pl\/index.php?rest_route=%2Fwp%2Fv2%2Fmedia&parent=12702"}],"curies":[{"name":"wp","href":"https:\/\/api.w.org\/{rel}","templated":true}]}}