{"id":12749,"date":"2025-07-05T16:03:26","date_gmt":"2025-07-05T14:03:26","guid":{"rendered":"https:\/\/topol.org.pl\/?page_id=12749"},"modified":"2025-10-16T10:11:03","modified_gmt":"2025-10-16T08:11:03","slug":"1-pulk-szwolezerow-jozefa-pilsudskiego","status":"publish","type":"page","link":"https:\/\/topol.org.pl\/?page_id=12749","title":{"rendered":"1 Pu\u0142k Szwole\u017cer\u00f3w J\u00f3zefa Pi\u0142sudskiego"},"content":{"rendered":"\n<p><a href=\"https:\/\/pl.wikipedia.org\/wiki\/Katedra_%C5%9Awi%C4%99tego_Ducha_w_Warszawie\">Katedra \u015awi\u0119tego Ducha w Warszawie<\/a>, wzniesiona w 1906 jako cerkiew Lejbgwardii U\u0142a\u0144skiego Pu\u0142ku Jego Wysoko\u015bci, pod wezwaniem b\u0142ogos\u0142awionego Martyniana, w latach 1920\u20131939 \u015bwi\u0105tynia <a href=\"https:\/\/pl.wikipedia.org\/wiki\/1_Pu%C5%82k_Szwole%C5%BCer%C3%B3w_J%C3%B3zefa_Pi%C5%82sudskiego\">1 Pu\u0142ku Szwole\u017cer\u00f3w J\u00f3zefa Pi\u0142sudskiego<\/a><\/p>\n\n\n\n<figure class=\"wp-block-image size-large\"><a href=\"https:\/\/pl.wikipedia.org\/wiki\/1_Pu%C5%82k_Szwole%C5%BCer%C3%B3w_J%C3%B3zefa_Pi%C5%82sudskiego\"><img loading=\"lazy\" decoding=\"async\" width=\"1024\" height=\"806\" src=\"https:\/\/topol.org.pl\/wp-content\/uploads\/2025\/07\/Mazowiecka_BK_w_1938-1024x806.jpg\" alt=\"\" class=\"wp-image-12751\" srcset=\"https:\/\/topol.org.pl\/wp-content\/uploads\/2025\/07\/Mazowiecka_BK_w_1938-1024x806.jpg 1024w, https:\/\/topol.org.pl\/wp-content\/uploads\/2025\/07\/Mazowiecka_BK_w_1938-300x236.jpg 300w, https:\/\/topol.org.pl\/wp-content\/uploads\/2025\/07\/Mazowiecka_BK_w_1938-768x605.jpg 768w, https:\/\/topol.org.pl\/wp-content\/uploads\/2025\/07\/Mazowiecka_BK_w_1938-1536x1210.jpg 1536w, https:\/\/topol.org.pl\/wp-content\/uploads\/2025\/07\/Mazowiecka_BK_w_1938-2048x1613.jpg 2048w\" sizes=\"auto, (max-width: 1024px) 100vw, 1024px\" \/><\/a><\/figure>\n\n\n\n<p>Autorstwa Polska i kraje s\u0105siednie, wydanie nowe, Wytw\u00f3rnia Kartograficzna Fr. Karpowicz, Skala 1:1.500.000 Warszawa 1934;Mapa ze znakami taktycznymi &#8211; Gruzin &#8211; Zobacz Non-U.S. copyrights. Uwaga: Ten szablon nie powinien by\u0107 u\u017cywany do nagra\u0144 d\u017awi\u0119kowych., Domena publiczna, https:\/\/commons.wikimedia.org\/w\/index.php?curid=78091415<\/p>\n\n\n\n<p><a href=\"https:\/\/pl.wikipedia.org\/wiki\/1_Pu%C5%82k_Szwole%C5%BCer%C3%B3w_J%C3%B3zefa_Pi%C5%82sudskiego\">1 Pu\u0142k Szwole\u017cer\u00f3w J\u00f3zefa Pi\u0142sudskiego<\/a><\/p>\n\n\n\n<figure class=\"wp-block-image size-large\"><img loading=\"lazy\" decoding=\"async\" width=\"1024\" height=\"785\" src=\"https:\/\/topol.org.pl\/wp-content\/uploads\/2025\/07\/Katedra_Swietego_Ducha_w_Warszawie_2019a-1024x785.jpg\" alt=\"\" class=\"wp-image-12758\" srcset=\"https:\/\/topol.org.pl\/wp-content\/uploads\/2025\/07\/Katedra_Swietego_Ducha_w_Warszawie_2019a-1024x785.jpg 1024w, https:\/\/topol.org.pl\/wp-content\/uploads\/2025\/07\/Katedra_Swietego_Ducha_w_Warszawie_2019a-300x230.jpg 300w, https:\/\/topol.org.pl\/wp-content\/uploads\/2025\/07\/Katedra_Swietego_Ducha_w_Warszawie_2019a-768x589.jpg 768w, https:\/\/topol.org.pl\/wp-content\/uploads\/2025\/07\/Katedra_Swietego_Ducha_w_Warszawie_2019a-1536x1178.jpg 1536w, https:\/\/topol.org.pl\/wp-content\/uploads\/2025\/07\/Katedra_Swietego_Ducha_w_Warszawie_2019a-2048x1570.jpg 2048w\" sizes=\"auto, (max-width: 1024px) 100vw, 1024px\" \/><\/figure>\n\n\n\n<figure class=\"wp-block-image size-large\"><a href=\"https:\/\/commons.wikimedia.org\/wiki\/File:POL_Warsaw_Szwole%C5%BCer%C3%B3w7a.jpg\"><img loading=\"lazy\" decoding=\"async\" width=\"1024\" height=\"768\" src=\"https:\/\/topol.org.pl\/wp-content\/uploads\/2025\/07\/POL_Warsaw_Szwolezerow7a-1-1024x768.jpg\" alt=\"\" class=\"wp-image-12760\" srcset=\"https:\/\/topol.org.pl\/wp-content\/uploads\/2025\/07\/POL_Warsaw_Szwolezerow7a-1-1024x768.jpg 1024w, https:\/\/topol.org.pl\/wp-content\/uploads\/2025\/07\/POL_Warsaw_Szwolezerow7a-1-300x225.jpg 300w, https:\/\/topol.org.pl\/wp-content\/uploads\/2025\/07\/POL_Warsaw_Szwolezerow7a-1-768x576.jpg 768w, https:\/\/topol.org.pl\/wp-content\/uploads\/2025\/07\/POL_Warsaw_Szwolezerow7a-1-1536x1152.jpg 1536w, https:\/\/topol.org.pl\/wp-content\/uploads\/2025\/07\/POL_Warsaw_Szwolezerow7a-1.jpg 1600w\" sizes=\"auto, (max-width: 1024px) 100vw, 1024px\" \/><\/a><figcaption class=\"wp-element-caption\">OLYMPUS DIGITAL CAMERA<\/figcaption><\/figure>\n\n\n\n<p>Budynek koszar ul. Szwole\u017cer\u00f3w 7a, Warszawa. Jak g\u0142osi miejscowa legenda, budynek ma tak szerokie schody na pi\u0119tro, \u017ce mo\u017cna po nich wjecha\u0107 konno.<\/p>\n\n\n\n<p><a href=\"https:\/\/pl.wikipedia.org\/wiki\/Mazowiecka_Brygada_Kawalerii\">Mazowiecka Brygada Kawalerii<\/a><\/p>\n\n\n\n<p><a href=\"https:\/\/pl.wikipedia.org\/wiki\/Armia_%E2%80%9EModlin%E2%80%9D\">Armia \u201eModlin\u201d<\/a><\/p>\n\n\n\n<p><a href=\"https:\/\/3szwol.pl\/Historia\">3. Pu\u0142k Szwole\u017cer\u00f3w Mazowieckich im. p\u0142k. Jana Kozietulskiego<\/a><\/p>\n\n\n\n<p><a href=\"https:\/\/klubdgw.wp.mil.pl\/o-nas-2017-01-16-r\/zadania-2017-01-16-4\/\">Klub Dow\u00f3dztwa Garnizonu Warszawa<\/a><\/p>\n\n\n\n<p>16.08.2025 11.56 Garnizon Pu\u0142ku Szwole\u017cer\u00f3w im. J\u00f3zefa Pi\u0142sudskiego<\/p>\n\n\n\n<figure class=\"wp-block-image size-large\"><img loading=\"lazy\" decoding=\"async\" width=\"461\" height=\"1024\" src=\"https:\/\/topol.org.pl\/wp-content\/uploads\/2025\/08\/Garnizon-Pulku-Szwolezerow-im.-Jozefa-Pilsudskiego-461x1024.jpg\" alt=\"\" class=\"wp-image-13064\" srcset=\"https:\/\/topol.org.pl\/wp-content\/uploads\/2025\/08\/Garnizon-Pulku-Szwolezerow-im.-Jozefa-Pilsudskiego-461x1024.jpg 461w, https:\/\/topol.org.pl\/wp-content\/uploads\/2025\/08\/Garnizon-Pulku-Szwolezerow-im.-Jozefa-Pilsudskiego-135x300.jpg 135w, https:\/\/topol.org.pl\/wp-content\/uploads\/2025\/08\/Garnizon-Pulku-Szwolezerow-im.-Jozefa-Pilsudskiego-768x1707.jpg 768w, https:\/\/topol.org.pl\/wp-content\/uploads\/2025\/08\/Garnizon-Pulku-Szwolezerow-im.-Jozefa-Pilsudskiego-691x1536.jpg 691w, https:\/\/topol.org.pl\/wp-content\/uploads\/2025\/08\/Garnizon-Pulku-Szwolezerow-im.-Jozefa-Pilsudskiego-922x2048.jpg 922w, https:\/\/topol.org.pl\/wp-content\/uploads\/2025\/08\/Garnizon-Pulku-Szwolezerow-im.-Jozefa-Pilsudskiego-scaled.jpg 1152w\" sizes=\"auto, (max-width: 461px) 100vw, 461px\" \/><\/figure>\n\n\n\n<p>Verte &gt;<a href=\"https:\/\/topol.org.pl\/?page_id=6187\">Fundacja Narodowe Si\u0142y Samoobrony \u201eGrot\u201d<\/a><\/p>\n\n\n\n<p><\/p>\n","protected":false},"excerpt":{"rendered":"<p>Katedra \u015awi\u0119tego Ducha w Warszawie, wzniesiona w 1906 jako cerkiew Lejbgwardii U\u0142a\u0144skiego Pu\u0142ku Jego Wysoko\u015bci, pod wezwaniem b\u0142ogos\u0142awionego Martyniana, w latach 1920\u20131939 \u015bwi\u0105tynia 1 Pu\u0142ku Szwole\u017cer\u00f3w J\u00f3zefa Pi\u0142sudskiego Autorstwa Polska i kraje s\u0105siednie, wydanie nowe, Wytw\u00f3rnia Kartograficzna Fr. Karpowicz, Skala 1:1.500.000 Warszawa 1934;Mapa ze znakami taktycznymi &#8211; Gruzin &#8211; Zobacz Non-U.S. copyrights. Uwaga: Ten szablon [&hellip;]<\/p>\n","protected":false},"author":1,"featured_media":0,"parent":11389,"menu_order":20,"comment_status":"closed","ping_status":"closed","template":"","meta":{"footnotes":""},"class_list":["post-12749","page","type-page","status-publish","hentry"],"_links":{"self":[{"href":"https:\/\/topol.org.pl\/index.php?rest_route=\/wp\/v2\/pages\/12749","targetHints":{"allow":["GET"]}}],"collection":[{"href":"https:\/\/topol.org.pl\/index.php?rest_route=\/wp\/v2\/pages"}],"about":[{"href":"https:\/\/topol.org.pl\/index.php?rest_route=\/wp\/v2\/types\/page"}],"author":[{"embeddable":true,"href":"https:\/\/topol.org.pl\/index.php?rest_route=\/wp\/v2\/users\/1"}],"replies":[{"embeddable":true,"href":"https:\/\/topol.org.pl\/index.php?rest_route=%2Fwp%2Fv2%2Fcomments&post=12749"}],"version-history":[{"count":10,"href":"https:\/\/topol.org.pl\/index.php?rest_route=\/wp\/v2\/pages\/12749\/revisions"}],"predecessor-version":[{"id":13065,"href":"https:\/\/topol.org.pl\/index.php?rest_route=\/wp\/v2\/pages\/12749\/revisions\/13065"}],"up":[{"embeddable":true,"href":"https:\/\/topol.org.pl\/index.php?rest_route=\/wp\/v2\/pages\/11389"}],"wp:attachment":[{"href":"https:\/\/topol.org.pl\/index.php?rest_route=%2Fwp%2Fv2%2Fmedia&parent=12749"}],"curies":[{"name":"wp","href":"https:\/\/api.w.org\/{rel}","templated":true}]}}