{"id":12848,"date":"2025-07-16T16:54:36","date_gmt":"2025-07-16T14:54:36","guid":{"rendered":"https:\/\/topol.org.pl\/?page_id=12848"},"modified":"2025-07-17T14:37:58","modified_gmt":"2025-07-17T12:37:58","slug":"samo-podrywanie-mysliwcow-to-za-malo","status":"publish","type":"page","link":"https:\/\/topol.org.pl\/?page_id=12848","title":{"rendered":"&#8222;samo podrywanie my\u015bliwc\u00f3w to za ma\u0142o&#8221;"},"content":{"rendered":"\n<p>17.07.2025 16.41 Nasi ch\u0142opcy nie s\u0105 pod obc\u0105 bander\u0105. Dlatego, \u017ce nie jeste\u015bmy pod zaborami. Nie jeste\u015bmy pod okupacj\u0105 nazistowskiej III Rzeszy i nie tworzymy wsp\u00f3lnej armii europejskiej. NATO jest sojuszem obronnym. Firma Barlinek dzia\u0142a na obszarze obj\u0119tym wojn\u0105 na w\u0142asne ryzyko. <a href=\"https:\/\/www.google.com\/search?q=barlinek+winnica+alcjonaroiat&amp;sca_esv=0e39c597175f10a4&amp;sxsrf=AE3TifN-TUjKG-OyLObmD9db2OmHAhgAcQ%3A1752677810471&amp;ei=sr13aKDDHJiC1fIPn8P_4A4&amp;oq=barlinek+winnica+alcjonaroiat&amp;gs_lp=EhNtb2JpbGUtZ3dzLXdpei1zZXJwIh1iYXJsaW5layB3aW5uaWNhIGFsY2pvbmFyb2lhdDIHECEYoAEYCjIHECEYoAEYCjIFEAAY7wUyBRAAGO8FMgUQABjvBTIIEAAYgAQYogRIu6YBUPosWLSaAXABeAGQAQCYAa8BoAGTD6oBBDAuMTO4AQPIAQD4AQGYAg6gAv0QwgIKEAAYsAMY1gQYR8ICBBAAGAPCAgYQABgWGB7CAgUQIRigAcICBBAhGBXCAgUQIRifBcICCBAAGKIEGIkFmAMAiAYBkAYHkgcEMS4xM6AH0D2yBwQwLjEzuAfoEMIHBTMtOS41yAfgAQ&amp;sclient=mobile-gws-wiz-serp\">Zreszt\u0105 to sp\u00f3\u0142ka z udzia\u0142ami z ca\u0142ego \u015bwiata z mniejszo\u015bciowym udzia\u0142em kapita\u0142u polskiego.<\/a><\/p>\n\n\n\n<p>Verte ><a href=\"https:\/\/topol.org.pl\/?page_id=6187\">Fundacja Narodowe Si\u0142y Samoobrony \u201eGrot&#8221;<\/a><\/p>\n\n\n\n<p><\/p>\n","protected":false},"excerpt":{"rendered":"<p>17.07.2025 16.41 Nasi ch\u0142opcy nie s\u0105 pod obc\u0105 bander\u0105. Dlatego, \u017ce nie jeste\u015bmy pod zaborami. Nie jeste\u015bmy pod okupacj\u0105 nazistowskiej III Rzeszy i nie tworzymy wsp\u00f3lnej armii europejskiej. NATO jest sojuszem obronnym. Firma Barlinek dzia\u0142a na obszarze obj\u0119tym wojn\u0105 na w\u0142asne ryzyko. Zreszt\u0105 to sp\u00f3\u0142ka z udzia\u0142ami z ca\u0142ego \u015bwiata z mniejszo\u015bciowym udzia\u0142em kapita\u0142u polskiego. [&hellip;]<\/p>\n","protected":false},"author":1,"featured_media":0,"parent":12631,"menu_order":2,"comment_status":"closed","ping_status":"closed","template":"","meta":{"footnotes":""},"class_list":["post-12848","page","type-page","status-publish","hentry"],"_links":{"self":[{"href":"https:\/\/topol.org.pl\/index.php?rest_route=\/wp\/v2\/pages\/12848","targetHints":{"allow":["GET"]}}],"collection":[{"href":"https:\/\/topol.org.pl\/index.php?rest_route=\/wp\/v2\/pages"}],"about":[{"href":"https:\/\/topol.org.pl\/index.php?rest_route=\/wp\/v2\/types\/page"}],"author":[{"embeddable":true,"href":"https:\/\/topol.org.pl\/index.php?rest_route=\/wp\/v2\/users\/1"}],"replies":[{"embeddable":true,"href":"https:\/\/topol.org.pl\/index.php?rest_route=%2Fwp%2Fv2%2Fcomments&post=12848"}],"version-history":[{"count":12,"href":"https:\/\/topol.org.pl\/index.php?rest_route=\/wp\/v2\/pages\/12848\/revisions"}],"predecessor-version":[{"id":12862,"href":"https:\/\/topol.org.pl\/index.php?rest_route=\/wp\/v2\/pages\/12848\/revisions\/12862"}],"up":[{"embeddable":true,"href":"https:\/\/topol.org.pl\/index.php?rest_route=\/wp\/v2\/pages\/12631"}],"wp:attachment":[{"href":"https:\/\/topol.org.pl\/index.php?rest_route=%2Fwp%2Fv2%2Fmedia&parent=12848"}],"curies":[{"name":"wp","href":"https:\/\/api.w.org\/{rel}","templated":true}]}}