{"id":12944,"date":"2025-07-26T06:59:45","date_gmt":"2025-07-26T04:59:45","guid":{"rendered":"https:\/\/topol.org.pl\/?page_id=12944"},"modified":"2026-01-09T11:03:32","modified_gmt":"2026-01-09T10:03:32","slug":"lukaszenka-mam-nadzieje-ze-wojny-nie-bedzie-ale-przygotowujemy-sie","status":"publish","type":"page","link":"https:\/\/topol.org.pl\/?page_id=12944","title":{"rendered":"\u0141ukaszenka: Mam nadziej\u0119, \u017ce\u00a0wojny nie\u00a0b\u0119dzie, ale\u00a0przygotowujemy si\u0119"},"content":{"rendered":"\n<p>26.07.2025 06.57 &#8222;<a href=\"https:\/\/dorzeczy.pl\/opinie\/758160\/bialorus-i-polska-nakrecane-na-wojne-lukaszenka-zabral-glos.html\">\u0141ukaszenka: Mam nadziej\u0119, \u017ce&nbsp;wojny nie&nbsp;b\u0119dzie, ale&nbsp;przygotowujemy si\u0119<\/a>&#8221; \u0179r\u00f3d\u0142o:&nbsp;PAP&nbsp;\/&nbsp;TASS\/DoRzeczy.pl<\/p>\n\n\n\n<p>Verte ><a href=\"https:\/\/topol.org.pl\/?page_id=6187\">Fundacja Narodowe Si\u0142y Samoobrony \u201eGrot\u201d<\/a><\/p>\n","protected":false},"excerpt":{"rendered":"<p>26.07.2025 06.57 &#8222;\u0141ukaszenka: Mam nadziej\u0119, \u017ce&nbsp;wojny nie&nbsp;b\u0119dzie, ale&nbsp;przygotowujemy si\u0119&#8221; \u0179r\u00f3d\u0142o:&nbsp;PAP&nbsp;\/&nbsp;TASS\/DoRzeczy.pl Verte >Fundacja Narodowe Si\u0142y Samoobrony \u201eGrot\u201d<\/p>\n","protected":false},"author":1,"featured_media":0,"parent":9033,"menu_order":1,"comment_status":"closed","ping_status":"closed","template":"","meta":{"footnotes":""},"class_list":["post-12944","page","type-page","status-publish","hentry"],"_links":{"self":[{"href":"https:\/\/topol.org.pl\/index.php?rest_route=\/wp\/v2\/pages\/12944","targetHints":{"allow":["GET"]}}],"collection":[{"href":"https:\/\/topol.org.pl\/index.php?rest_route=\/wp\/v2\/pages"}],"about":[{"href":"https:\/\/topol.org.pl\/index.php?rest_route=\/wp\/v2\/types\/page"}],"author":[{"embeddable":true,"href":"https:\/\/topol.org.pl\/index.php?rest_route=\/wp\/v2\/users\/1"}],"replies":[{"embeddable":true,"href":"https:\/\/topol.org.pl\/index.php?rest_route=%2Fwp%2Fv2%2Fcomments&post=12944"}],"version-history":[{"count":2,"href":"https:\/\/topol.org.pl\/index.php?rest_route=\/wp\/v2\/pages\/12944\/revisions"}],"predecessor-version":[{"id":12946,"href":"https:\/\/topol.org.pl\/index.php?rest_route=\/wp\/v2\/pages\/12944\/revisions\/12946"}],"up":[{"embeddable":true,"href":"https:\/\/topol.org.pl\/index.php?rest_route=\/wp\/v2\/pages\/9033"}],"wp:attachment":[{"href":"https:\/\/topol.org.pl\/index.php?rest_route=%2Fwp%2Fv2%2Fmedia&parent=12944"}],"curies":[{"name":"wp","href":"https:\/\/api.w.org\/{rel}","templated":true}]}}