{"id":13134,"date":"2025-08-30T17:07:53","date_gmt":"2025-08-30T15:07:53","guid":{"rendered":"https:\/\/topol.org.pl\/?page_id=13134"},"modified":"2025-10-16T10:10:37","modified_gmt":"2025-10-16T08:10:37","slug":"obejrzyj-film-dlaczego-woda-w-wisle-jest-na-ekstremalnie-niskim-poziomie-inz-was-musimy-budowac-zapory-w-youtube","status":"publish","type":"page","link":"https:\/\/topol.org.pl\/?page_id=13134","title":{"rendered":"Obejrzyj film \u201eDlaczego woda w Wi\u015ble jest na ekstremalnie niskim poziomie? In\u017c. Wa\u015b: Musimy budowa\u0107 zapory!\u201d"},"content":{"rendered":"\n<p>30.08.2025 17.06 w <a href=\"https:\/\/youtu.be\/JZXbT--8rwE?si=LdRmNl72OK_CHZQu\">YouTube<\/a><\/p>\n\n\n\n<p>Verte><a href=\"https:\/\/topol.org.pl\/?page_id=6187\">Fundacja Narodowe Si\u0142y Samoobrony \u201eGrot\u201d<\/a><\/p>\n","protected":false},"excerpt":{"rendered":"<p>30.08.2025 17.06 w YouTube Verte>Fundacja Narodowe Si\u0142y Samoobrony \u201eGrot\u201d<\/p>\n","protected":false},"author":1,"featured_media":0,"parent":12741,"menu_order":18,"comment_status":"closed","ping_status":"closed","template":"","meta":{"footnotes":""},"class_list":["post-13134","page","type-page","status-publish","hentry"],"_links":{"self":[{"href":"https:\/\/topol.org.pl\/index.php?rest_route=\/wp\/v2\/pages\/13134","targetHints":{"allow":["GET"]}}],"collection":[{"href":"https:\/\/topol.org.pl\/index.php?rest_route=\/wp\/v2\/pages"}],"about":[{"href":"https:\/\/topol.org.pl\/index.php?rest_route=\/wp\/v2\/types\/page"}],"author":[{"embeddable":true,"href":"https:\/\/topol.org.pl\/index.php?rest_route=\/wp\/v2\/users\/1"}],"replies":[{"embeddable":true,"href":"https:\/\/topol.org.pl\/index.php?rest_route=%2Fwp%2Fv2%2Fcomments&post=13134"}],"version-history":[{"count":6,"href":"https:\/\/topol.org.pl\/index.php?rest_route=\/wp\/v2\/pages\/13134\/revisions"}],"predecessor-version":[{"id":13140,"href":"https:\/\/topol.org.pl\/index.php?rest_route=\/wp\/v2\/pages\/13134\/revisions\/13140"}],"up":[{"embeddable":true,"href":"https:\/\/topol.org.pl\/index.php?rest_route=\/wp\/v2\/pages\/12741"}],"wp:attachment":[{"href":"https:\/\/topol.org.pl\/index.php?rest_route=%2Fwp%2Fv2%2Fmedia&parent=13134"}],"curies":[{"name":"wp","href":"https:\/\/api.w.org\/{rel}","templated":true}]}}