{"id":13141,"date":"2025-08-30T18:08:43","date_gmt":"2025-08-30T16:08:43","guid":{"rendered":"https:\/\/topol.org.pl\/?page_id=13141"},"modified":"2026-01-09T11:02:59","modified_gmt":"2026-01-09T10:02:59","slug":"jakow-kedmi-ukrainy-juz-nie-bedzie","status":"publish","type":"page","link":"https:\/\/topol.org.pl\/?page_id=13141","title":{"rendered":"Jakow Kedmi: Ukrainy ju\u017c nie b\u0119dzie"},"content":{"rendered":"\n<p>30.08.2025 18.07 <a href=\"https:\/\/www.youtube.com\/watch?v=sqVfcmJ0I0c\">Jakow Kedmi: Ukrainy ju\u017c nie b\u0119dzie<\/a> \u0179r\u00f3d\u0142o: <a href=\"https:\/\/www.youtube.com\/@WbrewCenzurze\">Wbrew Cenzurze<\/a><\/p>\n\n\n\n<p>Verte ><a href=\"https:\/\/topol.org.pl\/?page_id=6187\">Fundacja Narodowe Si\u0142y Samoobrony \u201eGrot\u201d<\/a><\/p>\n","protected":false},"excerpt":{"rendered":"<p>30.08.2025 18.07 Jakow Kedmi: Ukrainy ju\u017c nie b\u0119dzie \u0179r\u00f3d\u0142o: Wbrew Cenzurze Verte >Fundacja Narodowe Si\u0142y Samoobrony \u201eGrot\u201d<\/p>\n","protected":false},"author":1,"featured_media":0,"parent":9745,"menu_order":7,"comment_status":"closed","ping_status":"closed","template":"","meta":{"footnotes":""},"class_list":["post-13141","page","type-page","status-publish","hentry"],"_links":{"self":[{"href":"https:\/\/topol.org.pl\/index.php?rest_route=\/wp\/v2\/pages\/13141","targetHints":{"allow":["GET"]}}],"collection":[{"href":"https:\/\/topol.org.pl\/index.php?rest_route=\/wp\/v2\/pages"}],"about":[{"href":"https:\/\/topol.org.pl\/index.php?rest_route=\/wp\/v2\/types\/page"}],"author":[{"embeddable":true,"href":"https:\/\/topol.org.pl\/index.php?rest_route=\/wp\/v2\/users\/1"}],"replies":[{"embeddable":true,"href":"https:\/\/topol.org.pl\/index.php?rest_route=%2Fwp%2Fv2%2Fcomments&post=13141"}],"version-history":[{"count":2,"href":"https:\/\/topol.org.pl\/index.php?rest_route=\/wp\/v2\/pages\/13141\/revisions"}],"predecessor-version":[{"id":13143,"href":"https:\/\/topol.org.pl\/index.php?rest_route=\/wp\/v2\/pages\/13141\/revisions\/13143"}],"up":[{"embeddable":true,"href":"https:\/\/topol.org.pl\/index.php?rest_route=\/wp\/v2\/pages\/9745"}],"wp:attachment":[{"href":"https:\/\/topol.org.pl\/index.php?rest_route=%2Fwp%2Fv2%2Fmedia&parent=13141"}],"curies":[{"name":"wp","href":"https:\/\/api.w.org\/{rel}","templated":true}]}}