{"id":13173,"date":"2025-09-01T12:08:42","date_gmt":"2025-09-01T10:08:42","guid":{"rendered":"https:\/\/topol.org.pl\/?page_id=13173"},"modified":"2026-01-09T10:52:15","modified_gmt":"2026-01-09T09:52:15","slug":"pomnik-obroncow-wybrzeza","status":"publish","type":"page","link":"https:\/\/topol.org.pl\/?page_id=13173","title":{"rendered":"Pomnik Obro\u0144c\u00f3w Wybrze\u017ca"},"content":{"rendered":"\n<p><a href=\"https:\/\/www.google.com\/search?q=Pomnikiem+Obro%C5%84c%C3%B3w+Wybrze%C5%BCa+na+Westerplatte&amp;oq=Pomnikiem+Obro%C5%84c%C3%B3w+Wybrze%C5%BCa+na+Westerplatte&amp;gs_lcrp=EgZjaHJvbWUyBggAEEUYOdIBCTMwNDBqMGoxNagCCLACAQ&amp;sourceid=chrome&amp;ie=UTF-8\">Pomnik Obro\u0144c\u00f3w Wybrze\u017ca<\/a><\/p>\n\n\n\n<p>Verte ><a href=\"https:\/\/topol.org.pl\/?page_id=6187\">Fundacja Narodowe Si\u0142y Samoobrony \u201eGrot\u201d<\/a><\/p>\n","protected":false},"excerpt":{"rendered":"<p>Pomnik Obro\u0144c\u00f3w Wybrze\u017ca Verte >Fundacja Narodowe Si\u0142y Samoobrony \u201eGrot\u201d<\/p>\n","protected":false},"author":1,"featured_media":0,"parent":13162,"menu_order":2,"comment_status":"closed","ping_status":"closed","template":"","meta":{"footnotes":""},"class_list":["post-13173","page","type-page","status-publish","hentry"],"_links":{"self":[{"href":"https:\/\/topol.org.pl\/index.php?rest_route=\/wp\/v2\/pages\/13173","targetHints":{"allow":["GET"]}}],"collection":[{"href":"https:\/\/topol.org.pl\/index.php?rest_route=\/wp\/v2\/pages"}],"about":[{"href":"https:\/\/topol.org.pl\/index.php?rest_route=\/wp\/v2\/types\/page"}],"author":[{"embeddable":true,"href":"https:\/\/topol.org.pl\/index.php?rest_route=\/wp\/v2\/users\/1"}],"replies":[{"embeddable":true,"href":"https:\/\/topol.org.pl\/index.php?rest_route=%2Fwp%2Fv2%2Fcomments&post=13173"}],"version-history":[{"count":2,"href":"https:\/\/topol.org.pl\/index.php?rest_route=\/wp\/v2\/pages\/13173\/revisions"}],"predecessor-version":[{"id":13175,"href":"https:\/\/topol.org.pl\/index.php?rest_route=\/wp\/v2\/pages\/13173\/revisions\/13175"}],"up":[{"embeddable":true,"href":"https:\/\/topol.org.pl\/index.php?rest_route=\/wp\/v2\/pages\/13162"}],"wp:attachment":[{"href":"https:\/\/topol.org.pl\/index.php?rest_route=%2Fwp%2Fv2%2Fmedia&parent=13173"}],"curies":[{"name":"wp","href":"https:\/\/api.w.org\/{rel}","templated":true}]}}