{"id":13211,"date":"2025-09-03T22:07:11","date_gmt":"2025-09-03T20:07:11","guid":{"rendered":"https:\/\/topol.org.pl\/?page_id=13211"},"modified":"2026-01-09T10:47:59","modified_gmt":"2026-01-09T09:47:59","slug":"floryda-zniesie-obowiazek-szczepien-dla-dzieci","status":"publish","type":"page","link":"https:\/\/topol.org.pl\/?page_id=13211","title":{"rendered":"Floryda zniesie obowi\u0105zek szczepie\u0144 dla\u00a0dzieci"},"content":{"rendered":"\n<p>03.09.2025 22.02 <a href=\"https:\/\/dorzeczy.pl\/zdrowie\/774474\/floryda-konczy-z-obowiazkowymi-szczepieniami-dzieci.html\">Floryda zniesie obowi\u0105zek szczepie\u0144 dla&nbsp;dzieci<\/a><\/p>\n\n\n\n<p>\u0179r\u00f3d\u0142o:&nbsp;The Guardian\/ DoRzeczy.pl<\/p>\n\n\n\n<p><strong>Po prostu boj\u0119 si\u0119 nast\u0119pnej zarazy i ostatniej szprycy.<\/strong> <\/p>\n\n\n\n<p>Verte &gt;<a href=\"https:\/\/topol.org.pl\/?page_id=6187\">Fundacja Narodowe Si\u0142y Samoobrony \u201eGrot\u201d<\/a><\/p>\n\n\n\n<p><\/p>\n","protected":false},"excerpt":{"rendered":"<p>03.09.2025 22.02 Floryda zniesie obowi\u0105zek szczepie\u0144 dla&nbsp;dzieci \u0179r\u00f3d\u0142o:&nbsp;The Guardian\/ DoRzeczy.pl Po prostu boj\u0119 si\u0119 nast\u0119pnej zarazy i ostatniej szprycy. Verte &gt;Fundacja Narodowe Si\u0142y Samoobrony \u201eGrot\u201d<\/p>\n","protected":false},"author":1,"featured_media":0,"parent":4659,"menu_order":0,"comment_status":"closed","ping_status":"closed","template":"","meta":{"footnotes":""},"class_list":["post-13211","page","type-page","status-publish","hentry"],"_links":{"self":[{"href":"https:\/\/topol.org.pl\/index.php?rest_route=\/wp\/v2\/pages\/13211","targetHints":{"allow":["GET"]}}],"collection":[{"href":"https:\/\/topol.org.pl\/index.php?rest_route=\/wp\/v2\/pages"}],"about":[{"href":"https:\/\/topol.org.pl\/index.php?rest_route=\/wp\/v2\/types\/page"}],"author":[{"embeddable":true,"href":"https:\/\/topol.org.pl\/index.php?rest_route=\/wp\/v2\/users\/1"}],"replies":[{"embeddable":true,"href":"https:\/\/topol.org.pl\/index.php?rest_route=%2Fwp%2Fv2%2Fcomments&post=13211"}],"version-history":[{"count":5,"href":"https:\/\/topol.org.pl\/index.php?rest_route=\/wp\/v2\/pages\/13211\/revisions"}],"predecessor-version":[{"id":13216,"href":"https:\/\/topol.org.pl\/index.php?rest_route=\/wp\/v2\/pages\/13211\/revisions\/13216"}],"up":[{"embeddable":true,"href":"https:\/\/topol.org.pl\/index.php?rest_route=\/wp\/v2\/pages\/4659"}],"wp:attachment":[{"href":"https:\/\/topol.org.pl\/index.php?rest_route=%2Fwp%2Fv2%2Fmedia&parent=13211"}],"curies":[{"name":"wp","href":"https:\/\/api.w.org\/{rel}","templated":true}]}}