{"id":13218,"date":"2025-09-04T19:32:41","date_gmt":"2025-09-04T17:32:41","guid":{"rendered":"https:\/\/topol.org.pl\/?page_id=13218"},"modified":"2025-10-16T10:14:45","modified_gmt":"2025-10-16T08:14:45","slug":"wszyscy-to-akceptuja","status":"publish","type":"page","link":"https:\/\/topol.org.pl\/?page_id=13218","title":{"rendered":"&#8222;Wszyscy to\u00a0akceptuj\u0105&#8221;."},"content":{"rendered":"\n<p>04.09.2025 19.18 <a href=\"https:\/\/dorzeczy.pl\/opinie\/774876\/tusk-polska-nie-przewiduje-wysylania-zolnierzy-na-ukraine.html\">&#8222;Wszyscy to&nbsp;akceptuj\u0105&#8221;<\/a>. \u0179r\u00f3d\u0142o: DoRzeczy.pl<\/p>\n\n\n\n<p><strong>Musimy by\u0107 przygotowani na prowokacj\u0119, b\u0119dzie ich wiele. Trzeba zachowa\u0107 spok\u00f3j. To nie nasza wojna. Bezcenny &#8222;<a href=\"https:\/\/www.google.com\/search?q=pok%C3%B3j&amp;oq=pok%C3%B3j&amp;gs_lcrp=EgZjaHJvbWUyBggAEEUYOTIGCAEQRRg9MgYIAhBFGD0yBggDEEUYQdIBCTQwMjBqMGoxNagCCLACAQ&amp;sourceid=chrome&amp;ie=UTF-8\">pok\u00f3j<\/a>&#8221; chroni nas przed kolejnym rozbiorem i przej\u0119ciem pa\u0144stwa.<\/strong> <strong>Ja nie akceptuj\u0119, \u017ce jeste\u015bmy hubem logistycznym.<\/strong> <strong>Ale popieram dzia\u0142ania Pana Premiera i Ministra Obrony Narodowej.<\/strong> <strong>Og\u00f3lnie popieram rz\u0105d w tym co m\u00f3wi w tej sprawie&#8230;<\/strong><\/p>\n\n\n\n<p><strong>Mam nadziej\u0119, \u017ce wszyscy rozumiej\u0105 sytuacj\u0119. Jeste\u015bmy&#8230;<\/strong> <\/p>\n\n\n\n<p>Definicja \u0179r\u00f3d\u0142o: Dobrys\u0142ownik.pl<\/p>\n\n\n\n<p><a href=\"https:\/\/dobryslownik.pl\/slowo\/hub\/117216\/\">hubem<\/a>&nbsp;to wi\u0119kszy port lotniczy, cz\u0119sto po\u0142\u0105czony ze stacj\u0105 kolejow\u0105, kt\u00f3ry obs\u0142uguje g\u0142\u00f3wnie pasa\u017cer\u00f3w przesiadaj\u0105cych si\u0119 na inne loty; istot\u0105 dzia\u0142alno\u015bci hubu jest takie zgrupowanie przylot\u00f3w i odlot\u00f3w w fale i tak szybka obs\u0142uga du\u017cych grup pasa\u017cer\u00f3w, \u017ceby pasa\u017cerowie z kilku przylatuj\u0105cych w zbli\u017conym czasie rejs\u00f3w mieli mo\u017cliwo\u015b\u0107 skorzystania z du\u017cej liczby po\u0142\u0105cze\u0144.<\/p>\n\n\n\n<p>04.09.2025 21.52 <a href=\"https:\/\/www.youtube.com\/watch?v=a47z3jAXitU&amp;t=420s\">Znamy Ju\u017c Wojenne Plany Dla Polski w Koalicji Ch\u0119tnych! Kto Wy\u015ble Wojsko na Ukrain\u0119?<\/a> \u0179r\u00f3d\u0142o: <a href=\"https:\/\/www.youtube.com\/@TomaszPiekielnik\">Tomasz Piekielnik<\/a><\/p>\n\n\n\n<p>04.09.2025 11.54 &#8222;Kompetentny \u017co\u0142nierz bierze odpowiedzialno\u015b\u0107 za ogie\u0144, kt\u00f3ry prowadzi&#8221;.-powiedzia\u0142 szef Sztabu Generalnego gen. Wies\u0142aw Kuku\u0142a \u0179r\u00f3d\u0142o: <a href=\"https:\/\/dorzeczy.pl\/kraj\/775185\/przestrzen-powietrzna-tusk-mowi-o-dzialaniach-kinetycznych.html\">DoRzeczy.pl<\/a><\/p>\n\n\n\n<p><strong>W<\/strong> <strong>razie prowokacji zdaje si\u0119 na odpowiedzialnych genera\u0142\u00f3w.<\/strong><\/p>\n\n\n\n<p>Verte &gt;<a href=\"https:\/\/topol.org.pl\/?page_id=6187\">Fundacja Narodowe Si\u0142y Samoobrony \u201eGrot\u201d<\/a><\/p>\n\n\n\n<p><\/p>\n","protected":false},"excerpt":{"rendered":"<p>04.09.2025 19.18 &#8222;Wszyscy to&nbsp;akceptuj\u0105&#8221;. \u0179r\u00f3d\u0142o: DoRzeczy.pl Musimy by\u0107 przygotowani na prowokacj\u0119, b\u0119dzie ich wiele. Trzeba zachowa\u0107 spok\u00f3j. To nie nasza wojna. Bezcenny &#8222;pok\u00f3j&#8221; chroni nas przed kolejnym rozbiorem i przej\u0119ciem pa\u0144stwa. Ja nie akceptuj\u0119, \u017ce jeste\u015bmy hubem logistycznym. Ale popieram dzia\u0142ania Pana Premiera i Ministra Obrony Narodowej. Og\u00f3lnie popieram rz\u0105d w tym co m\u00f3wi w [&hellip;]<\/p>\n","protected":false},"author":1,"featured_media":0,"parent":11389,"menu_order":39,"comment_status":"closed","ping_status":"closed","template":"","meta":{"footnotes":""},"class_list":["post-13218","page","type-page","status-publish","hentry"],"_links":{"self":[{"href":"https:\/\/topol.org.pl\/index.php?rest_route=\/wp\/v2\/pages\/13218","targetHints":{"allow":["GET"]}}],"collection":[{"href":"https:\/\/topol.org.pl\/index.php?rest_route=\/wp\/v2\/pages"}],"about":[{"href":"https:\/\/topol.org.pl\/index.php?rest_route=\/wp\/v2\/types\/page"}],"author":[{"embeddable":true,"href":"https:\/\/topol.org.pl\/index.php?rest_route=\/wp\/v2\/users\/1"}],"replies":[{"embeddable":true,"href":"https:\/\/topol.org.pl\/index.php?rest_route=%2Fwp%2Fv2%2Fcomments&post=13218"}],"version-history":[{"count":18,"href":"https:\/\/topol.org.pl\/index.php?rest_route=\/wp\/v2\/pages\/13218\/revisions"}],"predecessor-version":[{"id":13245,"href":"https:\/\/topol.org.pl\/index.php?rest_route=\/wp\/v2\/pages\/13218\/revisions\/13245"}],"up":[{"embeddable":true,"href":"https:\/\/topol.org.pl\/index.php?rest_route=\/wp\/v2\/pages\/11389"}],"wp:attachment":[{"href":"https:\/\/topol.org.pl\/index.php?rest_route=%2Fwp%2Fv2%2Fmedia&parent=13218"}],"curies":[{"name":"wp","href":"https:\/\/api.w.org\/{rel}","templated":true}]}}