{"id":13263,"date":"2025-09-06T14:35:10","date_gmt":"2025-09-06T12:35:10","guid":{"rendered":"https:\/\/topol.org.pl\/?page_id=13263"},"modified":"2026-01-09T10:15:27","modified_gmt":"2026-01-09T09:15:27","slug":"prosze-poprawic-zbroje-i-z-powaga-reprezentowac-powaznego-partnera-usa-polske","status":"publish","type":"page","link":"https:\/\/topol.org.pl\/?page_id=13263","title":{"rendered":"Prosz\u0119 poprawi\u0107 zbroj\u0119 i\u00a0z\u00a0powag\u0105 reprezentowa\u0107 powa\u017cnego partnera. USA \u2013\u00a0Polsk\u0119"},"content":{"rendered":"\n<p>06.09.2025 14.21 &#8222;Prosz\u0119 poprawi\u0107 zbroj\u0119 i\u00a0z\u00a0powag\u0105 reprezentowa\u0107 powa\u017cnego partnera. USA \u2013\u00a0Polsk\u0119&#8221; &#8211; powiedzia\u0142 Prezydent. \u0179r\u00f3d\u0142o: <a href=\"https:\/\/dorzeczy.pl\/kraj\/775593\/nawrocki-do-sikorskiego-spotkamy-sie-na-powaznej-rozmowie.html\">DoRzeczy.pl<\/a><\/p>\n\n\n\n<p><strong>Ca\u0142e szcz\u0119\u015bcie, \u017ce dyplomacj\u0105 zajmuj\u0119 si\u0119 osobi\u015bcie. Do tej pory jeste\u015bmy w ca\u0142o\u015bci mimo zapewnie\u0144 o zestrzeliwaniu rakiet nad obcym terytorium.<\/strong><\/p>\n\n\n\n<p>Verte ><a href=\"https:\/\/topol.org.pl\/?page_id=6187\">Fundacja Narodowe Si\u0142y Samoobrony \u201eGrot\u201d<\/a><\/p>\n\n\n\n<p><\/p>\n","protected":false},"excerpt":{"rendered":"<p>06.09.2025 14.21 &#8222;Prosz\u0119 poprawi\u0107 zbroj\u0119 i\u00a0z\u00a0powag\u0105 reprezentowa\u0107 powa\u017cnego partnera. USA \u2013\u00a0Polsk\u0119&#8221; &#8211; powiedzia\u0142 Prezydent. \u0179r\u00f3d\u0142o: DoRzeczy.pl Ca\u0142e szcz\u0119\u015bcie, \u017ce dyplomacj\u0105 zajmuj\u0119 si\u0119 osobi\u015bcie. Do tej pory jeste\u015bmy w ca\u0142o\u015bci mimo zapewnie\u0144 o zestrzeliwaniu rakiet nad obcym terytorium. Verte >Fundacja Narodowe Si\u0142y Samoobrony \u201eGrot\u201d<\/p>\n","protected":false},"author":1,"featured_media":0,"parent":59,"menu_order":0,"comment_status":"closed","ping_status":"closed","template":"","meta":{"footnotes":""},"class_list":["post-13263","page","type-page","status-publish","hentry"],"_links":{"self":[{"href":"https:\/\/topol.org.pl\/index.php?rest_route=\/wp\/v2\/pages\/13263","targetHints":{"allow":["GET"]}}],"collection":[{"href":"https:\/\/topol.org.pl\/index.php?rest_route=\/wp\/v2\/pages"}],"about":[{"href":"https:\/\/topol.org.pl\/index.php?rest_route=\/wp\/v2\/types\/page"}],"author":[{"embeddable":true,"href":"https:\/\/topol.org.pl\/index.php?rest_route=\/wp\/v2\/users\/1"}],"replies":[{"embeddable":true,"href":"https:\/\/topol.org.pl\/index.php?rest_route=%2Fwp%2Fv2%2Fcomments&post=13263"}],"version-history":[{"count":1,"href":"https:\/\/topol.org.pl\/index.php?rest_route=\/wp\/v2\/pages\/13263\/revisions"}],"predecessor-version":[{"id":13264,"href":"https:\/\/topol.org.pl\/index.php?rest_route=\/wp\/v2\/pages\/13263\/revisions\/13264"}],"up":[{"embeddable":true,"href":"https:\/\/topol.org.pl\/index.php?rest_route=\/wp\/v2\/pages\/59"}],"wp:attachment":[{"href":"https:\/\/topol.org.pl\/index.php?rest_route=%2Fwp%2Fv2%2Fmedia&parent=13263"}],"curies":[{"name":"wp","href":"https:\/\/api.w.org\/{rel}","templated":true}]}}