{"id":13280,"date":"2025-09-09T06:39:12","date_gmt":"2025-09-09T04:39:12","guid":{"rendered":"https:\/\/topol.org.pl\/?page_id=13280"},"modified":"2025-10-03T09:52:04","modified_gmt":"2025-10-03T07:52:04","slug":"globalne-poludnie","status":"publish","type":"page","link":"https:\/\/topol.org.pl\/?page_id=13280","title":{"rendered":"Globalne Po\u0142udnie"},"content":{"rendered":"\n<p>09.09.2025 06.37 <a href=\"https:\/\/www.rp.pl\/komentarze\/art42959481-ambasada-indii-nie-zaczelismy-wspolpracowac-z-rosja-by-kupowac-tania-rosyjska-rope\">&#8222;Bliskie stosunki Indii z Federacj\u0105 Rosyjsk\u0105 i jej poprzednikiem, Zwi\u0105zkiem Radzieckim, si\u0119gaj\u0105 dziesi\u0105tek lat wstecz&#8221;<\/a> \u0179r\u00f3d\u0142o: rp.pl<\/p>\n\n\n\n<p>Autor<\/p>\n\n\n\n<p>Satyasheel Lall<\/p>\n\n\n\n<p>Rzecznik prasowy ambasady Indii w Warszawie<\/p>\n\n\n\n<p>Verte &gt;<a href=\"https:\/\/topol.org.pl\/?page_id=6187\">Fundacja Narodowe Si\u0142y Samoobrony \u201eGrot\u201d<\/a><\/p>\n\n\n\n<p><\/p>\n","protected":false},"excerpt":{"rendered":"<p>09.09.2025 06.37 &#8222;Bliskie stosunki Indii z Federacj\u0105 Rosyjsk\u0105 i jej poprzednikiem, Zwi\u0105zkiem Radzieckim, si\u0119gaj\u0105 dziesi\u0105tek lat wstecz&#8221; \u0179r\u00f3d\u0142o: rp.pl Autor Satyasheel Lall Rzecznik prasowy ambasady Indii w Warszawie Verte &gt;Fundacja Narodowe Si\u0142y Samoobrony \u201eGrot\u201d<\/p>\n","protected":false},"author":1,"featured_media":0,"parent":0,"menu_order":301,"comment_status":"closed","ping_status":"closed","template":"","meta":{"footnotes":""},"class_list":["post-13280","page","type-page","status-publish","hentry"],"_links":{"self":[{"href":"https:\/\/topol.org.pl\/index.php?rest_route=\/wp\/v2\/pages\/13280","targetHints":{"allow":["GET"]}}],"collection":[{"href":"https:\/\/topol.org.pl\/index.php?rest_route=\/wp\/v2\/pages"}],"about":[{"href":"https:\/\/topol.org.pl\/index.php?rest_route=\/wp\/v2\/types\/page"}],"author":[{"embeddable":true,"href":"https:\/\/topol.org.pl\/index.php?rest_route=\/wp\/v2\/users\/1"}],"replies":[{"embeddable":true,"href":"https:\/\/topol.org.pl\/index.php?rest_route=%2Fwp%2Fv2%2Fcomments&post=13280"}],"version-history":[{"count":3,"href":"https:\/\/topol.org.pl\/index.php?rest_route=\/wp\/v2\/pages\/13280\/revisions"}],"predecessor-version":[{"id":13283,"href":"https:\/\/topol.org.pl\/index.php?rest_route=\/wp\/v2\/pages\/13280\/revisions\/13283"}],"wp:attachment":[{"href":"https:\/\/topol.org.pl\/index.php?rest_route=%2Fwp%2Fv2%2Fmedia&parent=13280"}],"curies":[{"name":"wp","href":"https:\/\/api.w.org\/{rel}","templated":true}]}}