{"id":13346,"date":"2025-09-12T22:04:38","date_gmt":"2025-09-12T20:04:38","guid":{"rendered":"https:\/\/topol.org.pl\/?page_id=13346"},"modified":"2025-09-13T18:13:26","modified_gmt":"2025-09-13T16:13:26","slug":"nie-dajmy-sie-wciagnac-do-wojny","status":"publish","type":"page","link":"https:\/\/topol.org.pl\/?page_id=13346","title":{"rendered":"Nie dajmy si\u0119 wci\u0105gn\u0105\u0107 do wojny."},"content":{"rendered":"\n<p>12.09.2025 22.02 <a href=\"https:\/\/www.youtube.com\/watch?v=zpTfL3s8__U&amp;list=PLvdibod3J-Xsaq8C0Zfff88LUIusMqnax\">Czy Polska dogoni uciekaj\u0105c\u0105 rzeczywisto\u015b\u0107? Nawrocki wie w co gra? M. Zi\u0119tek-Wielomska<\/a> \u0179r\u00f3d\u0142o: Tygodnik DoRzeczy<\/p>\n\n\n\n<p><strong>Musimy zachowa\u0107 suwerenno\u015b\u0107, bez podporz\u0105dkowania \u017cadnej ze stron.<\/strong><\/p>\n\n\n\n<figure class=\"wp-block-image size-large\"><a href=\"https:\/\/www.youtube.com\/playlist?list=PLvdibod3J-Xsaq8C0Zfff88LUIusMqnax\"><img loading=\"lazy\" decoding=\"async\" width=\"1024\" height=\"441\" src=\"https:\/\/topol.org.pl\/wp-content\/uploads\/2025\/09\/Musimy-zachowac-suwerennosc-bez-podporzadkowania-zadnej-ze-stron-1024x441.jpg\" alt=\"\" class=\"wp-image-13349\" srcset=\"https:\/\/topol.org.pl\/wp-content\/uploads\/2025\/09\/Musimy-zachowac-suwerennosc-bez-podporzadkowania-zadnej-ze-stron-1024x441.jpg 1024w, https:\/\/topol.org.pl\/wp-content\/uploads\/2025\/09\/Musimy-zachowac-suwerennosc-bez-podporzadkowania-zadnej-ze-stron-300x129.jpg 300w, https:\/\/topol.org.pl\/wp-content\/uploads\/2025\/09\/Musimy-zachowac-suwerennosc-bez-podporzadkowania-zadnej-ze-stron-768x331.jpg 768w, https:\/\/topol.org.pl\/wp-content\/uploads\/2025\/09\/Musimy-zachowac-suwerennosc-bez-podporzadkowania-zadnej-ze-stron-1536x661.jpg 1536w, https:\/\/topol.org.pl\/wp-content\/uploads\/2025\/09\/Musimy-zachowac-suwerennosc-bez-podporzadkowania-zadnej-ze-stron.jpg 1661w\" sizes=\"auto, (max-width: 1024px) 100vw, 1024px\" \/><\/a><\/figure>\n\n\n\n<p>14.09.2025 13.03 <strong>Nie mog\u0119 uwierzy\u0107, niemieckie samoloty nad Polsk\u0105. Nie ma terytorium NATO, tylko terytorium  Polski. Sprowadzili\u015bcie na nasze terytorium wojn\u0119. <\/strong><\/p>\n\n\n\n<p>13.09.2025 18.08&#8243;Reparacje nie\u00a0b\u0119d\u0105 alternatyw\u0105 dla\u00a0historycznej amnezji, ale\u00a0Polska jako pa\u0144stwo przyfrontowe, najwa\u017cniejsze pa\u0144stwo wschodniej flanki NATO, potrzebuje sprawiedliwo\u015bci, prawdy i\u00a0jasnych relacji z\u00a0Niemcami, ale\u00a0tak\u017ce potrzebuje reparacji od\u00a0pa\u0144stwa niemieckiego \u2013\u00a0<a href=\"https:\/\/dorzeczy.pl\/opinie\/779043\/nawrocki-wraca-do-sprawy-niemieckich-reparacji-musimy-to-rozwiazac.html\">doda\u0142 Prezydent Karol Nawrocki<\/a>&#8222;. \u0179r\u00f3d\u0142o:\u00a0prezydent.pl\/DoRzeczy.pl<\/p>\n\n\n\n<p><strong>Dlaczego &#8222;Polska jako pa\u0144stwo przyfrontowe, najwa\u017cniejsze pa\u0144stwo wschodniej flanki NATO&#8221; ?<\/strong><\/p>\n\n\n\n<p>Verte &gt;<a href=\"https:\/\/topol.org.pl\/?page_id=6187\">Fundacja Narodowe Si\u0142y Samoobrony \u201eGrot\u201d<\/a><\/p>\n\n\n\n<p><\/p>\n","protected":false},"excerpt":{"rendered":"<p>12.09.2025 22.02 Czy Polska dogoni uciekaj\u0105c\u0105 rzeczywisto\u015b\u0107? Nawrocki wie w co gra? M. Zi\u0119tek-Wielomska \u0179r\u00f3d\u0142o: Tygodnik DoRzeczy Musimy zachowa\u0107 suwerenno\u015b\u0107, bez podporz\u0105dkowania \u017cadnej ze stron. 14.09.2025 13.03 Nie mog\u0119 uwierzy\u0107, niemieckie samoloty nad Polsk\u0105. Nie ma terytorium NATO, tylko terytorium Polski. Sprowadzili\u015bcie na nasze terytorium wojn\u0119. 13.09.2025 18.08&#8243;Reparacje nie\u00a0b\u0119d\u0105 alternatyw\u0105 dla\u00a0historycznej amnezji, ale\u00a0Polska jako pa\u0144stwo [&hellip;]<\/p>\n","protected":false},"author":1,"featured_media":0,"parent":12631,"menu_order":8,"comment_status":"closed","ping_status":"closed","template":"","meta":{"footnotes":""},"class_list":["post-13346","page","type-page","status-publish","hentry"],"_links":{"self":[{"href":"https:\/\/topol.org.pl\/index.php?rest_route=\/wp\/v2\/pages\/13346","targetHints":{"allow":["GET"]}}],"collection":[{"href":"https:\/\/topol.org.pl\/index.php?rest_route=\/wp\/v2\/pages"}],"about":[{"href":"https:\/\/topol.org.pl\/index.php?rest_route=\/wp\/v2\/types\/page"}],"author":[{"embeddable":true,"href":"https:\/\/topol.org.pl\/index.php?rest_route=\/wp\/v2\/users\/1"}],"replies":[{"embeddable":true,"href":"https:\/\/topol.org.pl\/index.php?rest_route=%2Fwp%2Fv2%2Fcomments&post=13346"}],"version-history":[{"count":7,"href":"https:\/\/topol.org.pl\/index.php?rest_route=\/wp\/v2\/pages\/13346\/revisions"}],"predecessor-version":[{"id":13356,"href":"https:\/\/topol.org.pl\/index.php?rest_route=\/wp\/v2\/pages\/13346\/revisions\/13356"}],"up":[{"embeddable":true,"href":"https:\/\/topol.org.pl\/index.php?rest_route=\/wp\/v2\/pages\/12631"}],"wp:attachment":[{"href":"https:\/\/topol.org.pl\/index.php?rest_route=%2Fwp%2Fv2%2Fmedia&parent=13346"}],"curies":[{"name":"wp","href":"https:\/\/api.w.org\/{rel}","templated":true}]}}