{"id":13451,"date":"2025-09-18T19:43:52","date_gmt":"2025-09-18T17:43:52","guid":{"rendered":"https:\/\/topol.org.pl\/?page_id=13451"},"modified":"2026-01-09T10:20:44","modified_gmt":"2026-01-09T09:20:44","slug":"13451-2","status":"publish","type":"page","link":"https:\/\/topol.org.pl\/?page_id=13451","title":{"rendered":"Rewaluacja"},"content":{"rendered":"\n<p>18.09.2025 19.40 <a href=\"https:\/\/www.youtube.com\/watch?v=Y-Cgl_p-znw\">KTO i ILE ZYSKA na Rewaluacji Z\u0142ota?<\/a> \u0179r\u00f3d\u0142o: <a href=\"https:\/\/www.youtube.com\/@TavexPL\">Tavex<\/a><\/p>\n\n\n\n<p>Verte ><a href=\"https:\/\/topol.org.pl\/?page_id=6187\">Fundacja Narodowe Si\u0142y Samoobrony \u201eGrot\u201d<\/a><\/p>\n\n\n\n<p><\/p>\n","protected":false},"excerpt":{"rendered":"<p>18.09.2025 19.40 KTO i ILE ZYSKA na Rewaluacji Z\u0142ota? \u0179r\u00f3d\u0142o: Tavex Verte >Fundacja Narodowe Si\u0142y Samoobrony \u201eGrot\u201d<\/p>\n","protected":false},"author":1,"featured_media":0,"parent":2759,"menu_order":0,"comment_status":"closed","ping_status":"closed","template":"","meta":{"footnotes":""},"class_list":["post-13451","page","type-page","status-publish","hentry"],"_links":{"self":[{"href":"https:\/\/topol.org.pl\/index.php?rest_route=\/wp\/v2\/pages\/13451","targetHints":{"allow":["GET"]}}],"collection":[{"href":"https:\/\/topol.org.pl\/index.php?rest_route=\/wp\/v2\/pages"}],"about":[{"href":"https:\/\/topol.org.pl\/index.php?rest_route=\/wp\/v2\/types\/page"}],"author":[{"embeddable":true,"href":"https:\/\/topol.org.pl\/index.php?rest_route=\/wp\/v2\/users\/1"}],"replies":[{"embeddable":true,"href":"https:\/\/topol.org.pl\/index.php?rest_route=%2Fwp%2Fv2%2Fcomments&post=13451"}],"version-history":[{"count":2,"href":"https:\/\/topol.org.pl\/index.php?rest_route=\/wp\/v2\/pages\/13451\/revisions"}],"predecessor-version":[{"id":13453,"href":"https:\/\/topol.org.pl\/index.php?rest_route=\/wp\/v2\/pages\/13451\/revisions\/13453"}],"up":[{"embeddable":true,"href":"https:\/\/topol.org.pl\/index.php?rest_route=\/wp\/v2\/pages\/2759"}],"wp:attachment":[{"href":"https:\/\/topol.org.pl\/index.php?rest_route=%2Fwp%2Fv2%2Fmedia&parent=13451"}],"curies":[{"name":"wp","href":"https:\/\/api.w.org\/{rel}","templated":true}]}}