{"id":13456,"date":"2025-09-19T22:28:12","date_gmt":"2025-09-19T20:28:12","guid":{"rendered":"https:\/\/topol.org.pl\/?page_id=13456"},"modified":"2025-10-03T09:50:12","modified_gmt":"2025-10-03T07:50:12","slug":"zloty-srodek","status":"publish","type":"page","link":"https:\/\/topol.org.pl\/?page_id=13456","title":{"rendered":"&#8222;Z\u0142oty \u015brodek&#8221;"},"content":{"rendered":"\n<p>19.09.2025 22.24 &#8222;<a href=\"https:\/\/www.google.com\/search?q=z%C5%82oty+%C5%9Brodek&amp;oq=z%C5%82oty+%C5%9Brodek&amp;gs_lcrp=EgZjaHJvbWUyBggAEEUYOdIBCTczMjdqMGoxNagCCLACAQ&amp;sourceid=chrome&amp;ie=UTF-8\">Z\u0142oty \u015brodek<\/a>&#8221; to\u00a0<mark><a href=\"https:\/\/youtu.be\/clJ1LdDZ7k0?t=574\">koncepcja filozoficzna i etyczna, oznaczaj\u0105ca umiar, unikanie skrajno\u015bci i znalezienie najlepszego rozwi\u0105zania po\u015bredniego mi\u0119dzy nadmiarem a niedomiarem<\/a><\/mark>.\u00a0Zosta\u0142a spopularyzowana przez Arystotelesa, kt\u00f3ry uwa\u017ca\u0142, \u017ce cnota polega na zachowaniu r\u00f3wnowagi mi\u0119dzy dwoma przeciwie\u0144stwami.\u00a0Wyra\u017cenie to mo\u017ce tak\u017ce odnosi\u0107 si\u0119 do film\u00f3w, konkurs\u00f3w, a nawet horacja\u0144skiego po\u0142\u0105czenia epikureizmu i stoicyzmu w filozofii \u017cyciowej.\u00a0<\/p>\n\n\n\n<p><strong><a href=\"https:\/\/topol.org.pl\/?page_id=13434\">Przegl\u0105d od AI<\/a><\/strong><\/p>\n\n\n\n<p>Verte &gt;<a href=\"https:\/\/topol.org.pl\/?page_id=6187\">Fundacja Narodowe Si\u0142y Samoobrony \u201eGrot\u201d<\/a><\/p>\n\n\n\n<p><\/p>\n","protected":false},"excerpt":{"rendered":"<p>19.09.2025 22.24 &#8222;Z\u0142oty \u015brodek&#8221; to\u00a0koncepcja filozoficzna i etyczna, oznaczaj\u0105ca umiar, unikanie skrajno\u015bci i znalezienie najlepszego rozwi\u0105zania po\u015bredniego mi\u0119dzy nadmiarem a niedomiarem.\u00a0Zosta\u0142a spopularyzowana przez Arystotelesa, kt\u00f3ry uwa\u017ca\u0142, \u017ce cnota polega na zachowaniu r\u00f3wnowagi mi\u0119dzy dwoma przeciwie\u0144stwami.\u00a0Wyra\u017cenie to mo\u017ce tak\u017ce odnosi\u0107 si\u0119 do film\u00f3w, konkurs\u00f3w, a nawet horacja\u0144skiego po\u0142\u0105czenia epikureizmu i stoicyzmu w filozofii \u017cyciowej.\u00a0 Przegl\u0105d od [&hellip;]<\/p>\n","protected":false},"author":1,"featured_media":0,"parent":0,"menu_order":299,"comment_status":"closed","ping_status":"closed","template":"","meta":{"footnotes":""},"class_list":["post-13456","page","type-page","status-publish","hentry"],"_links":{"self":[{"href":"https:\/\/topol.org.pl\/index.php?rest_route=\/wp\/v2\/pages\/13456","targetHints":{"allow":["GET"]}}],"collection":[{"href":"https:\/\/topol.org.pl\/index.php?rest_route=\/wp\/v2\/pages"}],"about":[{"href":"https:\/\/topol.org.pl\/index.php?rest_route=\/wp\/v2\/types\/page"}],"author":[{"embeddable":true,"href":"https:\/\/topol.org.pl\/index.php?rest_route=\/wp\/v2\/users\/1"}],"replies":[{"embeddable":true,"href":"https:\/\/topol.org.pl\/index.php?rest_route=%2Fwp%2Fv2%2Fcomments&post=13456"}],"version-history":[{"count":5,"href":"https:\/\/topol.org.pl\/index.php?rest_route=\/wp\/v2\/pages\/13456\/revisions"}],"predecessor-version":[{"id":13462,"href":"https:\/\/topol.org.pl\/index.php?rest_route=\/wp\/v2\/pages\/13456\/revisions\/13462"}],"wp:attachment":[{"href":"https:\/\/topol.org.pl\/index.php?rest_route=%2Fwp%2Fv2%2Fmedia&parent=13456"}],"curies":[{"name":"wp","href":"https:\/\/api.w.org\/{rel}","templated":true}]}}