{"id":13493,"date":"2025-09-29T09:28:46","date_gmt":"2025-09-29T07:28:46","guid":{"rendered":"https:\/\/topol.org.pl\/?page_id=13493"},"modified":"2026-01-08T20:52:37","modified_gmt":"2026-01-08T19:52:37","slug":"wysoki-komisarz-onz-ds-uchodzcow","status":"publish","type":"page","link":"https:\/\/topol.org.pl\/?page_id=13493","title":{"rendered":"Wysoki Komisarz ONZ ds. Uchod\u017ac\u00f3w"},"content":{"rendered":"\n<p>29.09.2025 09.17 &#8222;Wysokiego Komisarza ONZ ds. Uchod\u017ac\u00f3w&#8221; \u0179r\u00f3d\u0142o: rp.pl<\/p>\n\n\n\n<p><strong>Zamiast tworzy\u0107 takie stanowisko przy ONZ powinni\u015bmy zabiega\u0107, \u017ceby wycofa\u0107 uchod\u017ac\u00f3w do ich ojczyzny. Mam pytanie, czy Polacy w niedalekiej perspektywie czasu&#8230; maj\u0105 zasili\u0107 grup\u0119 uchod\u017ac\u00f3w na \u015bwiecie ?<\/strong> <strong>Taki plan ?<\/strong> <strong>Ja widz\u0119 Marsza\u0142ka w roli komentatora <a href=\"https:\/\/www.youtube.com\/channel\/UCOxA07wRzC7olVQtTls95VQ\">na moim kanale You Tube<\/a>.<\/strong><\/p>\n\n\n\n<p>Verte &gt;<a href=\"https:\/\/topol.org.pl\/?page_id=6187\">Fundacja Narodowe Si\u0142y Samoobrony \u201eGrot\u201d<\/a><\/p>\n\n\n\n<p><\/p>\n","protected":false},"excerpt":{"rendered":"<p>29.09.2025 09.17 &#8222;Wysokiego Komisarza ONZ ds. Uchod\u017ac\u00f3w&#8221; \u0179r\u00f3d\u0142o: rp.pl Zamiast tworzy\u0107 takie stanowisko przy ONZ powinni\u015bmy zabiega\u0107, \u017ceby wycofa\u0107 uchod\u017ac\u00f3w do ich ojczyzny. Mam pytanie, czy Polacy w niedalekiej perspektywie czasu&#8230; maj\u0105 zasili\u0107 grup\u0119 uchod\u017ac\u00f3w na \u015bwiecie ? Taki plan ? Ja widz\u0119 Marsza\u0142ka w roli komentatora na moim kanale You Tube. Verte &gt;Fundacja Narodowe [&hellip;]<\/p>\n","protected":false},"author":1,"featured_media":0,"parent":11389,"menu_order":5,"comment_status":"closed","ping_status":"closed","template":"","meta":{"footnotes":""},"class_list":["post-13493","page","type-page","status-publish","hentry"],"_links":{"self":[{"href":"https:\/\/topol.org.pl\/index.php?rest_route=\/wp\/v2\/pages\/13493","targetHints":{"allow":["GET"]}}],"collection":[{"href":"https:\/\/topol.org.pl\/index.php?rest_route=\/wp\/v2\/pages"}],"about":[{"href":"https:\/\/topol.org.pl\/index.php?rest_route=\/wp\/v2\/types\/page"}],"author":[{"embeddable":true,"href":"https:\/\/topol.org.pl\/index.php?rest_route=\/wp\/v2\/users\/1"}],"replies":[{"embeddable":true,"href":"https:\/\/topol.org.pl\/index.php?rest_route=%2Fwp%2Fv2%2Fcomments&post=13493"}],"version-history":[{"count":3,"href":"https:\/\/topol.org.pl\/index.php?rest_route=\/wp\/v2\/pages\/13493\/revisions"}],"predecessor-version":[{"id":14028,"href":"https:\/\/topol.org.pl\/index.php?rest_route=\/wp\/v2\/pages\/13493\/revisions\/14028"}],"up":[{"embeddable":true,"href":"https:\/\/topol.org.pl\/index.php?rest_route=\/wp\/v2\/pages\/11389"}],"wp:attachment":[{"href":"https:\/\/topol.org.pl\/index.php?rest_route=%2Fwp%2Fv2%2Fmedia&parent=13493"}],"curies":[{"name":"wp","href":"https:\/\/api.w.org\/{rel}","templated":true}]}}