{"id":13506,"date":"2025-09-29T13:39:55","date_gmt":"2025-09-29T11:39:55","guid":{"rendered":"https:\/\/topol.org.pl\/?page_id=13506"},"modified":"2025-10-16T10:18:45","modified_gmt":"2025-10-16T08:18:45","slug":"zadnych-plecakow-ucieczkowych","status":"publish","type":"page","link":"https:\/\/topol.org.pl\/?page_id=13506","title":{"rendered":"\u017badnych plecak\u00f3w ucieczkowych!"},"content":{"rendered":"\n<p>29.09.2025 13.35 <a href=\"https:\/\/www.youtube.com\/watch?v=JodHjrRt9fY\">Katarzyna Tarnawa-Gw\u00f3\u017ad\u017a &#8211; \u017badnych plecak\u00f3w ucieczkowych! Radca prawny o aktualnej nagonce w@jennej.<\/a> \u0179r\u00f3d\u0142o: <a href=\"https:\/\/www.youtube.com\/@KonkretnyKanal\">KONKRETNY KANA\u0141<\/a><\/p>\n\n\n\n<figure class=\"wp-block-image size-large\"><a href=\"https:\/\/www.youtube.com\/playlist?list=PLvdibod3J-XuDER-3RrTyhsQIk1ojz1FH\"><img loading=\"lazy\" decoding=\"async\" width=\"1024\" height=\"449\" src=\"https:\/\/topol.org.pl\/wp-content\/uploads\/2025\/09\/Zadnych-plecakow-ucieczkowych-1024x449.jpg\" alt=\"\" class=\"wp-image-13512\" srcset=\"https:\/\/topol.org.pl\/wp-content\/uploads\/2025\/09\/Zadnych-plecakow-ucieczkowych-1024x449.jpg 1024w, https:\/\/topol.org.pl\/wp-content\/uploads\/2025\/09\/Zadnych-plecakow-ucieczkowych-300x132.jpg 300w, https:\/\/topol.org.pl\/wp-content\/uploads\/2025\/09\/Zadnych-plecakow-ucieczkowych-768x337.jpg 768w, https:\/\/topol.org.pl\/wp-content\/uploads\/2025\/09\/Zadnych-plecakow-ucieczkowych-1536x674.jpg 1536w, https:\/\/topol.org.pl\/wp-content\/uploads\/2025\/09\/Zadnych-plecakow-ucieczkowych.jpg 1638w\" sizes=\"auto, (max-width: 1024px) 100vw, 1024px\" \/><\/a><\/figure>\n\n\n\n<p><a href=\"https:\/\/www.youtube.com\/playlist?list=PLvdibod3J-XuDER-3RrTyhsQIk1ojz1FH\">\u017badnych plecak\u00f3w ucieczkowych!<\/a><\/p>\n\n\n\n<p>Verte &gt;<a href=\"https:\/\/topol.org.pl\/?page_id=6187\">Fundacja Narodowe Si\u0142y Samoobrony \u201eGrot\u201d<\/a><\/p>\n\n\n\n<p><\/p>\n","protected":false},"excerpt":{"rendered":"<p>29.09.2025 13.35 Katarzyna Tarnawa-Gw\u00f3\u017ad\u017a &#8211; \u017badnych plecak\u00f3w ucieczkowych! Radca prawny o aktualnej nagonce w@jennej. \u0179r\u00f3d\u0142o: KONKRETNY KANA\u0141 \u017badnych plecak\u00f3w ucieczkowych! Verte &gt;Fundacja Narodowe Si\u0142y Samoobrony \u201eGrot\u201d<\/p>\n","protected":false},"author":1,"featured_media":0,"parent":13496,"menu_order":7,"comment_status":"closed","ping_status":"closed","template":"","meta":{"footnotes":""},"class_list":["post-13506","page","type-page","status-publish","hentry"],"_links":{"self":[{"href":"https:\/\/topol.org.pl\/index.php?rest_route=\/wp\/v2\/pages\/13506","targetHints":{"allow":["GET"]}}],"collection":[{"href":"https:\/\/topol.org.pl\/index.php?rest_route=\/wp\/v2\/pages"}],"about":[{"href":"https:\/\/topol.org.pl\/index.php?rest_route=\/wp\/v2\/types\/page"}],"author":[{"embeddable":true,"href":"https:\/\/topol.org.pl\/index.php?rest_route=\/wp\/v2\/users\/1"}],"replies":[{"embeddable":true,"href":"https:\/\/topol.org.pl\/index.php?rest_route=%2Fwp%2Fv2%2Fcomments&post=13506"}],"version-history":[{"count":4,"href":"https:\/\/topol.org.pl\/index.php?rest_route=\/wp\/v2\/pages\/13506\/revisions"}],"predecessor-version":[{"id":13513,"href":"https:\/\/topol.org.pl\/index.php?rest_route=\/wp\/v2\/pages\/13506\/revisions\/13513"}],"up":[{"embeddable":true,"href":"https:\/\/topol.org.pl\/index.php?rest_route=\/wp\/v2\/pages\/13496"}],"wp:attachment":[{"href":"https:\/\/topol.org.pl\/index.php?rest_route=%2Fwp%2Fv2%2Fmedia&parent=13506"}],"curies":[{"name":"wp","href":"https:\/\/api.w.org\/{rel}","templated":true}]}}