{"id":13514,"date":"2025-09-29T15:14:11","date_gmt":"2025-09-29T13:14:11","guid":{"rendered":"https:\/\/topol.org.pl\/?page_id=13514"},"modified":"2025-10-16T10:18:54","modified_gmt":"2025-10-16T08:18:54","slug":"upiorny-projekt","status":"publish","type":"page","link":"https:\/\/topol.org.pl\/?page_id=13514","title":{"rendered":"&#8222;upiorny projekt&#8221;"},"content":{"rendered":"\n<p>29.09.2025 15.10 <a href=\"https:\/\/dorzeczy.pl\/kraj\/785877\/zelenski-zlozyl-propozycje-polsce-wspolna-tarcza-powietrzna.html\">Tusk o&nbsp;&#8222;upiornym projekcie&#8221;. &#8222;To&nbsp;jest nasza wojna&#8221;<\/a> \u0179r\u00f3d\u0142o:&nbsp;TVN24\/DoRzeczy.pl<\/p>\n\n\n\n<p><strong>&#8222;Upiorny projekt&#8221; to zniszczony wyludniony kraj, podzielony przez naszych odwiecznych przyjaci\u00f3\u0142.<\/strong> <strong>Niemcy, Angli\u0119, Francj\u0119 i Ukrain\u0119.<\/strong><\/p>\n\n\n\n<p>29.09.2025 16.53 <a href=\"https:\/\/www.youtube.com\/watch?v=Ev6_jSvk574\">Trump Daje Zgod\u0119 Ukrainie na Ataki w Rosji, Tusk: \u201eTo Te\u017c Nasza Wojna\u201d!<\/a> \u0179r\u00f3d\u0142o: <a href=\"https:\/\/www.youtube.com\/@TomaszPiekielnik\">Tomasz Piekielnik<\/a><\/p>\n\n\n\n<p>Verte &gt;<a href=\"https:\/\/topol.org.pl\/?page_id=6187\">Fundacja Narodowe Si\u0142y Samoobrony \u201eGrot\u201d<\/a><\/p>\n\n\n\n<p><\/p>\n","protected":false},"excerpt":{"rendered":"<p>29.09.2025 15.10 Tusk o&nbsp;&#8222;upiornym projekcie&#8221;. &#8222;To&nbsp;jest nasza wojna&#8221; \u0179r\u00f3d\u0142o:&nbsp;TVN24\/DoRzeczy.pl &#8222;Upiorny projekt&#8221; to zniszczony wyludniony kraj, podzielony przez naszych odwiecznych przyjaci\u00f3\u0142. Niemcy, Angli\u0119, Francj\u0119 i Ukrain\u0119. 29.09.2025 16.53 Trump Daje Zgod\u0119 Ukrainie na Ataki w Rosji, Tusk: \u201eTo Te\u017c Nasza Wojna\u201d! \u0179r\u00f3d\u0142o: Tomasz Piekielnik Verte &gt;Fundacja Narodowe Si\u0142y Samoobrony \u201eGrot\u201d<\/p>\n","protected":false},"author":1,"featured_media":0,"parent":13506,"menu_order":8,"comment_status":"closed","ping_status":"closed","template":"","meta":{"footnotes":""},"class_list":["post-13514","page","type-page","status-publish","hentry"],"_links":{"self":[{"href":"https:\/\/topol.org.pl\/index.php?rest_route=\/wp\/v2\/pages\/13514","targetHints":{"allow":["GET"]}}],"collection":[{"href":"https:\/\/topol.org.pl\/index.php?rest_route=\/wp\/v2\/pages"}],"about":[{"href":"https:\/\/topol.org.pl\/index.php?rest_route=\/wp\/v2\/types\/page"}],"author":[{"embeddable":true,"href":"https:\/\/topol.org.pl\/index.php?rest_route=\/wp\/v2\/users\/1"}],"replies":[{"embeddable":true,"href":"https:\/\/topol.org.pl\/index.php?rest_route=%2Fwp%2Fv2%2Fcomments&post=13514"}],"version-history":[{"count":4,"href":"https:\/\/topol.org.pl\/index.php?rest_route=\/wp\/v2\/pages\/13514\/revisions"}],"predecessor-version":[{"id":13519,"href":"https:\/\/topol.org.pl\/index.php?rest_route=\/wp\/v2\/pages\/13514\/revisions\/13519"}],"up":[{"embeddable":true,"href":"https:\/\/topol.org.pl\/index.php?rest_route=\/wp\/v2\/pages\/13506"}],"wp:attachment":[{"href":"https:\/\/topol.org.pl\/index.php?rest_route=%2Fwp%2Fv2%2Fmedia&parent=13514"}],"curies":[{"name":"wp","href":"https:\/\/api.w.org\/{rel}","templated":true}]}}