{"id":13637,"date":"2025-10-23T18:15:16","date_gmt":"2025-10-23T16:15:16","guid":{"rendered":"https:\/\/topol.org.pl\/?page_id=13637"},"modified":"2025-10-28T20:07:47","modified_gmt":"2025-10-28T19:07:47","slug":"dlaczego-polska-nie-pojdzie-na-wojne-z-rosja","status":"publish","type":"page","link":"https:\/\/topol.org.pl\/?page_id=13637","title":{"rendered":"&#8222;dlaczego Polska nie p\u00f3jdzie na wojn\u0119 z Rosj\u0105?&#8221;"},"content":{"rendered":"\n<p>23.10.2025 17.54 <em>&#8222;dlaczego Polska nie p\u00f3jdzie na wojn\u0119 z Rosj\u0105?&#8221;<\/em><br><strong>Pytanie <a href=\"https:\/\/www.google.com\/search?q=Tucker+Carlson&amp;sca_esv=d915882ffb3cd600&amp;sxsrf=AE3TifOJa5qX-jBBzw3el4EXRTXrRyt6bQ%3A1761234953621&amp;ei=CVD6aJbbJc2jwPAPh6jD2AE&amp;ved=0ahUKEwjWg5u-17qQAxXNERAIHQfUEBsQ4dUDCBM&amp;uact=5&amp;oq=Tucker+Carlson&amp;gs_lp=Egxnd3Mtd2l6LXNlcnAiDlR1Y2tlciBDYXJsc29uMgsQLhiABBixAxiDATILEAAYgAQYsQMYgwEyBRAAGIAEMgUQABiABDIFEAAYgAQyBRAAGIAEMgUQABiABDIFEAAYgAQyBRAAGIAEMgUQABiABDIaEC4YgAQYsQMYgwEYlwUY3AQY3gQY3wTYAQFIhxNQAFgAcAB4AZABAJgBfqABfqoBAzAuMbgBA8gBAPgBAvgBAZgCAaACiAGYAwC6BgYIARABGBSSBwMwLjGgB5oMsgcDMC4xuAeIAcIHAzItMcgHBw&amp;sclient=gws-wiz-serp\">dziennikarza ameryka\u0144skiego<\/a> niesie si\u0119 po \u015bwiecie i jego przekaz wskazuje na Polsk\u0119 jako g\u0142\u00f3wnego inicjatora wspieraj\u0105cego pod\u017ceganie do wojny na Ukrainie. To tylko krok do ukarania nas za narracj\u0119 wojenn\u0105 naszych polityk\u00f3w.<\/strong> <strong>Ogl\u0105da\u0142em, blokad\u0119 Kaliningradu przez celnik\u00f3w. Kolejne sankcje na Rosj\u0119. Dialog o utworzeniu wojew\u00f3dztwa cz\u0119stochowskiego, czyli oderwaniu od \u015al\u0105ska. W jakim celu, mo\u017ce \u017ceby \u015al\u0105sk by\u0142 niemiecki. Przesuwamy si\u0119 w stron\u0119 prowokowanego konfliktu. Tak jakby wszystko by\u0142o inscenizacj\u0105 filmu wojennego. Jednocze\u015bnie w gazecie pokazuj\u0105 zdj\u0119cie rakiet balistycznych w arsenale Rosji.<\/strong> <strong>To kontrolowana prowokacja op\u0119tanych polityk\u00f3w sterowanych przez pieni\u0105dze globalist\u00f3w.<\/strong> <strong>A Polska jest g\u0142\u00f3wnym celem, ludzie nadal \u015bpi\u0105 a nawet tak zwani nacjonali\u015bci pisz\u0105 tylko ksi\u0105\u017cki, ale nic nie proponuj\u0105.<\/strong> <strong>Ja trac\u0119 nadziej\u0119, poniewa\u017c wszystko jest zaplanowane.<\/strong><\/p>\n\n\n\n<p><a href=\"https:\/\/www.youtube.com\/playlist?list=PLvdibod3J-Xs2EEMw16eG_6dXqxPo5OKs\">\u201edlaczego Polska nie p\u00f3jdzie na wojn\u0119 z Rosj\u0105?\u201d&#8230;Dlatego, \u017ce nie grozi nam wojna domowa.<\/a><\/p>\n\n\n\n<p>Verte &gt;<a href=\"https:\/\/topol.org.pl\/?page_id=6187\">Fundacja Narodowe Si\u0142y Samoobrony \u201eGrot\u201d<\/a><\/p>\n\n\n\n<p><\/p>\n","protected":false},"excerpt":{"rendered":"<p>23.10.2025 17.54 &#8222;dlaczego Polska nie p\u00f3jdzie na wojn\u0119 z Rosj\u0105?&#8221;Pytanie dziennikarza ameryka\u0144skiego niesie si\u0119 po \u015bwiecie i jego przekaz wskazuje na Polsk\u0119 jako g\u0142\u00f3wnego inicjatora wspieraj\u0105cego pod\u017ceganie do wojny na Ukrainie. To tylko krok do ukarania nas za narracj\u0119 wojenn\u0105 naszych polityk\u00f3w. Ogl\u0105da\u0142em, blokad\u0119 Kaliningradu przez celnik\u00f3w. Kolejne sankcje na Rosj\u0119. Dialog o utworzeniu wojew\u00f3dztwa [&hellip;]<\/p>\n","protected":false},"author":1,"featured_media":0,"parent":13533,"menu_order":3,"comment_status":"closed","ping_status":"closed","template":"","meta":{"footnotes":""},"class_list":["post-13637","page","type-page","status-publish","hentry"],"_links":{"self":[{"href":"https:\/\/topol.org.pl\/index.php?rest_route=\/wp\/v2\/pages\/13637","targetHints":{"allow":["GET"]}}],"collection":[{"href":"https:\/\/topol.org.pl\/index.php?rest_route=\/wp\/v2\/pages"}],"about":[{"href":"https:\/\/topol.org.pl\/index.php?rest_route=\/wp\/v2\/types\/page"}],"author":[{"embeddable":true,"href":"https:\/\/topol.org.pl\/index.php?rest_route=\/wp\/v2\/users\/1"}],"replies":[{"embeddable":true,"href":"https:\/\/topol.org.pl\/index.php?rest_route=%2Fwp%2Fv2%2Fcomments&post=13637"}],"version-history":[{"count":3,"href":"https:\/\/topol.org.pl\/index.php?rest_route=\/wp\/v2\/pages\/13637\/revisions"}],"predecessor-version":[{"id":13680,"href":"https:\/\/topol.org.pl\/index.php?rest_route=\/wp\/v2\/pages\/13637\/revisions\/13680"}],"up":[{"embeddable":true,"href":"https:\/\/topol.org.pl\/index.php?rest_route=\/wp\/v2\/pages\/13533"}],"wp:attachment":[{"href":"https:\/\/topol.org.pl\/index.php?rest_route=%2Fwp%2Fv2%2Fmedia&parent=13637"}],"curies":[{"name":"wp","href":"https:\/\/api.w.org\/{rel}","templated":true}]}}