{"id":13754,"date":"2025-11-13T12:55:53","date_gmt":"2025-11-13T11:55:53","guid":{"rendered":"https:\/\/topol.org.pl\/?page_id=13754"},"modified":"2026-01-09T10:09:40","modified_gmt":"2026-01-09T09:09:40","slug":"bunt-na-slasku-%f0%9f%87%b5%f0%9f%87%b1","status":"publish","type":"page","link":"https:\/\/topol.org.pl\/?page_id=13754","title":{"rendered":"BUNT NA \u015aL\u0104SKU.\ud83c\uddf5\ud83c\uddf1"},"content":{"rendered":"\n<p>13.11.2025 12.55 <a href=\"https:\/\/www.youtube.com\/watch?v=qEePx6FYasM\">BUNT NA \u015aL\u0104SKU, O KT\u00d3RYM MEDIA MILCZ\u0104. \ud83c\uddf5\ud83c\uddf1\ud83c\uddf5\ud83c\uddf1\ud83c\uddf5\ud83c\uddf1<\/a><\/p>\n\n\n\n<p><a href=\"https:\/\/grzegorzkusz.pl\/konferencja\/#galeria\">\u015awiadomy Polak \u00a0\ud83c\uddf5\ud83c\uddf1 \u00a0Bogaty Polak<\/a><\/p>\n\n\n\n<p>Verte &gt;<a href=\"https:\/\/topol.org.pl\/?page_id=6187\">Fundacja Narodowe Si\u0142y Samoobrony \u201eGrot\u201d<\/a><\/p>\n\n\n\n<p><\/p>\n","protected":false},"excerpt":{"rendered":"<p>13.11.2025 12.55 BUNT NA \u015aL\u0104SKU, O KT\u00d3RYM MEDIA MILCZ\u0104. \ud83c\uddf5\ud83c\uddf1\ud83c\uddf5\ud83c\uddf1\ud83c\uddf5\ud83c\uddf1 \u015awiadomy Polak \u00a0\ud83c\uddf5\ud83c\uddf1 \u00a0Bogaty Polak Verte &gt;Fundacja Narodowe Si\u0142y Samoobrony \u201eGrot\u201d<\/p>\n","protected":false},"author":1,"featured_media":0,"parent":2191,"menu_order":0,"comment_status":"closed","ping_status":"closed","template":"","meta":{"footnotes":""},"class_list":["post-13754","page","type-page","status-publish","hentry"],"_links":{"self":[{"href":"https:\/\/topol.org.pl\/index.php?rest_route=\/wp\/v2\/pages\/13754","targetHints":{"allow":["GET"]}}],"collection":[{"href":"https:\/\/topol.org.pl\/index.php?rest_route=\/wp\/v2\/pages"}],"about":[{"href":"https:\/\/topol.org.pl\/index.php?rest_route=\/wp\/v2\/types\/page"}],"author":[{"embeddable":true,"href":"https:\/\/topol.org.pl\/index.php?rest_route=\/wp\/v2\/users\/1"}],"replies":[{"embeddable":true,"href":"https:\/\/topol.org.pl\/index.php?rest_route=%2Fwp%2Fv2%2Fcomments&post=13754"}],"version-history":[{"count":2,"href":"https:\/\/topol.org.pl\/index.php?rest_route=\/wp\/v2\/pages\/13754\/revisions"}],"predecessor-version":[{"id":13756,"href":"https:\/\/topol.org.pl\/index.php?rest_route=\/wp\/v2\/pages\/13754\/revisions\/13756"}],"up":[{"embeddable":true,"href":"https:\/\/topol.org.pl\/index.php?rest_route=\/wp\/v2\/pages\/2191"}],"wp:attachment":[{"href":"https:\/\/topol.org.pl\/index.php?rest_route=%2Fwp%2Fv2%2Fmedia&parent=13754"}],"curies":[{"name":"wp","href":"https:\/\/api.w.org\/{rel}","templated":true}]}}