{"id":13832,"date":"2025-12-02T15:55:36","date_gmt":"2025-12-02T14:55:36","guid":{"rendered":"https:\/\/topol.org.pl\/?page_id=13832"},"modified":"2025-12-14T18:31:37","modified_gmt":"2025-12-14T17:31:37","slug":"tzw-ustawa-futerkowa-wprowadzajaca-zakaz-hodowli-zwierzat-na-futra","status":"publish","type":"page","link":"https:\/\/topol.org.pl\/?page_id=13832","title":{"rendered":"tzw. ustawa futerkowa wprowadzaj\u0105ca zakaz hodowli zwierz\u0105t na\u00a0futra"},"content":{"rendered":"\n<p>02.12.2025 tzw. ustawa futerkowa wprowadzaj\u0105ca zakaz hodowli zwierz\u0105t na&nbsp;futra<\/p>\n\n\n\n<p><strong>Podpisana ustawa oznacza, \u017ce mi\u0142e zwierz\u0119ta nie urodz\u0105 si\u0119 u nas tylko w innym miejscu. W Polsce odpady z przetw\u00f3rni b\u0119d\u0105 spalane w spalarniach a w konsekwencji z powodu podro\u017cenia produkcji, hodowla zostanie przeniesiona do kraju gdzie s\u0105 hodowane zwierz\u0119ta futerkowe konsumuj\u0105ce odpady.<\/strong><\/p>\n\n\n\n<p>Verte &gt;<a href=\"https:\/\/topol.org.pl\/?page_id=6187\">Fundacja Narodowe Si\u0142y Samoobrony \u201eGrot\u201d<\/a><\/p>\n\n\n\n<p><\/p>\n","protected":false},"excerpt":{"rendered":"<p>02.12.2025 tzw. ustawa futerkowa wprowadzaj\u0105ca zakaz hodowli zwierz\u0105t na&nbsp;futra Podpisana ustawa oznacza, \u017ce mi\u0142e zwierz\u0119ta nie urodz\u0105 si\u0119 u nas tylko w innym miejscu. W Polsce odpady z przetw\u00f3rni b\u0119d\u0105 spalane w spalarniach a w konsekwencji z powodu podro\u017cenia produkcji, hodowla zostanie przeniesiona do kraju gdzie s\u0105 hodowane zwierz\u0119ta futerkowe konsumuj\u0105ce odpady. Verte &gt;Fundacja Narodowe [&hellip;]<\/p>\n","protected":false},"author":1,"featured_media":0,"parent":13836,"menu_order":2,"comment_status":"closed","ping_status":"closed","template":"","meta":{"footnotes":""},"class_list":["post-13832","page","type-page","status-publish","hentry"],"_links":{"self":[{"href":"https:\/\/topol.org.pl\/index.php?rest_route=\/wp\/v2\/pages\/13832","targetHints":{"allow":["GET"]}}],"collection":[{"href":"https:\/\/topol.org.pl\/index.php?rest_route=\/wp\/v2\/pages"}],"about":[{"href":"https:\/\/topol.org.pl\/index.php?rest_route=\/wp\/v2\/types\/page"}],"author":[{"embeddable":true,"href":"https:\/\/topol.org.pl\/index.php?rest_route=\/wp\/v2\/users\/1"}],"replies":[{"embeddable":true,"href":"https:\/\/topol.org.pl\/index.php?rest_route=%2Fwp%2Fv2%2Fcomments&post=13832"}],"version-history":[{"count":2,"href":"https:\/\/topol.org.pl\/index.php?rest_route=\/wp\/v2\/pages\/13832\/revisions"}],"predecessor-version":[{"id":13839,"href":"https:\/\/topol.org.pl\/index.php?rest_route=\/wp\/v2\/pages\/13832\/revisions\/13839"}],"up":[{"embeddable":true,"href":"https:\/\/topol.org.pl\/index.php?rest_route=\/wp\/v2\/pages\/13836"}],"wp:attachment":[{"href":"https:\/\/topol.org.pl\/index.php?rest_route=%2Fwp%2Fv2%2Fmedia&parent=13832"}],"curies":[{"name":"wp","href":"https:\/\/api.w.org\/{rel}","templated":true}]}}