{"id":13834,"date":"2025-12-02T17:00:54","date_gmt":"2025-12-02T16:00:54","guid":{"rendered":"https:\/\/topol.org.pl\/?page_id=13834"},"modified":"2025-12-04T06:33:33","modified_gmt":"2025-12-04T05:33:33","slug":"plan-oszczednosci-w-nfz","status":"publish","type":"page","link":"https:\/\/topol.org.pl\/?page_id=13834","title":{"rendered":"Plan oszcz\u0119dno\u015bci w NFZ"},"content":{"rendered":"\n<p>02.12.2025 16.56 <strong>System nie bilansuje si\u0119 z powodu nadmiernych wynagrodze\u0144 w s\u0142u\u017cbie zdrowia, dlatego proponuj\u0119 zwolni\u0107 cz\u0119\u015b\u0107 roszczeniowego personelu.<\/strong><\/p>\n\n\n\n<p>Verte ><a href=\"https:\/\/topol.org.pl\/?page_id=6187\">Fundacja Narodowe Si\u0142y Samoobrony \u201eGrot\u201d<\/a><\/p>\n\n\n\n<p><\/p>\n","protected":false},"excerpt":{"rendered":"<p>02.12.2025 16.56 System nie bilansuje si\u0119 z powodu nadmiernych wynagrodze\u0144 w s\u0142u\u017cbie zdrowia, dlatego proponuj\u0119 zwolni\u0107 cz\u0119\u015b\u0107 roszczeniowego personelu. Verte >Fundacja Narodowe Si\u0142y Samoobrony \u201eGrot\u201d<\/p>\n","protected":false},"author":1,"featured_media":0,"parent":13840,"menu_order":0,"comment_status":"closed","ping_status":"closed","template":"","meta":{"footnotes":""},"class_list":["post-13834","page","type-page","status-publish","hentry"],"_links":{"self":[{"href":"https:\/\/topol.org.pl\/index.php?rest_route=\/wp\/v2\/pages\/13834","targetHints":{"allow":["GET"]}}],"collection":[{"href":"https:\/\/topol.org.pl\/index.php?rest_route=\/wp\/v2\/pages"}],"about":[{"href":"https:\/\/topol.org.pl\/index.php?rest_route=\/wp\/v2\/types\/page"}],"author":[{"embeddable":true,"href":"https:\/\/topol.org.pl\/index.php?rest_route=\/wp\/v2\/users\/1"}],"replies":[{"embeddable":true,"href":"https:\/\/topol.org.pl\/index.php?rest_route=%2Fwp%2Fv2%2Fcomments&post=13834"}],"version-history":[{"count":1,"href":"https:\/\/topol.org.pl\/index.php?rest_route=\/wp\/v2\/pages\/13834\/revisions"}],"predecessor-version":[{"id":13835,"href":"https:\/\/topol.org.pl\/index.php?rest_route=\/wp\/v2\/pages\/13834\/revisions\/13835"}],"up":[{"embeddable":true,"href":"https:\/\/topol.org.pl\/index.php?rest_route=\/wp\/v2\/pages\/13840"}],"wp:attachment":[{"href":"https:\/\/topol.org.pl\/index.php?rest_route=%2Fwp%2Fv2%2Fmedia&parent=13834"}],"curies":[{"name":"wp","href":"https:\/\/api.w.org\/{rel}","templated":true}]}}