{"id":13872,"date":"2025-12-09T12:42:53","date_gmt":"2025-12-09T11:42:53","guid":{"rendered":"https:\/\/topol.org.pl\/?page_id=13872"},"modified":"2026-01-11T09:10:51","modified_gmt":"2026-01-11T08:10:51","slug":"spotkanie-z-grzegorzem-braunem-w-charakterze-oskarzonego","status":"publish","type":"page","link":"https:\/\/topol.org.pl\/?page_id=13872","title":{"rendered":"&#8222;spotkanie z Grzegorzem Braunem w charakterze oskar\u017conego&#8221;"},"content":{"rendered":"\n<p>09.12.2025 13.11 <a href=\"https:\/\/warszawapraga-pln.sr.gov.pl\/\">W S\u0105dzie Rejonowym dla Warszawy Pragi &#8211; P\u00f3\u0142noc w Warszawie dnia 08.12.2025 odby\u0142o si\u0119 <strong>&#8222;spotkanie z Grzegorzem Braunem w charakterze oskar\u017conego&#8221;<\/strong>.<\/a> Grzegorz Micha\u0142 Braun (ur. 11 marca 1967 w Toruniu) \u2013 polski polityk, re\u017cyser, scenarzysta, nauczyciel akademicki i publicysta. Kandydat na urz\u0105d prezydenta RP w wyborach w 2015 i 2025, pose\u0142 na Sejm IX i X kadencji (2019\u20132024), pose\u0142 do Parlamentu Europejskiego X kadencji (od 2024). \u0179r\u00f3d\u0142o: Google<\/p>\n\n\n\n<p><strong>Odnotowano w ankietach wzrost poparcia dla jego partii.<\/strong> <strong><a href=\"https:\/\/topol.org.pl\/?page_id=3344\">Konfederacja.<\/a><\/strong> <strong>Grzegorz Braun jest re\u017cyserem znanego filmu. Polski pose\u0142, scenarzysta, dokumentalista,&nbsp;<a href=\"https:\/\/youtu.be\/Crj8esicavM?t=4875\">polonista<\/a>&nbsp;, re\u017cyser filmu. Pan Grzegorz Braun.&nbsp;<a href=\"https:\/\/www.gietrzwald1877.pl\/\">GIETRZWA\u0141D 1877 WOJNA \u015aWIAT\u00d3W<\/a><\/strong><\/p>\n\n\n\n<p><strong>Czekam na nowy Gietrzwa\u0142d. Marz\u0119 o powstrzymaniu inwestycji, kt\u00f3ra mo\u017ce pogr\u0105\u017cy\u0107 miejscowo\u015b\u0107. Gietrzwa\u0142d powinien spe\u0142nia\u0107 rol\u0119 powrotu do korzeni&#8230;i naszej to\u017csamo\u015bci w Europie coraz bardziej zmieniaj\u0105cej swoje oblicze kulturowe.<\/strong> <strong>Jako geopolityk proponuj\u0119 \u017ceby\u015bmy byli przedmurzem Chrze\u015bcija\u0144stwa w Islamskiej Europie.<\/strong><\/p>\n\n\n\n<p>31.12.2024 13.00 (napisa\u0142em) <strong>W 2024 roku ponownie zapalili \u015bwiece, tym razem w Sejmie. Opowiem moj\u0105 histori\u0119 z zapalaniem \u015bwiec chanukowych. W 2020 roku po raz pierwszy zobaczy\u0142em film jak Prezydent zapala\u0142 \u015bwiecznik\u00a0<\/strong><a href=\"https:\/\/pl.wikipedia.org\/wiki\/Chanuka\">chanukowy<\/a><strong> <\/strong><strong>w pa\u0142acu prezydenckim. Wtedy napisa\u0142em w komentarzu &#8222;Tutaj zawsze b\u0119dzie Polska&#8221;. Za kilka dni pojawili si\u0119 u mnie przed sklepem. Pi\u0119ciu rabin\u00f3w. Byli od\u015bwi\u0119tnie ubrani. Mieli jarmu\u0142ki, bia\u0142e koszule, czarne spodnie i buty. Na dworze by\u0142 siarczysty mr\u00f3z -15 stopni. Stan\u0119li samochodem 100 metr\u00f3w dalej, zmierzali w kierunku mojego sklepu\u2026 ra\u017anie. Od razu odgad\u0142em, \u017ce id\u0105 do mnie. Wysiedli bez kurtek w samych koszulach. Podeszli do mojego sklepu i czekali. Ja ich widzia\u0142em ale nie wychodzi\u0142em, \u017ceby ich wita\u0107. Stali przed sklepem oko\u0142o 10 minut. Zamarzni\u0119ci na ko\u015b\u0107 odeszli do samochodu. P\u00f3\u017aniej pyta\u0142em sklepikarzy czy widzieli\u015bcie rabin\u00f3w. Ludzie stoj\u0105cy ko\u0142o mnie nie widzieli. Z tego mora\u0142, \u017ceby nie zwraca\u0107 uwagi. To nikt nie zobaczy.<\/strong> <strong>W sumie to ich &#8222;\u015awi\u0119to Chanukowe&#8221;.<\/strong> <strong>Ja ju\u017c nic nie rozumiem czy <a href=\"https:\/\/dorzeczy.pl\/religia\/673597\/centralne-obchody-dnia-judaizmu-w-kosciele-katolickim.html\">menora<\/a> \u0179r\u00f3d\u0142o:\u00a0<a href=\"https:\/\/dorzeczy.pl\/religia\/673597\/centralne-obchody-dnia-judaizmu-w-kosciele-katolickim.html\">Do Rzeczy<\/a><\/strong> <strong>to <a href=\"https:\/\/dzienjudaizmu.archidiecezja.wroc.pl\/\">chanuka<\/a> \u0179r\u00f3d\u0142o: <\/strong><a href=\"https:\/\/dzienjudaizmu.archidiecezja.wroc.pl\/\">(dzienjudaizmu.archidiecezja.wroc.pl<\/a>)<strong>. <a href=\"https:\/\/pl.wikipedia.org\/wiki\/Deklaracja_z_Balamand\">To dwie oddzielne religie<\/a>.<\/strong><\/p>\n\n\n\n<p>Verte &gt;<a href=\"https:\/\/topol.org.pl\/?page_id=6187\">Fundacja Narodowe Si\u0142y Samoobrony \u201eGrot\u201d<\/a><\/p>\n\n\n\n<p><\/p>\n","protected":false},"excerpt":{"rendered":"<p>09.12.2025 13.11 W S\u0105dzie Rejonowym dla Warszawy Pragi &#8211; P\u00f3\u0142noc w Warszawie dnia 08.12.2025 odby\u0142o si\u0119 &#8222;spotkanie z Grzegorzem Braunem w charakterze oskar\u017conego&#8221;. Grzegorz Micha\u0142 Braun (ur. 11 marca 1967 w Toruniu) \u2013 polski polityk, re\u017cyser, scenarzysta, nauczyciel akademicki i publicysta. Kandydat na urz\u0105d prezydenta RP w wyborach w 2015 i 2025, pose\u0142 na Sejm [&hellip;]<\/p>\n","protected":false},"author":1,"featured_media":0,"parent":13860,"menu_order":2,"comment_status":"closed","ping_status":"closed","template":"","meta":{"footnotes":""},"class_list":["post-13872","page","type-page","status-publish","hentry"],"_links":{"self":[{"href":"https:\/\/topol.org.pl\/index.php?rest_route=\/wp\/v2\/pages\/13872","targetHints":{"allow":["GET"]}}],"collection":[{"href":"https:\/\/topol.org.pl\/index.php?rest_route=\/wp\/v2\/pages"}],"about":[{"href":"https:\/\/topol.org.pl\/index.php?rest_route=\/wp\/v2\/types\/page"}],"author":[{"embeddable":true,"href":"https:\/\/topol.org.pl\/index.php?rest_route=\/wp\/v2\/users\/1"}],"replies":[{"embeddable":true,"href":"https:\/\/topol.org.pl\/index.php?rest_route=%2Fwp%2Fv2%2Fcomments&post=13872"}],"version-history":[{"count":6,"href":"https:\/\/topol.org.pl\/index.php?rest_route=\/wp\/v2\/pages\/13872\/revisions"}],"predecessor-version":[{"id":14054,"href":"https:\/\/topol.org.pl\/index.php?rest_route=\/wp\/v2\/pages\/13872\/revisions\/14054"}],"up":[{"embeddable":true,"href":"https:\/\/topol.org.pl\/index.php?rest_route=\/wp\/v2\/pages\/13860"}],"wp:attachment":[{"href":"https:\/\/topol.org.pl\/index.php?rest_route=%2Fwp%2Fv2%2Fmedia&parent=13872"}],"curies":[{"name":"wp","href":"https:\/\/api.w.org\/{rel}","templated":true}]}}