{"id":13933,"date":"2025-12-16T19:43:54","date_gmt":"2025-12-16T18:43:54","guid":{"rendered":"https:\/\/topol.org.pl\/?page_id=13933"},"modified":"2025-12-17T15:28:58","modified_gmt":"2025-12-17T14:28:58","slug":"wszyscy-sprzedaja-ksiazki-jako-wsparcie-swojej-dzialalnosci-patriotycznej-czasami-mam-wrazenie-ze-tylko-o-to-chodzi","status":"publish","type":"page","link":"https:\/\/topol.org.pl\/?page_id=13933","title":{"rendered":"&#8222;wszyscy sprzedaj\u0105 ksi\u0105\u017cki, jako wsparcie swojej dzia\u0142alno\u015bci patriotycznej. Czasami mam wra\u017cenie, \u017ce tylko o to chodzi&#8221;."},"content":{"rendered":"\n<p>16.12.2025 19.31 <strong>&#8222;wszyscy sprzedaj\u0105 ksi\u0105\u017cki, jako wsparcie swojej dzia\u0142alno\u015bci patriotycznej. Czasami mam wra\u017cenie, \u017ce tylko o to chodzi&#8221;. Poza tym potrafi\u0105 szkodzi\u0107 swoim gadaniem. Zauwa\u017cy\u0142em, \u017ce u\u017cywaj\u0105 s\u0142owa \u201ehebes\u201d.<\/strong><\/p>\n\n\n\n<p>Co to jest hebes?<\/p>\n\n\n\n<p>S\u0142owo \u201ehebes\u201d aktualnie jest archaiczne, ale kiedy\u015b by\u0142o cz\u0119sto u\u017cywane w j\u0119zyku polskim.&nbsp;<strong>Dotyczy ono okre\u015blenia osoby t\u0119pej lub nierozgarni\u0119tej<\/strong>. W dzisiejszych czasach najwi\u0119ksz\u0105 szans\u0119 na spotkanie si\u0119 z tym wyrazem ma si\u0119 podczas czytania szkolnej lektury lub studiowania dawnych dzie\u0142 literatury polskiej.<\/p>\n\n\n\n<p><strong>Mo\u017cliwe, \u017ce nie by\u0142o nigdy Wielkiej Lechii. Dlatego chcia\u0142bym, \u017ceby powsta\u0142a.<\/strong> <strong>Jako alternatywa dla Unii Europejskiej. Kt\u00f3ra przypomina IV Rzesz\u0119.<\/strong> <strong>To nie b\u0119dzie federacja, jedno pa\u0144stwo, sojusz militarny. To rejon geograficzny na kt\u00f3rym mieszkaj\u0105 ludzie podobni do siebie ale tak si\u0119 r\u00f3\u017cni\u0105cy jednocze\u015bnie, \u017ce nie tworz\u0105 jednej wymieszanej wsp\u00f3lnoty tylko osobne pa\u0144stwa. Pa\u0144stwa prowadz\u0105ce swoj\u0105 suwerenn\u0105 polityk\u0119 zagraniczn\u0105, szanuj\u0105ce swoje granice i niepodleg\u0142o\u015b\u0107. Takimi lud\u017ami s\u0105 dla mnie pa\u0144stwa, narody s\u0142owia\u0144skie. Zamiast zaprasza\u0107 obce wojska na swoje terytorium, skupmy si\u0119 na swoich zasobach, dbajmy o sw\u00f3j przemys\u0142, nie wspomagajmy obcej armii np. ukrai\u0144skiej. Nie inwestujmy w obcy przemys\u0142 zbrojeniowy nie zapraszajmy do Sejmu wyznawc\u00f3w obcej religii. Nie zawierajmy sojuszu z Turcj\u0105 bo b\u0119dziemy budowali meczety, nie wchod\u017amy w \u015bcis\u0142y sojusz ze Szwedami bo b\u0119dziemy mieli potop szwedzki. Nie negocjujmy z Niemcami bo nas zgermanizuj\u0105. Nie negocjujmy z Rosjanami bo nas zrusyfikuj\u0105. Omami\u0105 i wrzuc\u0105 do maszynki na mi\u0119so. Tak powstanie szablon cz\u0142owieka z fabryki najbogatszych, ze sztuczn\u0105 inteligencj\u0105 bez przynale\u017cno\u015bci do \u017cadnego narodu. Mamy Polsk\u0119 w takich granicach jak teraz, jak b\u0119dziemy j\u0105 os\u0142abia\u0107 nie b\u0119dzie jej wcale. Nie m\u00f3wmy o czasach ostatnich, jest plan na \u015bwiecie, \u017ceby u nas by\u0142a wojna. Nie wierzmy we wszystko co m\u00f3wi\u0105 w ko\u015bciele, bo wiar\u0119 mamy w sercu. Ci\u0105gle nas pomawiaj\u0105 i manipuluj\u0105 naszym narodem. Na scenie politycznej wracaj\u0105 ci ludzie, kt\u00f3rzy si\u0119 nie sprawdzili. Dlatego nie zag\u0142osuj\u0119 wi\u0119cej na parti\u0119, kt\u00f3ra ma lider\u00f3w z Magdalenki lub lider\u00f3w zamieszanych w zaraz\u0119 na naszym terytorium, kt\u00f3rzy promuj\u0105 w telewizorze czarn\u0105 \u015bmier\u0107. Mam to szcz\u0119\u015bcie, \u017ce nie szukam sojusznik\u00f3w i mog\u0119 m\u00f3wi\u0107 co zechc\u0119. Za\u0142o\u017c\u0119 nied\u0142ugo (na emeryturze) fundacj\u0119 i firm\u0119. B\u0119d\u0119 dzia\u0142a\u0142 jednoosobowo na globalnym rynku promuj\u0105c swoj\u0105 suwerenn\u0105 polityk\u0119 zagraniczn\u0105.<\/strong> <strong>Nie przynale\u017c\u0119 do \u017cadnej formacji politycznej, nikogo nie popieram.<\/strong><\/p>\n\n\n\n<p>Verte &gt;<a href=\"https:\/\/topol.org.pl\/?page_id=6187\">Fundacja Narodowe Si\u0142y Samoobrony \u201eGrot\u201d<\/a><\/p>\n\n\n\n<p><\/p>\n","protected":false},"excerpt":{"rendered":"<p>16.12.2025 19.31 &#8222;wszyscy sprzedaj\u0105 ksi\u0105\u017cki, jako wsparcie swojej dzia\u0142alno\u015bci patriotycznej. Czasami mam wra\u017cenie, \u017ce tylko o to chodzi&#8221;. Poza tym potrafi\u0105 szkodzi\u0107 swoim gadaniem. Zauwa\u017cy\u0142em, \u017ce u\u017cywaj\u0105 s\u0142owa \u201ehebes\u201d. Co to jest hebes? S\u0142owo \u201ehebes\u201d aktualnie jest archaiczne, ale kiedy\u015b by\u0142o cz\u0119sto u\u017cywane w j\u0119zyku polskim.&nbsp;Dotyczy ono okre\u015blenia osoby t\u0119pej lub nierozgarni\u0119tej. W dzisiejszych czasach [&hellip;]<\/p>\n","protected":false},"author":1,"featured_media":0,"parent":13860,"menu_order":4,"comment_status":"closed","ping_status":"closed","template":"","meta":{"footnotes":""},"class_list":["post-13933","page","type-page","status-publish","hentry"],"_links":{"self":[{"href":"https:\/\/topol.org.pl\/index.php?rest_route=\/wp\/v2\/pages\/13933","targetHints":{"allow":["GET"]}}],"collection":[{"href":"https:\/\/topol.org.pl\/index.php?rest_route=\/wp\/v2\/pages"}],"about":[{"href":"https:\/\/topol.org.pl\/index.php?rest_route=\/wp\/v2\/types\/page"}],"author":[{"embeddable":true,"href":"https:\/\/topol.org.pl\/index.php?rest_route=\/wp\/v2\/users\/1"}],"replies":[{"embeddable":true,"href":"https:\/\/topol.org.pl\/index.php?rest_route=%2Fwp%2Fv2%2Fcomments&post=13933"}],"version-history":[{"count":14,"href":"https:\/\/topol.org.pl\/index.php?rest_route=\/wp\/v2\/pages\/13933\/revisions"}],"predecessor-version":[{"id":13953,"href":"https:\/\/topol.org.pl\/index.php?rest_route=\/wp\/v2\/pages\/13933\/revisions\/13953"}],"up":[{"embeddable":true,"href":"https:\/\/topol.org.pl\/index.php?rest_route=\/wp\/v2\/pages\/13860"}],"wp:attachment":[{"href":"https:\/\/topol.org.pl\/index.php?rest_route=%2Fwp%2Fv2%2Fmedia&parent=13933"}],"curies":[{"name":"wp","href":"https:\/\/api.w.org\/{rel}","templated":true}]}}