{"id":13991,"date":"2025-12-23T18:56:59","date_gmt":"2025-12-23T17:56:59","guid":{"rendered":"https:\/\/topol.org.pl\/?page_id=13991"},"modified":"2026-01-14T15:44:39","modified_gmt":"2026-01-14T14:44:39","slug":"dagome-iudex","status":"publish","type":"page","link":"https:\/\/topol.org.pl\/?page_id=13991","title":{"rendered":"DAGOME IUDEX"},"content":{"rendered":"\n<p>23.12.2025 18.53 <strong>DAGOME IUDEX<\/strong>. <\/p>\n\n\n\n<p>Geneza Kr\u00f3lestwa. \u0179r\u00f3d\u0142o: <a href=\"https:\/\/www.youtube.com\/playlist?list=PLvdibod3J-XvwIznzVz5QAlWtrFHrczi5\">Benedictus<\/a><\/p>\n\n\n\n<p>Verte &gt;<a href=\"https:\/\/topol.org.pl\/?page_id=6187\">Fundacja Narodowe Si\u0142y Samoobrony \u201eGrot\u201d<\/a><\/p>\n\n\n\n<p><\/p>\n","protected":false},"excerpt":{"rendered":"<p>23.12.2025 18.53 DAGOME IUDEX. Geneza Kr\u00f3lestwa. \u0179r\u00f3d\u0142o: Benedictus Verte &gt;Fundacja Narodowe Si\u0142y Samoobrony \u201eGrot\u201d<\/p>\n","protected":false},"author":1,"featured_media":0,"parent":61,"menu_order":0,"comment_status":"closed","ping_status":"closed","template":"","meta":{"footnotes":""},"class_list":["post-13991","page","type-page","status-publish","hentry"],"_links":{"self":[{"href":"https:\/\/topol.org.pl\/index.php?rest_route=\/wp\/v2\/pages\/13991","targetHints":{"allow":["GET"]}}],"collection":[{"href":"https:\/\/topol.org.pl\/index.php?rest_route=\/wp\/v2\/pages"}],"about":[{"href":"https:\/\/topol.org.pl\/index.php?rest_route=\/wp\/v2\/types\/page"}],"author":[{"embeddable":true,"href":"https:\/\/topol.org.pl\/index.php?rest_route=\/wp\/v2\/users\/1"}],"replies":[{"embeddable":true,"href":"https:\/\/topol.org.pl\/index.php?rest_route=%2Fwp%2Fv2%2Fcomments&post=13991"}],"version-history":[{"count":1,"href":"https:\/\/topol.org.pl\/index.php?rest_route=\/wp\/v2\/pages\/13991\/revisions"}],"predecessor-version":[{"id":13992,"href":"https:\/\/topol.org.pl\/index.php?rest_route=\/wp\/v2\/pages\/13991\/revisions\/13992"}],"up":[{"embeddable":true,"href":"https:\/\/topol.org.pl\/index.php?rest_route=\/wp\/v2\/pages\/61"}],"wp:attachment":[{"href":"https:\/\/topol.org.pl\/index.php?rest_route=%2Fwp%2Fv2%2Fmedia&parent=13991"}],"curies":[{"name":"wp","href":"https:\/\/api.w.org\/{rel}","templated":true}]}}