{"id":14109,"date":"2026-01-22T10:33:38","date_gmt":"2026-01-22T09:33:38","guid":{"rendered":"https:\/\/topol.org.pl\/?page_id=14109"},"modified":"2026-01-22T10:42:44","modified_gmt":"2026-01-22T09:42:44","slug":"think-tank","status":"publish","type":"page","link":"https:\/\/topol.org.pl\/?page_id=14109","title":{"rendered":"Think tank &#8222;Z\u0142oty \u015brodek&#8221;"},"content":{"rendered":"\n<p>22.01.2026 10.29 think tank<\/p>\n\n\n\n<p>Think tank \u2013 niezale\u017cny komitet doradczy, z za\u0142o\u017cenia o charakterze organizacji non-profit, zajmuj\u0105cy si\u0119 badaniami i analizami dotycz\u0105cymi spraw publicznych.<\/p>\n\n\n\n<p>\u0179r\u00f3d\u0142o:<a href=\"https:\/\/pl.wikipedia.org\/wiki\/Think_tank\">&nbsp;Wikipedia<\/a><\/p>\n\n\n\n<p>Postanowi\u0142em, \u017ce za\u0142o\u017c\u0119 Think tank <a href=\"https:\/\/topol.org.pl\/?page_id=13456\">\u201eZ\u0142oty \u015brodek\u201d<\/a><\/p>\n\n\n\n<p><a href=\"https:\/\/www.google.com\/search?sa=X&amp;sca_esv=09c39867cfb36e18&amp;sxsrf=ANbL-n7PXSAnzJgHx0HufdmE40w4o4sPBA:1769073685114&amp;q=Centrum+Studi%C3%B3w+Strategicznych+i+Mi%C4%99dzynarodowych+w+Waszyngtonie&amp;stick=H4sIAAAAAAAAAONgFuLUz9U3MMozya1SQjC1BIMzU1LLEyuL_VIrSoJLUguKfzGKBOSn5CflpSqUVxZXlWZnlifmZSYuYnVyTs0rKSrNVQguKU3JPLy5HMgoSixJTc9MrsqrTM5QyFTwzTwyM6WqMi-xCGhCOUisXCE8sRgokl6Sn5eZeotNkmGp8m3-_0pcmvNC-57U1-_edlviRnTG3JR_AATS1FqjAAAA&amp;ved=2ahUKEwjOwNSE6Z6SAxWfRfEDHTT7MaMQzO0BKAR6BAgXEBQ&amp;biw=1536&amp;bih=703&amp;dpr=1.25&amp;aic=0\">B\u0119d\u0119 si\u0119 wzorowa\u0142 na osi\u0105gni\u0119ciach najlepszych.<\/a><\/p>\n\n\n\n<p>Verte &gt;<a href=\"https:\/\/topol.org.pl\/?page_id=6187\">Fundacja Narodowe Si\u0142y Samoobrony \u201eGrot\u201d<\/a><\/p>\n","protected":false},"excerpt":{"rendered":"<p>22.01.2026 10.29 think tank Think tank \u2013 niezale\u017cny komitet doradczy, z za\u0142o\u017cenia o charakterze organizacji non-profit, zajmuj\u0105cy si\u0119 badaniami i analizami dotycz\u0105cymi spraw publicznych. \u0179r\u00f3d\u0142o:&nbsp;Wikipedia Postanowi\u0142em, \u017ce za\u0142o\u017c\u0119 Think tank \u201eZ\u0142oty \u015brodek\u201d B\u0119d\u0119 si\u0119 wzorowa\u0142 na osi\u0105gni\u0119ciach najlepszych. Verte &gt;Fundacja Narodowe Si\u0142y Samoobrony \u201eGrot\u201d<\/p>\n","protected":false},"author":1,"featured_media":0,"parent":13456,"menu_order":6,"comment_status":"closed","ping_status":"closed","template":"","meta":{"footnotes":""},"class_list":["post-14109","page","type-page","status-publish","hentry"],"_links":{"self":[{"href":"https:\/\/topol.org.pl\/index.php?rest_route=\/wp\/v2\/pages\/14109","targetHints":{"allow":["GET"]}}],"collection":[{"href":"https:\/\/topol.org.pl\/index.php?rest_route=\/wp\/v2\/pages"}],"about":[{"href":"https:\/\/topol.org.pl\/index.php?rest_route=\/wp\/v2\/types\/page"}],"author":[{"embeddable":true,"href":"https:\/\/topol.org.pl\/index.php?rest_route=\/wp\/v2\/users\/1"}],"replies":[{"embeddable":true,"href":"https:\/\/topol.org.pl\/index.php?rest_route=%2Fwp%2Fv2%2Fcomments&post=14109"}],"version-history":[{"count":6,"href":"https:\/\/topol.org.pl\/index.php?rest_route=\/wp\/v2\/pages\/14109\/revisions"}],"predecessor-version":[{"id":14116,"href":"https:\/\/topol.org.pl\/index.php?rest_route=\/wp\/v2\/pages\/14109\/revisions\/14116"}],"up":[{"embeddable":true,"href":"https:\/\/topol.org.pl\/index.php?rest_route=\/wp\/v2\/pages\/13456"}],"wp:attachment":[{"href":"https:\/\/topol.org.pl\/index.php?rest_route=%2Fwp%2Fv2%2Fmedia&parent=14109"}],"curies":[{"name":"wp","href":"https:\/\/api.w.org\/{rel}","templated":true}]}}