{"id":14341,"date":"2026-03-03T20:12:35","date_gmt":"2026-03-03T19:12:35","guid":{"rendered":"https:\/\/topol.org.pl\/?page_id=14341"},"modified":"2026-03-19T17:09:05","modified_gmt":"2026-03-19T16:09:05","slug":"https-buycoffee-to-grot","status":"publish","type":"page","link":"https:\/\/topol.org.pl\/?page_id=14341","title":{"rendered":"https:\/\/buycoffee.to\/grot"},"content":{"rendered":"\n<p>Dzie\u0144 dobry<\/p>\n\n\n\n<p>03.03.2026 o&nbsp;godz. 16.23&nbsp;<strong>Przedstawiam sw\u00f3j pomys\u0142 dla Polski zaprezentowany na&nbsp;kanale YouTube<\/strong>&nbsp;<strong><a href=\"https:\/\/www.youtube.com\/@dariuszgoworek1961\">TV Wars i&nbsp;Sawa<\/a><\/strong>.<\/p>\n\n\n\n<p><strong>Narodowe Si\u0142y Samoobrony &#8221;&nbsp;Grot&#8221;<\/strong><\/p>\n\n\n\n<p><strong>Twoje wp\u0142aty zasil\u0105 m\u00f3j bud\u017cet przy tworzeniu fundacji. Za&nbsp;ka\u017cd\u0105 kaw\u0119 dzi\u0119kuj\u0119.<\/strong><\/p>\n\n\n\n<p><a href=\"https:\/\/buycoffee.to\/grot\">https:\/\/buycoffee.to\/grot<\/a><\/p>\n\n\n\n<figure class=\"wp-block-image size-full\"><a href=\"https:\/\/buycoffee.to\/grot\"><img loading=\"lazy\" decoding=\"async\" width=\"805\" height=\"441\" src=\"https:\/\/topol.org.pl\/wp-content\/uploads\/2026\/03\/buy-coffee.to_.jpg\" alt=\"\" class=\"wp-image-14344\" srcset=\"https:\/\/topol.org.pl\/wp-content\/uploads\/2026\/03\/buy-coffee.to_.jpg 805w, https:\/\/topol.org.pl\/wp-content\/uploads\/2026\/03\/buy-coffee.to_-300x164.jpg 300w, https:\/\/topol.org.pl\/wp-content\/uploads\/2026\/03\/buy-coffee.to_-768x421.jpg 768w\" sizes=\"auto, (max-width: 805px) 100vw, 805px\" \/><\/a><\/figure>\n\n\n\n<figure class=\"wp-block-image size-large\"><a href=\"https:\/\/cuplink.to\/grot\"><img loading=\"lazy\" decoding=\"async\" width=\"1024\" height=\"428\" src=\"https:\/\/topol.org.pl\/wp-content\/uploads\/2026\/03\/Prawa-autorskie-filmu-2-1024x428.jpg\" alt=\"\" class=\"wp-image-14358\" srcset=\"https:\/\/topol.org.pl\/wp-content\/uploads\/2026\/03\/Prawa-autorskie-filmu-2-1024x428.jpg 1024w, https:\/\/topol.org.pl\/wp-content\/uploads\/2026\/03\/Prawa-autorskie-filmu-2-300x125.jpg 300w, https:\/\/topol.org.pl\/wp-content\/uploads\/2026\/03\/Prawa-autorskie-filmu-2-768x321.jpg 768w, https:\/\/topol.org.pl\/wp-content\/uploads\/2026\/03\/Prawa-autorskie-filmu-2-1536x642.jpg 1536w, https:\/\/topol.org.pl\/wp-content\/uploads\/2026\/03\/Prawa-autorskie-filmu-2.jpg 1887w\" sizes=\"auto, (max-width: 1024px) 100vw, 1024px\" \/><\/a><\/figure>\n\n\n\n<p>Verte &gt;<a href=\"https:\/\/topol.org.pl\/?page_id=6187\">Fundacja Narodowe Si\u0142y Samoobrony \u201eGrot\u201d<\/a><\/p>\n\n\n\n<p><\/p>\n","protected":false},"excerpt":{"rendered":"<p>Dzie\u0144 dobry 03.03.2026 o&nbsp;godz. 16.23&nbsp;Przedstawiam sw\u00f3j pomys\u0142 dla Polski zaprezentowany na&nbsp;kanale YouTube&nbsp;TV Wars i&nbsp;Sawa. Narodowe Si\u0142y Samoobrony &#8221;&nbsp;Grot&#8221; Twoje wp\u0142aty zasil\u0105 m\u00f3j bud\u017cet przy tworzeniu fundacji. Za&nbsp;ka\u017cd\u0105 kaw\u0119 dzi\u0119kuj\u0119. https:\/\/buycoffee.to\/grot Verte &gt;Fundacja Narodowe Si\u0142y Samoobrony \u201eGrot\u201d<\/p>\n","protected":false},"author":1,"featured_media":0,"parent":0,"menu_order":310,"comment_status":"closed","ping_status":"closed","template":"","meta":{"footnotes":""},"class_list":["post-14341","page","type-page","status-publish","hentry"],"_links":{"self":[{"href":"https:\/\/topol.org.pl\/index.php?rest_route=\/wp\/v2\/pages\/14341","targetHints":{"allow":["GET"]}}],"collection":[{"href":"https:\/\/topol.org.pl\/index.php?rest_route=\/wp\/v2\/pages"}],"about":[{"href":"https:\/\/topol.org.pl\/index.php?rest_route=\/wp\/v2\/types\/page"}],"author":[{"embeddable":true,"href":"https:\/\/topol.org.pl\/index.php?rest_route=\/wp\/v2\/users\/1"}],"replies":[{"embeddable":true,"href":"https:\/\/topol.org.pl\/index.php?rest_route=%2Fwp%2Fv2%2Fcomments&post=14341"}],"version-history":[{"count":7,"href":"https:\/\/topol.org.pl\/index.php?rest_route=\/wp\/v2\/pages\/14341\/revisions"}],"predecessor-version":[{"id":14471,"href":"https:\/\/topol.org.pl\/index.php?rest_route=\/wp\/v2\/pages\/14341\/revisions\/14471"}],"wp:attachment":[{"href":"https:\/\/topol.org.pl\/index.php?rest_route=%2Fwp%2Fv2%2Fmedia&parent=14341"}],"curies":[{"name":"wp","href":"https:\/\/api.w.org\/{rel}","templated":true}]}}