{"id":14352,"date":"2026-03-04T09:36:25","date_gmt":"2026-03-04T08:36:25","guid":{"rendered":"https:\/\/topol.org.pl\/?page_id=14352"},"modified":"2026-03-04T09:39:52","modified_gmt":"2026-03-04T08:39:52","slug":"nasz-kraj-nie-uczestniczy-w-zadnej-operacji-wojskowej-i-nie-zamierza-uczestniczyc-w-zadnej-operacji-wojskowej","status":"publish","type":"page","link":"https:\/\/topol.org.pl\/?page_id=14352","title":{"rendered":"&#8222;nasz kraj nie\u00a0uczestniczy w\u00a0\u017cadnej operacji wojskowej i\u00a0nie zamierza uczestniczy\u0107 w\u00a0\u017cadnej operacji wojskowej&#8221;"},"content":{"rendered":"\n<p>04.03.2026 09.25 To s\u0142owa wypowiedziane po ataku odwetowym Iranu na angielsk\u0105 baz\u0119 wojskow\u0105 na Cyprze. \u0179r\u00f3d\u0142o:\u00a0polsatnews.pl\/<a href=\"https:\/\/dorzeczy.pl\/swiat\/854426\/iran-grozi-atakiem-w-europie-albania-na-celowniku-teheranu.html\">DoRzeczy.pl<\/a><\/p>\n\n\n\n<p><strong>Zaznaczam, \u017ce nasz kraj nie uczestniczy w \u017cadnej akcji poza terytorium Polski.<\/strong> <\/p>\n\n\n\n<p>Verte &gt;<a href=\"https:\/\/topol.org.pl\/?page_id=6187\">Fundacja Narodowe Si\u0142y Samoobrony \u201eGrot\u201d<\/a><\/p>\n\n\n\n<p><\/p>\n","protected":false},"excerpt":{"rendered":"<p>04.03.2026 09.25 To s\u0142owa wypowiedziane po ataku odwetowym Iranu na angielsk\u0105 baz\u0119 wojskow\u0105 na Cyprze. \u0179r\u00f3d\u0142o:\u00a0polsatnews.pl\/DoRzeczy.pl Zaznaczam, \u017ce nasz kraj nie uczestniczy w \u017cadnej akcji poza terytorium Polski. Verte &gt;Fundacja Narodowe Si\u0142y Samoobrony \u201eGrot\u201d<\/p>\n","protected":false},"author":1,"featured_media":0,"parent":13860,"menu_order":0,"comment_status":"closed","ping_status":"closed","template":"","meta":{"footnotes":""},"class_list":["post-14352","page","type-page","status-publish","hentry"],"_links":{"self":[{"href":"https:\/\/topol.org.pl\/index.php?rest_route=\/wp\/v2\/pages\/14352","targetHints":{"allow":["GET"]}}],"collection":[{"href":"https:\/\/topol.org.pl\/index.php?rest_route=\/wp\/v2\/pages"}],"about":[{"href":"https:\/\/topol.org.pl\/index.php?rest_route=\/wp\/v2\/types\/page"}],"author":[{"embeddable":true,"href":"https:\/\/topol.org.pl\/index.php?rest_route=\/wp\/v2\/users\/1"}],"replies":[{"embeddable":true,"href":"https:\/\/topol.org.pl\/index.php?rest_route=%2Fwp%2Fv2%2Fcomments&post=14352"}],"version-history":[{"count":2,"href":"https:\/\/topol.org.pl\/index.php?rest_route=\/wp\/v2\/pages\/14352\/revisions"}],"predecessor-version":[{"id":14354,"href":"https:\/\/topol.org.pl\/index.php?rest_route=\/wp\/v2\/pages\/14352\/revisions\/14354"}],"up":[{"embeddable":true,"href":"https:\/\/topol.org.pl\/index.php?rest_route=\/wp\/v2\/pages\/13860"}],"wp:attachment":[{"href":"https:\/\/topol.org.pl\/index.php?rest_route=%2Fwp%2Fv2%2Fmedia&parent=14352"}],"curies":[{"name":"wp","href":"https:\/\/api.w.org\/{rel}","templated":true}]}}