{"id":14392,"date":"2026-03-10T10:27:03","date_gmt":"2026-03-10T09:27:03","guid":{"rendered":"https:\/\/topol.org.pl\/?page_id=14392"},"modified":"2026-03-10T10:27:03","modified_gmt":"2026-03-10T09:27:03","slug":"uklad-o-nierozprzestrzenianiu-broni-jadrowej","status":"publish","type":"page","link":"https:\/\/topol.org.pl\/?page_id=14392","title":{"rendered":"Uk\u0142ad o nierozprzestrzenianiu broni j\u0105drowej"},"content":{"rendered":"\n<p>10.03.2026 10.24 <a href=\"https:\/\/pl.wikipedia.org\/wiki\/Uk%C5%82ad_o_nierozprzestrzenianiu_broni_j%C4%85drowej\">Uk\u0142ad o nierozprzestrzenianiu broni j\u0105drowej<\/a> \u0179r\u00f3d\u0142o: Wikipedia<\/p>\n\n\n\n<p>Verte ><a href=\"https:\/\/topol.org.pl\/?page_id=6187\">Fundacja Narodowe Si\u0142y Samoobrony \u201eGrot\u201d<\/a><\/p>\n","protected":false},"excerpt":{"rendered":"<p>10.03.2026 10.24 Uk\u0142ad o nierozprzestrzenianiu broni j\u0105drowej \u0179r\u00f3d\u0142o: Wikipedia Verte >Fundacja Narodowe Si\u0142y Samoobrony \u201eGrot\u201d<\/p>\n","protected":false},"author":1,"featured_media":0,"parent":14337,"menu_order":0,"comment_status":"closed","ping_status":"closed","template":"","meta":{"footnotes":""},"class_list":["post-14392","page","type-page","status-publish","hentry"],"_links":{"self":[{"href":"https:\/\/topol.org.pl\/index.php?rest_route=\/wp\/v2\/pages\/14392","targetHints":{"allow":["GET"]}}],"collection":[{"href":"https:\/\/topol.org.pl\/index.php?rest_route=\/wp\/v2\/pages"}],"about":[{"href":"https:\/\/topol.org.pl\/index.php?rest_route=\/wp\/v2\/types\/page"}],"author":[{"embeddable":true,"href":"https:\/\/topol.org.pl\/index.php?rest_route=\/wp\/v2\/users\/1"}],"replies":[{"embeddable":true,"href":"https:\/\/topol.org.pl\/index.php?rest_route=%2Fwp%2Fv2%2Fcomments&post=14392"}],"version-history":[{"count":1,"href":"https:\/\/topol.org.pl\/index.php?rest_route=\/wp\/v2\/pages\/14392\/revisions"}],"predecessor-version":[{"id":14393,"href":"https:\/\/topol.org.pl\/index.php?rest_route=\/wp\/v2\/pages\/14392\/revisions\/14393"}],"up":[{"embeddable":true,"href":"https:\/\/topol.org.pl\/index.php?rest_route=\/wp\/v2\/pages\/14337"}],"wp:attachment":[{"href":"https:\/\/topol.org.pl\/index.php?rest_route=%2Fwp%2Fv2%2Fmedia&parent=14392"}],"curies":[{"name":"wp","href":"https:\/\/api.w.org\/{rel}","templated":true}]}}